{"id":176,"date":"2025-03-14T11:36:58","date_gmt":"2025-03-14T14:36:58","guid":{"rendered":"https:\/\/www.ccta.ufpb.br\/belmus\/?page_id=176"},"modified":"2026-02-25T01:11:54","modified_gmt":"2026-02-25T04:11:54","slug":"colegiado","status":"publish","type":"page","link":"https:\/\/www.ccta.ufpb.br\/belmus\/colegiado\/","title":{"rendered":"Colegiado"},"content":{"rendered":"\n<p class=\"has-medium-font-size\"><strong>Membros<\/strong><\/p>\n\n\n\n<ul class=\"wp-block-list\">\n<li>Maria da Concei\u00e7\u00e3o G. C. Benck &#8211; Coordenadora<\/li>\n\n\n\n<li>Alexandre Magno e Silva Ferreira<\/li>\n\n\n\n<li>Dilson Afonso Ferreira Flor\u00eancio<\/li>\n\n\n\n<li>Jos\u00e9 de Arimat\u00e9ia Formiga Ver\u00edssimo<\/li>\n\n\n\n<li>Luceni Caetano Silva de Oliveira Cust\u00f3dio<\/li>\n<\/ul>\n\n\n\n<p class=\"has-medium-font-size\"><strong><strong>Atas<\/strong><\/strong><\/p>\n\n\n\n<div class=\"wp-block-file\"><a id=\"wp-block-file--media-773a311a-1ff5-4e00-bdf1-dd3f15569e07\" href=\"http:\/\/www.ccta.ufpb.br\/belmus\/wp-content\/uploads\/sites\/102\/sites\/241\/2024\/11\/Certificado-de-quitacao-eleitoral.pdf\">Ata Reuni\u00e3o 04.03.2025<\/a><a href=\"http:\/\/www.ccta.ufpb.br\/belmus\/wp-content\/uploads\/sites\/102\/sites\/241\/2024\/11\/Certificado-de-quitacao-eleitoral.pdf\" class=\"wp-block-file__button wp-element-button\" download aria-describedby=\"wp-block-file--media-773a311a-1ff5-4e00-bdf1-dd3f15569e07\">Baixar<\/a><\/div>\n\n\n","protected":false},"excerpt":{"rendered":"<p>Membros Atas<\/p>\n","protected":false},"author":47,"featured_media":0,"parent":0,"menu_order":0,"comment_status":"closed","ping_status":"closed","template":"","meta":{"footnotes":""},"class_list":["post-176","page","type-page","status-publish","hentry"],"_links":{"self":[{"href":"https:\/\/www.ccta.ufpb.br\/belmus\/wp-json\/wp\/v2\/pages\/176","targetHints":{"allow":["GET"]}}],"collection":[{"href":"https:\/\/www.ccta.ufpb.br\/belmus\/wp-json\/wp\/v2\/pages"}],"about":[{"href":"https:\/\/www.ccta.ufpb.br\/belmus\/wp-json\/wp\/v2\/types\/page"}],"author":[{"embeddable":true,"href":"https:\/\/www.ccta.ufpb.br\/belmus\/wp-json\/wp\/v2\/users\/47"}],"replies":[{"embeddable":true,"href":"https:\/\/www.ccta.ufpb.br\/belmus\/wp-json\/wp\/v2\/comments?post=176"}],"version-history":[{"count":6,"href":"https:\/\/www.ccta.ufpb.br\/belmus\/wp-json\/wp\/v2\/pages\/176\/revisions"}],"predecessor-version":[{"id":266,"href":"https:\/\/www.ccta.ufpb.br\/belmus\/wp-json\/wp\/v2\/pages\/176\/revisions\/266"}],"wp:attachment":[{"href":"https:\/\/www.ccta.ufpb.br\/belmus\/wp-json\/wp\/v2\/media?parent=176"}],"curies":[{"name":"wp","href":"https:\/\/api.w.org\/{rel}","templated":true}]}}