{"id":190,"date":"2025-03-14T11:50:44","date_gmt":"2025-03-14T14:50:44","guid":{"rendered":"https:\/\/www.ccta.ufpb.br\/belmus\/?page_id=190"},"modified":"2026-02-25T01:44:20","modified_gmt":"2026-02-25T04:44:20","slug":"psce","status":"publish","type":"page","link":"https:\/\/www.ccta.ufpb.br\/belmus\/psce\/","title":{"rendered":"PSCE 2026"},"content":{"rendered":"\n<p>O Processo Seletivo de Conhecimento Espec\u00edfico (PSCE) 2026 \u00e9 obrigat\u00f3rio para<br>o ingresso nos cursos gradua\u00e7\u00e3o de Bacharelado em M\u00fasica e ter\u00e1 as inscri\u00e7\u00f5es realizadas a partir das 08:00h do dia 26 de fevereiro de 2026 at\u00e9 as 23h59min do dia 04 de mar\u00e7o de 2026 (hor\u00e1rio de Bras\u00edlia), permitidas a candidatos que j\u00e1 conclu\u00edram o Ensino M\u00e9dio e tenham se submetido ao Exame Nacional do Ensino M\u00e9dio (ENEM) em pelo menos um dos \u00faltimos 05 (cinco) anos (ou seja, 2021, 2022, 2023, 2024 e\/ou 2025). O Processo Seletivo de Conhecimento Espec\u00edfico ser\u00e1 composto de uma prova de Conhecimento Espec\u00edfico e da nota do ENEM do candidato.<\/p>\n\n\n\n<p>Organizamos algumas informa\u00e7\u00f5es para que voc\u00ea possa saber um pouco mais sobre o PSCE &#8211; Processo Seletivo de Conhecimento Espec\u00edfico dos Cursos de M\u00fasica da UFPB.<\/p>\n\n\n\n<p>1) O que eu preciso para entrar no Curso de Bacharelado em M\u00fasica da UFPB?<br>O aluno que deseja fazer o Curso de Bacharelado em M\u00fasica da UFPB precisa j\u00e1 ter conhecimentos de teoria musical e da \u00e1rea que ele pretende cursar, seja ela Instrumento, Canto, Composi\u00e7\u00e3o ou Reg\u00eancia. \u00c9 por isso ele passa por um Processo Seletivo de Conhecimento Espec\u00edfico \u2013 o PSCE.<\/p>\n\n\n\n<p><br>2) Porque eu preciso fazer o PSCE?<br>O candidato interessado em fazer o Curso de Bacharelado em M\u00fasica precisa fazer o PSCE para verificar os conhecimentos musicais que ele j\u00e1 tem. Para isso o candidato faz duas provas: uma de teoria musical e a outra da \u00e1rea que pretende seguir, seja ela Instrumento, Canto, Reg\u00eancia ou Composi\u00e7\u00e3o.<br><\/p>\n\n\n\n<p>3) Como eu fico sabendo da realiza\u00e7\u00e3o do Processo Seletivo para o Bacharelado em M\u00fasica?<br>Todos os anos o edital \u00e9 divulgado na p\u00e1gina da Pr\u00f3-Reitoria de Gradua\u00e7\u00e3o (PRG) da UFPB e tamb\u00e9m na p\u00e1gina do Curso de Bacharelado em M\u00fasica. O edital explica todas as etapas para fazer o PSCE:<br>1) Como se inscrever para o PSCE para o Bacharelado em M\u00fasica;<br>2) Os conte\u00fados das provas, tanto a prova de teoria musical, quanto as de Instrumento, Canto, Reg\u00eancia e Composi\u00e7\u00e3o;<br>3) Os dias, hor\u00e1rios e local da realiza\u00e7\u00e3o das provas;<br>4) Como o resultado do processo seletivo vai ser divulgado;<br>5) E como proceder ap\u00f3s a aprova\u00e7\u00e3o.<\/p>\n\n\n\n<p>Este ano de 2026, as inscri\u00e7\u00f5es tamb\u00e9m s\u00e3o gratuitas. As provas ser\u00e3o realizadas no dia 19 de Mar\u00e7o de 2026, no expediente da manh\u00e3 e tamb\u00e9m no expediente da tarde,  e se necess\u00e1rio, no dia 20 de Mar\u00e7o no expediente da manh\u00e3, ambos os dias no Departamento de M\u00fasica da UFPB. (Campus I, no bairro do Castelo Bransco, em Jo\u00e3o Pessoa).<\/p>\n\n\n\n<p>Para acessar o edital, basta clicar no lin a seguir: <a href=\"https:\/\/www.prg.ufpb.br\/edital\/processo-seletivo-de-conhecimento-especifico-psce\/\">https:\/\/www.prg.ufpb.br\/edital\/processo-seletivo-de-conhecimento-especifico-psce\/<\/a><\/p>\n\n\n\n<p>Para acessar o formul\u00e1rio de inscri\u00e7\u00f5es, basta clicar no link a seguir: <a href=\"https:\/\/sigaa.ufpb.br\/publico\/processo-seletivo\/editais\/\" data-type=\"link\" data-id=\"https:\/\/sigaa.ufpb.br\/publico\/processo-seletivo\/editais\/\">https:\/\/sigaa.ufpb.br\/publico\/processo-seletivo\/editais\/<\/a><\/p>\n\n\n\n<p>Acesse abaixo as provas do PSCE dos anos anteriores:<\/p>\n\n\n\n<div class=\"wp-block-file\"><a id=\"wp-block-file--media-fc366710-6080-4300-a94c-7072520ded6b\" href=\"http:\/\/www.ccta.ufpb.br\/belmus\/wp-content\/uploads\/sites\/102\/sites\/241\/2025\/03\/PSCE_2024_Prova-de-Teoria-Musical.pdf\">PSCE_2024_Prova de Teoria Musical<\/a><a href=\"http:\/\/www.ccta.ufpb.br\/belmus\/wp-content\/uploads\/sites\/102\/sites\/241\/2025\/03\/PSCE_2024_Prova-de-Teoria-Musical.pdf\" class=\"wp-block-file__button wp-element-button\" download aria-describedby=\"wp-block-file--media-fc366710-6080-4300-a94c-7072520ded6b\">Baixar<\/a><\/div>\n\n\n\n<div class=\"wp-block-file\"><a id=\"wp-block-file--media-89c79e11-aac7-4fa6-87be-13ecf7042d72\" href=\"http:\/\/www.ccta.ufpb.br\/belmus\/wp-content\/uploads\/sites\/102\/sites\/241\/2025\/03\/PSCE_2023_Prova-de-Teoria-Musical.pdf\">PSCE_2023_Prova de Teoria Musical<\/a><a href=\"http:\/\/www.ccta.ufpb.br\/belmus\/wp-content\/uploads\/sites\/102\/sites\/241\/2025\/03\/PSCE_2023_Prova-de-Teoria-Musical.pdf\" class=\"wp-block-file__button wp-element-button\" download aria-describedby=\"wp-block-file--media-89c79e11-aac7-4fa6-87be-13ecf7042d72\">Baixar<\/a><\/div>\n\n\n\n<div class=\"wp-block-file\"><a id=\"wp-block-file--media-aaf84cd3-c761-4c62-b124-3add72ecd6f7\" href=\"http:\/\/www.ccta.ufpb.br\/belmus\/wp-content\/uploads\/sites\/102\/sites\/241\/2025\/03\/PSCE_2022_Prova-de-Teoria-Musical.pdf\">PSCE_2022_Prova de Teoria Musical<\/a><a href=\"http:\/\/www.ccta.ufpb.br\/belmus\/wp-content\/uploads\/sites\/102\/sites\/241\/2025\/03\/PSCE_2022_Prova-de-Teoria-Musical.pdf\" class=\"wp-block-file__button wp-element-button\" download aria-describedby=\"wp-block-file--media-aaf84cd3-c761-4c62-b124-3add72ecd6f7\">Baixar<\/a><\/div>\n\n\n\n<p><\/p>\n\n\n\n<p>Acesse abaixo o Edital com o programas das provas para o PSCE 2026<\/p>\n\n\n\n<div data-wp-interactive=\"core\/file\" class=\"wp-block-file\"><object data-wp-bind--hidden=\"!state.hasPdfPreview\" hidden class=\"wp-block-file__embed\" data=\"https:\/\/www.ccta.ufpb.br\/belmus\/wp-content\/uploads\/sites\/102\/sites\/241\/2026\/02\/EDITAL_PRG_PSCE_2026_Retificado-1.pdf\" type=\"application\/pdf\" style=\"width:100%;height:600px\" aria-label=\"Incorporado de EDITAL_PRG_PSCE_2026_Retificado.\"><\/object><a id=\"wp-block-file--media-91e4fefc-986f-4c3d-a6b2-ebfd186a2458\" href=\"https:\/\/www.ccta.ufpb.br\/belmus\/wp-content\/uploads\/sites\/102\/sites\/241\/2026\/02\/EDITAL_PRG_PSCE_2026_Retificado-1.pdf\">EDITAL_PRG_PSCE_2026_Retificado<\/a><a href=\"https:\/\/www.ccta.ufpb.br\/belmus\/wp-content\/uploads\/sites\/102\/sites\/241\/2026\/02\/EDITAL_PRG_PSCE_2026_Retificado-1.pdf\" class=\"wp-block-file__button wp-element-button\" download aria-describedby=\"wp-block-file--media-91e4fefc-986f-4c3d-a6b2-ebfd186a2458\">Baixar<\/a><\/div>\n\n\n\n<div data-wp-interactive=\"core\/file\" class=\"wp-block-file\"><object data-wp-bind--hidden=\"!state.hasPdfPreview\" hidden class=\"wp-block-file__embed\" data=\"http:\/\/www.ccta.ufpb.br\/belmus\/wp-content\/uploads\/sites\/102\/sites\/241\/2026\/02\/EDITAL_PRG_PSCE_2026_Retificado.pdf\" type=\"application\/pdf\" style=\"width:100%;height:600px\" aria-label=\"Incorporado de EDITAL_PRG_PSCE_2026_Retificado.\"><\/object><a id=\"wp-block-file--media-ccda6780-fd96-4980-92c9-a53be802d60b\" href=\"http:\/\/www.ccta.ufpb.br\/belmus\/wp-content\/uploads\/sites\/102\/sites\/241\/2026\/02\/EDITAL_PRG_PSCE_2026_Retificado.pdf\">EDITAL_PRG_PSCE_2026_Retificado<\/a><a href=\"http:\/\/www.ccta.ufpb.br\/belmus\/wp-content\/uploads\/sites\/102\/sites\/241\/2026\/02\/EDITAL_PRG_PSCE_2026_Retificado.pdf\" class=\"wp-block-file__button wp-element-button\" download aria-describedby=\"wp-block-file--media-ccda6780-fd96-4980-92c9-a53be802d60b\">Baixar<\/a><\/div>\n\n\n\n<div data-wp-interactive=\"core\/file\" class=\"wp-block-file\"><object data-wp-bind--hidden=\"!state.hasPdfPreview\" hidden class=\"wp-block-file__embed\" data=\"http:\/\/www.ccta.ufpb.br\/belmus\/wp-content\/uploads\/sites\/102\/sites\/241\/2026\/02\/EDITAL_PRG_PSCE_2026_Retificado.pdf\" type=\"application\/pdf\" style=\"width:100%;height:600px\" aria-label=\"Incorporado de EDITAL_PRG_PSCE_2026_Retificado.\"><\/object><a id=\"wp-block-file--media-c8c11191-4743-44f2-8f51-a105dd13e056\" href=\"http:\/\/www.ccta.ufpb.br\/belmus\/wp-content\/uploads\/sites\/102\/sites\/241\/2026\/02\/EDITAL_PRG_PSCE_2026_Retificado.pdf\">EDITAL_PRG_PSCE_2026_Retificado<\/a><a href=\"http:\/\/www.ccta.ufpb.br\/belmus\/wp-content\/uploads\/sites\/102\/sites\/241\/2026\/02\/EDITAL_PRG_PSCE_2026_Retificado.pdf\" class=\"wp-block-file__button wp-element-button\" download aria-describedby=\"wp-block-file--media-c8c11191-4743-44f2-8f51-a105dd13e056\">Baixar<\/a><\/div>\n\n\n\n<p><\/p>\n","protected":false},"excerpt":{"rendered":"<p>O Processo Seletivo de Conhecimento Espec\u00edfico (PSCE) 2026 \u00e9 obrigat\u00f3rio parao ingresso nos cursos gradua\u00e7\u00e3o [&hellip;]<\/p>\n","protected":false},"author":47,"featured_media":0,"parent":0,"menu_order":0,"comment_status":"closed","ping_status":"closed","template":"","meta":{"footnotes":""},"class_list":["post-190","page","type-page","status-publish","hentry"],"_links":{"self":[{"href":"https:\/\/www.ccta.ufpb.br\/belmus\/wp-json\/wp\/v2\/pages\/190","targetHints":{"allow":["GET"]}}],"collection":[{"href":"https:\/\/www.ccta.ufpb.br\/belmus\/wp-json\/wp\/v2\/pages"}],"about":[{"href":"https:\/\/www.ccta.ufpb.br\/belmus\/wp-json\/wp\/v2\/types\/page"}],"author":[{"embeddable":true,"href":"https:\/\/www.ccta.ufpb.br\/belmus\/wp-json\/wp\/v2\/users\/47"}],"replies":[{"embeddable":true,"href":"https:\/\/www.ccta.ufpb.br\/belmus\/wp-json\/wp\/v2\/comments?post=190"}],"version-history":[{"count":14,"href":"https:\/\/www.ccta.ufpb.br\/belmus\/wp-json\/wp\/v2\/pages\/190\/revisions"}],"predecessor-version":[{"id":280,"href":"https:\/\/www.ccta.ufpb.br\/belmus\/wp-json\/wp\/v2\/pages\/190\/revisions\/280"}],"wp:attachment":[{"href":"https:\/\/www.ccta.ufpb.br\/belmus\/wp-json\/wp\/v2\/media?parent=190"}],"curies":[{"name":"wp","href":"https:\/\/api.w.org\/{rel}","templated":true}]}}