{"id":57,"date":"2024-11-28T00:15:41","date_gmt":"2024-11-28T00:15:41","guid":{"rendered":"https:\/\/www.ccta.ufpb.br\/belmus\/?page_id=57"},"modified":"2026-02-25T01:15:15","modified_gmt":"2026-02-25T04:15:15","slug":"docentes","status":"publish","type":"page","link":"https:\/\/www.ccta.ufpb.br\/belmus\/docentes\/","title":{"rendered":"Docentes"},"content":{"rendered":"\n<ol class=\"wp-block-list\">\n<li>Viol\u00e3o &#8211; Alb\u00e9rgio Claudino Diniz Soares &#8211; <a href=\"https:\/\/lattes.cnpq.br\/5390632238736083\">Lattes <\/a>&#8211; <a href=\"http:\/\/lattes.cnpq.br\/5390632238736083\">http:\/\/lattes.cnpq.br\/5390632238736083<\/a><\/li>\n\n\n\n<li>Alexandre Magno e Silva Ferreira &#8211; <a href=\"https:\/\/lattes.cnpq.br\/5336146660627915\">Lattes<\/a> &#8211; <a href=\"http:\/\/lattes.cnpq.br\/5336146660627915\">http:\/\/lattes.cnpq.br\/5336146660627915<\/a><\/li>\n\n\n\n<li>Amarilis Rebu\u00e1 de Mattos &#8211; <a href=\"http:\/\/lattes.cnpq.br\/7510408159355636\">http:\/\/lattes.cnpq.br\/7510408159355636<\/a><\/li>\n\n\n\n<li>Aynara Dilma Vieira da Silva &#8211; <a href=\"http:\/\/lattes.cnpq.br\/7183759959168767\">http:\/\/lattes.cnpq.br\/7183759959168767<\/a><\/li>\n\n\n\n<li>Ayrton M\u00fczel Benck Filho &#8211; <a href=\"http:\/\/lattes.cnpq.br\/3221018476819806\">http:\/\/lattes.cnpq.br\/3221018476819806<\/a><\/li>\n\n\n\n<li>Carlos An\u00edsio de Oliveira e Silva \u2013 <a href=\"http:\/\/lattes.cnpq.br\/6277160655364734\">http:\/\/lattes.cnpq.br\/6277160655364734<\/a><\/li>\n\n\n\n<li>Carlos Roberto Ferreira dos Santos &#8211; <a href=\"http:\/\/lattes.cnpq.br\/1600840555174648\">http:\/\/lattes.cnpq.br\/1600840555174648<\/a><\/li>\n\n\n\n<li>Cisneiro Soares de Andrade &#8211; <a href=\"http:\/\/lattes.cnpq.br\/4295677729362692\">http:\/\/lattes.cnpq.br\/4295677729362692<\/a><\/li>\n\n\n\n<li>Dilson Afonso Ferreira Flor\u00eancio &#8211; <a href=\"https:\/\/lattes.cnpq.br\/6719622114268607\">https:\/\/lattes.cnpq.br\/6719622114268607<\/a><\/li>\n\n\n\n<li>Eli Eri Luiz de Moura &#8211; <a href=\"http:\/\/lattes.cnpq.br\/5810448733148820\">http:\/\/lattes.cnpq.br\/5810448733148820<\/a><\/li>\n\n\n\n<li>Erik de Lucena Pronk &#8211; <a href=\"http:\/\/lattes.cnpq.br\/7042131294332807\">http:\/\/lattes.cnpq.br\/7042131294332807<\/a><\/li>\n\n\n\n<li>Eurides de Souza Santos &#8211; <a href=\"http:\/\/lattes.cnpq.br\/0945222017075398\">http:\/\/lattes.cnpq.br\/0945222017075398<\/a><\/li>\n\n\n\n<li>Felipe Jospe Avellar de Aquino &#8211; <a href=\"http:\/\/lattes.cnpq.br\/6836200714885118\">http:\/\/lattes.cnpq.br\/6836200714885118<\/a><\/li>\n\n\n\n<li>Francisco Xavier de Souza Neto &#8211; <a href=\"https:\/\/lattes.cnpq.br\/2761761122230154\">https:\/\/lattes.cnpq.br\/2761761122230154<\/a><\/li>\n\n\n\n<li>Gl\u00e1ucio Xavier da Fonseca &#8211; <a href=\"http:\/\/lattes.cnpq.br\/8766923687501989\">http:\/\/lattes.cnpq.br\/8766923687501989<\/a><\/li>\n\n\n\n<li>Harue Tanaka &#8211; <a href=\"http:\/\/lattes.cnpq.br\/2795963721424911\">http:\/\/lattes.cnpq.br\/2795963721424911<\/a><\/li>\n\n\n\n<li>Heleno Feitosa Costa Filho &#8211; <a href=\"http:\/\/lattes.cnpq.br\/8024963528428786\">http:\/\/lattes.cnpq.br\/8024963528428786<\/a><\/li>\n\n\n\n<li>Hermes Cuzzuol Alvarenga &#8211; <a href=\"http:\/\/lattes.cnpq.br\/0853107595289408\">http:\/\/lattes.cnpq.br\/0853107595289408<\/a><\/li>\n\n\n\n<li>Iris \u00c2ngela Vieira do N. Cavalcanti &#8211; <a href=\"https:\/\/lattes.cnpq.br\/7514447556248017\">https:\/\/lattes.cnpq.br\/7514447556248017<\/a><\/li>\n\n\n\n<li>Jorge Alessandro Castor de Lima &#8211; <a href=\"http:\/\/lattes.cnpq.br\/8414400973581141\">http:\/\/lattes.cnpq.br\/8414400973581141<\/a><\/li>\n\n\n\n<li>Jos\u00e9 de Arimat\u00e9ia F. Ver\u00edssimo &#8211; <a href=\"https:\/\/lattes.cnpq.br\/4399320823994935\">https:\/\/lattes.cnpq.br\/4399320823994935<\/a><\/li>\n\n\n\n<li>Jos\u00e9 Henrique Martins &#8211; <a href=\"http:\/\/lattes.cnpq.br\/8297766321235339\">http:\/\/lattes.cnpq.br\/8297766321235339<\/a><\/li>\n\n\n\n<li>Jos\u00e9 Orlando Alves &#8211; <a href=\"http:\/\/lattes.cnpq.br\/7489998401989630\">http:\/\/lattes.cnpq.br\/7489998401989630<\/a><\/li>\n\n\n\n<li>Lara Venusta de Almeida Lemos &#8211; <a href=\"http:\/\/lattes.cnpq.br\/3282380112100113\">http:\/\/lattes.cnpq.br\/3282380112100113<\/a><\/li>\n\n\n\n<li>Luceni Caetano da Silva &#8211; <a href=\"http:\/\/lattes.cnpq.br\/4323593517571874\">http:\/\/lattes.cnpq.br\/4323593517571874<\/a><\/li>\n\n\n\n<li>Luciana Noda \u2013 <a href=\"https:\/\/lattes.cnpq.br\/3468339107575304\">https:\/\/lattes.cnpq.br\/3468339107575304<\/a><\/li>\n\n\n\n<li>Luciano Carneiro de Lima e Silva &#8211; <a href=\"https:\/\/lattes.cnpq.br\/2333106832837056\">https:\/\/lattes.cnpq.br\/2333106832837056<\/a><\/li>\n\n\n\n<li>Marc\u00edlio Fagner Onofre \u2013 <a href=\"http:\/\/lattes.cnpq.br\/9196203410925126\">http:\/\/lattes.cnpq.br\/9196203410925126<\/a><\/li>\n\n\n\n<li>Maria Cristina Dignart &#8211; <a href=\"https:\/\/lattes.cnpq.br\/8237214761887253\">https:\/\/lattes.cnpq.br\/8237214761887253<\/a><\/li>\n\n\n\n<li>Mar\u00edlia Cahino Bezerra &#8211; <a href=\"http:\/\/lattes.cnpq.br\/2283650818353499\">http:\/\/lattes.cnpq.br\/2283650818353499<\/a><\/li>\n\n\n\n<li>M\u00f4nica Moreira Cury &#8211; <a href=\"http:\/\/lattes.cnpq.br\/5073759741293783\">http:\/\/lattes.cnpq.br\/5073759741293783<\/a><\/li>\n\n\n\n<li>Rainer C\u00e2mara Patriota &#8211; <a href=\"http:\/\/lattes.cnpq.br\/2507327571446368\">http:\/\/lattes.cnpq.br\/2507327571446368<\/a><\/li>\n\n\n\n<li>Ravi Shankar Viana Domingues &#8211; <a href=\"https:\/\/lattes.cnpq.br\/6600367757849624\">https:\/\/lattes.cnpq.br\/6600367757849624<\/a><\/li>\n\n\n\n<li>Sandoval Moreno de Oliveira &#8211; <a href=\"http:\/\/lattes.cnpq.br\/6799678248678337\">http:\/\/lattes.cnpq.br\/6799678248678337<\/a><\/li>\n\n\n\n<li>Sandra Kalina M. Cabral de Aquino &#8211; <a href=\"http:\/\/lattes.cnpq.br\/9373957064758933\">http:\/\/lattes.cnpq.br\/9373957064758933<\/a><\/li>\n\n\n\n<li>Ticiano Albuquerque de C. Rocha &#8211; <a href=\"http:\/\/lattes.cnpq.br\/7670028227886483\">http:\/\/lattes.cnpq.br\/7670028227886483<\/a><\/li>\n\n\n\n<li>Ulisses Carvalho da Silva &#8211; <a href=\"http:\/\/lattes.cnpq.br\/2064454234037899\">http:\/\/lattes.cnpq.br\/2064454234037899<\/a><\/li>\n\n\n\n<li>Val\u00e9rio Fiel da Costa &#8211; <a href=\"http:\/\/lattes.cnpq.br\/5177466124567380\">http:\/\/lattes.cnpq.br\/5177466124567380<\/a><\/li>\n\n\n\n<li>V\u00e2nia C. da G. Camacho Santiago &#8211; <a href=\"https:\/\/lattes.cnpq.br\/4337482248386211\">https:\/\/lattes.cnpq.br\/4337482248386211<\/a><\/li>\n<\/ol>\n\n\n\n<div class=\"wp-block-media-text is-stacked-on-mobile\" style=\"grid-template-columns:30% auto\"><figure class=\"wp-block-media-text__media\"><img loading=\"lazy\" decoding=\"async\" width=\"230\" height=\"184\" src=\"http:\/\/www.ccta.ufpb.br\/belmus\/wp-content\/uploads\/sites\/102\/sites\/241\/2024\/11\/Conceicao.jpg\" alt=\"\" class=\"wp-image-84 size-full\" \/><\/figure><div class=\"wp-block-media-text__content\">\n<p><strong>Flauta Transversal &#8211; Coordena\u00e7\u00e3o<\/strong><\/p>\n\n\n\n<p>Maria da Concei\u00e7\u00e3o G. C. Benck<\/p>\n\n\n\n<p><a href=\"http:\/\/Maria da Concei\u00e7\u00e3o G. C. Benck - https:\/\/lattes.cnpq.br\/4994959291089349\">Lattes<\/a><\/p>\n<\/div><\/div>\n\n\n\n<div class=\"wp-block-media-text is-stacked-on-mobile\" style=\"grid-template-columns:29% auto\"><figure class=\"wp-block-media-text__media\"><img loading=\"lazy\" decoding=\"async\" width=\"640\" height=\"640\" src=\"http:\/\/www.ccta.ufpb.br\/belmus\/wp-content\/uploads\/sites\/102\/sites\/241\/2024\/11\/Ariana.jpg\" alt=\"\" class=\"wp-image-86 size-full\" srcset=\"https:\/\/www.ccta.ufpb.br\/belmus\/wp-content\/uploads\/sites\/102\/sites\/241\/2024\/11\/Ariana.jpg 640w, https:\/\/www.ccta.ufpb.br\/belmus\/wp-content\/uploads\/sites\/102\/sites\/241\/2024\/11\/Ariana-300x300.jpg 300w, https:\/\/www.ccta.ufpb.br\/belmus\/wp-content\/uploads\/sites\/102\/sites\/241\/2024\/11\/Ariana-150x150.jpg 150w\" sizes=\"auto, (max-width: 640px) 100vw, 640px\" \/><\/figure><div class=\"wp-block-media-text__content\">\n<p><strong>Viola &#8211; Vice Coordena\u00e7\u00e3o<\/strong><\/p>\n\n\n\n<p>Ariana Perazzo da N\u00f3brega <\/p>\n\n\n\n<p><a href=\"https:\/\/lattes.cnpq.br\/9441327534344100\">Lattes <\/a><\/p>\n<\/div><\/div>\n","protected":false},"excerpt":{"rendered":"<p>Flauta Transversal &#8211; Coordena\u00e7\u00e3o Maria da Concei\u00e7\u00e3o G. C. Benck Lattes Viola &#8211; Vice Coordena\u00e7\u00e3o [&hellip;]<\/p>\n","protected":false},"author":47,"featured_media":0,"parent":0,"menu_order":0,"comment_status":"closed","ping_status":"closed","template":"","meta":{"footnotes":""},"class_list":["post-57","page","type-page","status-publish","hentry"],"_links":{"self":[{"href":"https:\/\/www.ccta.ufpb.br\/belmus\/wp-json\/wp\/v2\/pages\/57","targetHints":{"allow":["GET"]}}],"collection":[{"href":"https:\/\/www.ccta.ufpb.br\/belmus\/wp-json\/wp\/v2\/pages"}],"about":[{"href":"https:\/\/www.ccta.ufpb.br\/belmus\/wp-json\/wp\/v2\/types\/page"}],"author":[{"embeddable":true,"href":"https:\/\/www.ccta.ufpb.br\/belmus\/wp-json\/wp\/v2\/users\/47"}],"replies":[{"embeddable":true,"href":"https:\/\/www.ccta.ufpb.br\/belmus\/wp-json\/wp\/v2\/comments?post=57"}],"version-history":[{"count":9,"href":"https:\/\/www.ccta.ufpb.br\/belmus\/wp-json\/wp\/v2\/pages\/57\/revisions"}],"predecessor-version":[{"id":268,"href":"https:\/\/www.ccta.ufpb.br\/belmus\/wp-json\/wp\/v2\/pages\/57\/revisions\/268"}],"wp:attachment":[{"href":"https:\/\/www.ccta.ufpb.br\/belmus\/wp-json\/wp\/v2\/media?parent=57"}],"curies":[{"name":"wp","href":"https:\/\/api.w.org\/{rel}","templated":true}]}}