{"id":40,"date":"2025-02-17T14:38:01","date_gmt":"2025-02-17T17:38:01","guid":{"rendered":"https:\/\/www.ccta.ufpb.br\/demus\/?page_id=40"},"modified":"2026-02-06T13:19:59","modified_gmt":"2026-02-06T16:19:59","slug":"conjuntos-instrumentais","status":"publish","type":"page","link":"https:\/\/www.ccta.ufpb.br\/demus\/conjuntos-instrumentais\/","title":{"rendered":"Conjuntos Instrumentais"},"content":{"rendered":"\n<p>Conjuntos para pr\u00e1ticas interpretativas<\/p>\n\n\n\n<p>O Departamento de M\u00fasica da UFPB possui diversos conjuntos para pr\u00e1ticas interpretativas. O perfil de centro formador de instrumentistas tem-se evidenciado na comunidade&nbsp;musical atrav\u00e9s destes conjuntos criados no DEMUS. Suas atividades englobam a realiza\u00e7\u00e3o de&nbsp; concertos e recitais, grava\u00e7\u00e3o de CDs, al\u00e9m da participa\u00e7\u00e3o em eventos musicais no Brasil e no exterior. Muitos dos CDs gravados por estes grupos s\u00e3o considerados registros \u00edmpares da produ\u00e7\u00e3o musical brasileira. Al\u00e9m disto, atuando junto a compositores e arranjadores, eles t\u00eam fomentado a cria\u00e7\u00e3o de novas obras para diversas forma\u00e7\u00f5es instrumentais e vocais, servindo, assim, de laborat\u00f3rio \u201cvivo\u201d para os profissionais da cria\u00e7\u00e3o musical.&nbsp;Como parte desta forma\u00e7\u00e3o, pr\u00e1ticas interpretativas s\u00e3o desenvolvidas em diversos grupos camer\u00edsticos e orquestrais do quadro do DEMUS. Estes incluem:<\/p>\n\n\n\n<p>1. Banda Sinf\u00f4nica&nbsp;<em>Jos\u00e9 Siqueira<\/em><\/p>\n\n\n\n<p>2. Sexteto Brassil (metais e percuss\u00e3o)<\/p>\n\n\n\n<p>3.&nbsp;Camena \u2013 Grupo de M\u00fasica Antiga<\/p>\n\n\n\n<p>4.&nbsp;Cellos de C\u00e2mera<\/p>\n\n\n\n<p>5.&nbsp;&nbsp;Orquestra Sinf\u00f4nica da UFPB (OSUFPB)<\/p>\n\n\n\n<p>6. Cellos de C\u00e2mera<\/p>\n\n\n\n<p>7.&nbsp;Quarteto de Violas da UFPB<\/p>\n\n\n\n<p>8.&nbsp;Grupo de M\u00fasica Contempor\u00e2nea SONANTIS<\/p>\n\n\n\n<p>9. Coral Infanto-Juvenil da UFPB<\/p>\n\n\n\n<p>10. Grupo de Percuss\u00e3o do Nordeste<\/p>\n\n\n\n<p>11. Oficina de Pr\u00e1tica Orquestral da UFPB<\/p>\n\n\n\n<p>12. Rubac\u00e3o Jazz Big Band<\/p>\n\n\n\n<p>13. Quarteto de Trombones da Para\u00edba<\/p>\n\n\n\n<p><\/p>\n","protected":false},"excerpt":{"rendered":"<p>Conjuntos para pr\u00e1ticas interpretativas O Departamento de M\u00fasica da UFPB possui diversos conjuntos para pr\u00e1ticas [&hellip;]<\/p>\n","protected":false},"author":47,"featured_media":0,"parent":0,"menu_order":0,"comment_status":"closed","ping_status":"closed","template":"","meta":{"footnotes":""},"class_list":["post-40","page","type-page","status-publish","hentry"],"_links":{"self":[{"href":"https:\/\/www.ccta.ufpb.br\/demus\/wp-json\/wp\/v2\/pages\/40","targetHints":{"allow":["GET"]}}],"collection":[{"href":"https:\/\/www.ccta.ufpb.br\/demus\/wp-json\/wp\/v2\/pages"}],"about":[{"href":"https:\/\/www.ccta.ufpb.br\/demus\/wp-json\/wp\/v2\/types\/page"}],"author":[{"embeddable":true,"href":"https:\/\/www.ccta.ufpb.br\/demus\/wp-json\/wp\/v2\/users\/47"}],"replies":[{"embeddable":true,"href":"https:\/\/www.ccta.ufpb.br\/demus\/wp-json\/wp\/v2\/comments?post=40"}],"version-history":[{"count":3,"href":"https:\/\/www.ccta.ufpb.br\/demus\/wp-json\/wp\/v2\/pages\/40\/revisions"}],"predecessor-version":[{"id":117,"href":"https:\/\/www.ccta.ufpb.br\/demus\/wp-json\/wp\/v2\/pages\/40\/revisions\/117"}],"wp:attachment":[{"href":"https:\/\/www.ccta.ufpb.br\/demus\/wp-json\/wp\/v2\/media?parent=40"}],"curies":[{"name":"wp","href":"https:\/\/api.w.org\/{rel}","templated":true}]}}