{"id":58,"date":"2025-02-17T14:43:34","date_gmt":"2025-02-17T17:43:34","guid":{"rendered":"https:\/\/www.ccta.ufpb.br\/demus\/?page_id=58"},"modified":"2025-02-17T15:04:02","modified_gmt":"2025-02-17T18:04:02","slug":"grupo-de-tubas-e-eufonios-da-ufpb-eutupb","status":"publish","type":"page","link":"https:\/\/www.ccta.ufpb.br\/demus\/conjuntos-instrumentais\/grupo-de-tubas-e-eufonios-da-ufpb-eutupb\/","title":{"rendered":"Grupo de Tubas e Euf\u00f4nios da UFPB &#8211; EuTuPB"},"content":{"rendered":"\n<figure class=\"wp-block-image size-full\"><img loading=\"lazy\" decoding=\"async\" width=\"720\" height=\"480\" src=\"https:\/\/www.ccta.ufpb.br\/demus\/wp-content\/uploads\/sites\/102\/sites\/261\/2025\/02\/Grupodetubaseutupb.jpg\" alt=\"\" class=\"wp-image-59\" srcset=\"https:\/\/www.ccta.ufpb.br\/demus\/wp-content\/uploads\/sites\/102\/sites\/261\/2025\/02\/Grupodetubaseutupb.jpg 720w, https:\/\/www.ccta.ufpb.br\/demus\/wp-content\/uploads\/sites\/102\/sites\/261\/2025\/02\/Grupodetubaseutupb-300x200.jpg 300w\" sizes=\"auto, (max-width: 720px) 100vw, 720px\" \/><\/figure>\n\n\n\n<p>O Grupo de Tubas e Euf\u00f4nios da UFPB &#8211; EuTuPB foi criado h\u00e1 4 anos e \u00e9 coordenado pela Profa. Iris Vieira. O EuTuPB \u00e9 um projeto de extens\u00e3o que conta com a participa\u00e7\u00e3o de discentes dos Cursos de Bacharelado, Licenciatura e Extens\u00e3o em M\u00fasica da UFPB. \u00c0s atividades do grupo priorizam a forma\u00e7\u00e3o profissional e cidad\u00e3, atrav\u00e9s da pr\u00e1tica instrumental e da forma\u00e7\u00e3o de plat\u00e9ias de m\u00fasica nos diversos contextos sociais (festivais, escolas e na comunidade em geral). O projeto ainda busca difundir e estimular novas composi\u00e7\u00f5es e arranjadores para o repert\u00f3rio para essa forma\u00e7\u00e3o. No ano de 2015 fez a sua estreia no I Encontro de Tubas e Euf\u00f4nios ETEVV\/UFPB e nos anos de 2016, 2017, 2018 e 2019 esteve presente nas outras edi\u00e7\u00f5es do ETEVV\/UFPB, participando da programa\u00e7\u00e3o e da organiza\u00e7\u00e3o do encontro. Participou ainda de eventos relevantes para a classe de Tubas e Euf\u00f4nios no Brasil. tais como: Encontro de Metais de Pernambuco\/UFPE, Encontro de Tubas e Euf\u00f4nios do Rio Grande do Norte\/UFRN, Encontro de Pesquisa e Extens\u00e3o da UFPB\/ENIC, I Encontro de Tubas e Euf\u00f4nios de Pernambuco na Cidade de S\u00e3o Caetano. Al\u00e9m de apresenta\u00e7\u00f5es em escolas p\u00fablicas e casas de repouso.<\/p>\n\n\n\n<p><strong>Coordenadora<\/strong>:Iris Vieira<a href=\"https:\/\/www.facebook.com\/artedetocartuba\" target=\"_blank\" rel=\"noreferrer noopener\">Facebook<\/a><\/p>\n","protected":false},"excerpt":{"rendered":"<p>O Grupo de Tubas e Euf\u00f4nios da UFPB &#8211; EuTuPB foi criado h\u00e1 4 anos [&hellip;]<\/p>\n","protected":false},"author":47,"featured_media":0,"parent":40,"menu_order":0,"comment_status":"closed","ping_status":"closed","template":"","meta":{"footnotes":""},"class_list":["post-58","page","type-page","status-publish","hentry"],"_links":{"self":[{"href":"https:\/\/www.ccta.ufpb.br\/demus\/wp-json\/wp\/v2\/pages\/58","targetHints":{"allow":["GET"]}}],"collection":[{"href":"https:\/\/www.ccta.ufpb.br\/demus\/wp-json\/wp\/v2\/pages"}],"about":[{"href":"https:\/\/www.ccta.ufpb.br\/demus\/wp-json\/wp\/v2\/types\/page"}],"author":[{"embeddable":true,"href":"https:\/\/www.ccta.ufpb.br\/demus\/wp-json\/wp\/v2\/users\/47"}],"replies":[{"embeddable":true,"href":"https:\/\/www.ccta.ufpb.br\/demus\/wp-json\/wp\/v2\/comments?post=58"}],"version-history":[{"count":1,"href":"https:\/\/www.ccta.ufpb.br\/demus\/wp-json\/wp\/v2\/pages\/58\/revisions"}],"predecessor-version":[{"id":60,"href":"https:\/\/www.ccta.ufpb.br\/demus\/wp-json\/wp\/v2\/pages\/58\/revisions\/60"}],"up":[{"embeddable":true,"href":"https:\/\/www.ccta.ufpb.br\/demus\/wp-json\/wp\/v2\/pages\/40"}],"wp:attachment":[{"href":"https:\/\/www.ccta.ufpb.br\/demus\/wp-json\/wp\/v2\/media?parent=58"}],"curies":[{"name":"wp","href":"https:\/\/api.w.org\/{rel}","templated":true}]}}

Grupo de Tubas e Eufônios da UFPB &#8211; EuTuPB

<figure class="wp-block-image size-full"><img loading="lazy" decoding="async" width="720" height="480" src="https://www.ccta.ufpb.br/demus/wp-content/uploads/sites/102/sites/261/2025/02/Grupodetubaseutupb.jpg" alt="" class="wp-image-59" srcset="https://www.ccta.ufpb.br/demus/wp-content/uploads/sites/102/sites/261/2025/02/Grupodetubaseutupb.jpg 720w, https://www.ccta.ufpb.br/demus/wp-content/uploads/sites/102/sites/261/2025/02/Grupodetubaseutupb-300x200.jpg 300w" sizes="auto, (max-width: 720px) 100vw, 720px" /></figure>



<p>O Grupo de Tubas e Eufônios da UFPB &#8211; EuTuPB foi criado há 4 anos e é coordenado pela Profa. Iris Vieira. O EuTuPB é um projeto de extensão que conta com a participação de discentes dos Cursos de Bacharelado, Licenciatura e Extensão em Música da UFPB. Às atividades do grupo priorizam a formação profissional e cidadã, através da prática instrumental e da formação de platéias de música nos diversos contextos sociais (festivais, escolas e na comunidade em geral). O projeto ainda busca difundir e estimular novas composições e arranjadores para o repertório para essa formação. No ano de 2015 fez a sua estreia no I Encontro de Tubas e Eufônios ETEVV/UFPB e nos anos de 2016, 2017, 2018 e 2019 esteve presente nas outras edições do ETEVV/UFPB, participando da programação e da organização do encontro. Participou ainda de eventos relevantes para a classe de Tubas e Eufônios no Brasil. tais como: Encontro de Metais de Pernambuco/UFPE, Encontro de Tubas e Eufônios do Rio Grande do Norte/UFRN, Encontro de Pesquisa e Extensão da UFPB/ENIC, I Encontro de Tubas e Eufônios de Pernambuco na Cidade de São Caetano. Além de apresentações em escolas públicas e casas de repouso.</p>



<p><strong>Coordenadora</strong>:Iris Vieira<a href="https://www.facebook.com/artedetocartuba" target="_blank" rel="noreferrer noopener">Facebook</a></p>

<p>O Grupo de Tubas e Eufônios da UFPB &#8211; EuTuPB foi criado há 4 anos [&hellip;]</p>
