{"id":1076,"date":"2026-07-13T13:03:58","date_gmt":"2026-07-13T16:03:58","guid":{"rendered":"https:\/\/www.ccta.ufpb.br\/lamusi\/?page_id=1076"},"modified":"2026-07-14T11:42:36","modified_gmt":"2026-07-14T14:42:36","slug":"giovanna-fonseca","status":"publish","type":"page","link":"https:\/\/www.ccta.ufpb.br\/lamusi\/giovanna-fonseca\/","title":{"rendered":"Giovanna Fonseca"},"content":{"rendered":"<div class=\"wp-block-image\">\n<figure class=\"alignleft size-large is-resized\"><img loading=\"lazy\" decoding=\"async\" width=\"683\" height=\"1024\" src=\"https:\/\/www.ccta.ufpb.br\/lamusi\/wp-content\/uploads\/sites\/102\/sites\/426\/2026\/07\/Foto-Sofia-Ferreira_LabFoto_UFPB-@sofi_saant-64-683x1024.jpg\" alt=\"\" class=\"wp-image-1077\" style=\"width:345px;height:auto\" srcset=\"https:\/\/www.ccta.ufpb.br\/lamusi\/wp-content\/uploads\/sites\/102\/sites\/426\/2026\/07\/Foto-Sofia-Ferreira_LabFoto_UFPB-@sofi_saant-64-683x1024.jpg 683w, https:\/\/www.ccta.ufpb.br\/lamusi\/wp-content\/uploads\/sites\/102\/sites\/426\/2026\/07\/Foto-Sofia-Ferreira_LabFoto_UFPB-@sofi_saant-64-200x300.jpg 200w, https:\/\/www.ccta.ufpb.br\/lamusi\/wp-content\/uploads\/sites\/102\/sites\/426\/2026\/07\/Foto-Sofia-Ferreira_LabFoto_UFPB-@sofi_saant-64-768x1152.jpg 768w, https:\/\/www.ccta.ufpb.br\/lamusi\/wp-content\/uploads\/sites\/102\/sites\/426\/2026\/07\/Foto-Sofia-Ferreira_LabFoto_UFPB-@sofi_saant-64-1024x1536.jpg 1024w, https:\/\/www.ccta.ufpb.br\/lamusi\/wp-content\/uploads\/sites\/102\/sites\/426\/2026\/07\/Foto-Sofia-Ferreira_LabFoto_UFPB-@sofi_saant-64-1365x2048.jpg 1365w, https:\/\/www.ccta.ufpb.br\/lamusi\/wp-content\/uploads\/sites\/102\/sites\/426\/2026\/07\/Foto-Sofia-Ferreira_LabFoto_UFPB-@sofi_saant-64-scaled.jpg 1707w\" sizes=\"auto, (max-width: 683px) 100vw, 683px\" \/><\/figure>\n<\/div>\n\n\n<p class=\"wp-block-paragraph\" style=\"font-size:20px\"><strong>Giovanna Fl\u00e1via Vieira Fonseca<\/strong> iniciou seus estudos musicais em sua terra natal, Belo Horizonte, em 2014. \u00c9 bacharel em viola (2022) e mestre em m\u00fasica (2025) pela UFMG, sob orienta\u00e7\u00e3o do prof. Dr. Carlos Aleixo. Durante sua forma\u00e7\u00e3o, participou de diversos festivais, nos quais fez aulas com professores renomados como Timothy Deighton, Hor\u00e1cio Schaefer, Daphne Gerling e Hella Frank. Durante sua forma\u00e7\u00e3o orquestral, integrou a Academia Orquestra Ouro Preto e a Orquestra de C\u00e2mara Inhotim, em Minas Gerais. Atualmente \u00e9 violista da Orquestra Sinf\u00f4nica da Universidade da Para\u00edba, com ingresso em 2025.<\/p>\n\n\n\n<p class=\"wp-block-paragraph\"><\/p>\n","protected":false},"excerpt":{"rendered":"<p>Giovanna Fl\u00e1via Vieira Fonseca iniciou seus estudos musicais em sua terra natal, Belo Horizonte, em [&hellip;]<\/p>\n","protected":false},"author":494,"featured_media":0,"parent":0,"menu_order":0,"comment_status":"closed","ping_status":"closed","template":"","meta":{"footnotes":""},"class_list":["post-1076","page","type-page","status-publish","hentry"],"_links":{"self":[{"href":"https:\/\/www.ccta.ufpb.br\/lamusi\/wp-json\/wp\/v2\/pages\/1076","targetHints":{"allow":["GET"]}}],"collection":[{"href":"https:\/\/www.ccta.ufpb.br\/lamusi\/wp-json\/wp\/v2\/pages"}],"about":[{"href":"https:\/\/www.ccta.ufpb.br\/lamusi\/wp-json\/wp\/v2\/types\/page"}],"author":[{"embeddable":true,"href":"https:\/\/www.ccta.ufpb.br\/lamusi\/wp-json\/wp\/v2\/users\/494"}],"replies":[{"embeddable":true,"href":"https:\/\/www.ccta.ufpb.br\/lamusi\/wp-json\/wp\/v2\/comments?post=1076"}],"version-history":[{"count":3,"href":"https:\/\/www.ccta.ufpb.br\/lamusi\/wp-json\/wp\/v2\/pages\/1076\/revisions"}],"predecessor-version":[{"id":1104,"href":"https:\/\/www.ccta.ufpb.br\/lamusi\/wp-json\/wp\/v2\/pages\/1076\/revisions\/1104"}],"wp:attachment":[{"href":"https:\/\/www.ccta.ufpb.br\/lamusi\/wp-json\/wp\/v2\/media?parent=1076"}],"curies":[{"name":"wp","href":"https:\/\/api.w.org\/{rel}","templated":true}]}}

<div class="wp-block-image">
<figure class="alignleft size-large is-resized"><img loading="lazy" decoding="async" width="683" height="1024" src="https://www.ccta.ufpb.br/lamusi/wp-content/uploads/sites/102/sites/426/2026/07/Foto-Sofia-Ferreira_LabFoto_UFPB-@sofi_saant-64-683x1024.jpg" alt="" class="wp-image-1077" style="width:345px;height:auto" srcset="https://www.ccta.ufpb.br/lamusi/wp-content/uploads/sites/102/sites/426/2026/07/Foto-Sofia-Ferreira_LabFoto_UFPB-@sofi_saant-64-683x1024.jpg 683w, https://www.ccta.ufpb.br/lamusi/wp-content/uploads/sites/102/sites/426/2026/07/Foto-Sofia-Ferreira_LabFoto_UFPB-@sofi_saant-64-200x300.jpg 200w, https://www.ccta.ufpb.br/lamusi/wp-content/uploads/sites/102/sites/426/2026/07/Foto-Sofia-Ferreira_LabFoto_UFPB-@sofi_saant-64-768x1152.jpg 768w, https://www.ccta.ufpb.br/lamusi/wp-content/uploads/sites/102/sites/426/2026/07/Foto-Sofia-Ferreira_LabFoto_UFPB-@sofi_saant-64-1024x1536.jpg 1024w, https://www.ccta.ufpb.br/lamusi/wp-content/uploads/sites/102/sites/426/2026/07/Foto-Sofia-Ferreira_LabFoto_UFPB-@sofi_saant-64-1365x2048.jpg 1365w, https://www.ccta.ufpb.br/lamusi/wp-content/uploads/sites/102/sites/426/2026/07/Foto-Sofia-Ferreira_LabFoto_UFPB-@sofi_saant-64-scaled.jpg 1707w" sizes="auto, (max-width: 683px) 100vw, 683px" /></figure>
</div>


<p class="wp-block-paragraph" style="font-size:20px"><strong>Giovanna Flávia Vieira Fonseca</strong> iniciou seus estudos musicais em sua terra natal, Belo Horizonte, em 2014. É bacharel em viola (2022) e mestre em música (2025) pela UFMG, sob orientação do prof. Dr. Carlos Aleixo. Durante sua formação, participou de diversos festivais, nos quais fez aulas com professores renomados como Timothy Deighton, Horácio Schaefer, Daphne Gerling e Hella Frank. Durante sua formação orquestral, integrou a Academia Orquestra Ouro Preto e a Orquestra de Câmara Inhotim, em Minas Gerais. Atualmente é violista da Orquestra Sinfônica da Universidade da Paraíba, com ingresso em 2025.</p>



<p class="wp-block-paragraph"></p>

<p>Giovanna Flávia Vieira Fonseca iniciou seus estudos musicais em sua terra natal, Belo Horizonte, em [&hellip;]</p>
