{"id":1115,"date":"2026-07-14T12:09:04","date_gmt":"2026-07-14T15:09:04","guid":{"rendered":"https:\/\/www.ccta.ufpb.br\/lamusi\/?page_id=1115"},"modified":"2026-07-14T12:09:04","modified_gmt":"2026-07-14T15:09:04","slug":"victor-mesquita-vieira","status":"publish","type":"page","link":"https:\/\/www.ccta.ufpb.br\/lamusi\/victor-mesquita-vieira\/","title":{"rendered":"Victor Mesquita Vieira"},"content":{"rendered":"<div class=\"wp-block-image\">\n<figure class=\"alignleft size-large is-resized\"><img loading=\"lazy\" decoding=\"async\" width=\"683\" height=\"1024\" src=\"https:\/\/www.ccta.ufpb.br\/lamusi\/wp-content\/uploads\/sites\/102\/sites\/426\/2026\/07\/Foto-Sofia-Ferreira_LabFoto_UFPB-@sofi_saant-23-2-683x1024.jpg\" alt=\"\" class=\"wp-image-1118\" style=\"width:342px\" srcset=\"https:\/\/www.ccta.ufpb.br\/lamusi\/wp-content\/uploads\/sites\/102\/sites\/426\/2026\/07\/Foto-Sofia-Ferreira_LabFoto_UFPB-@sofi_saant-23-2-683x1024.jpg 683w, https:\/\/www.ccta.ufpb.br\/lamusi\/wp-content\/uploads\/sites\/102\/sites\/426\/2026\/07\/Foto-Sofia-Ferreira_LabFoto_UFPB-@sofi_saant-23-2-200x300.jpg 200w, https:\/\/www.ccta.ufpb.br\/lamusi\/wp-content\/uploads\/sites\/102\/sites\/426\/2026\/07\/Foto-Sofia-Ferreira_LabFoto_UFPB-@sofi_saant-23-2-768x1152.jpg 768w, https:\/\/www.ccta.ufpb.br\/lamusi\/wp-content\/uploads\/sites\/102\/sites\/426\/2026\/07\/Foto-Sofia-Ferreira_LabFoto_UFPB-@sofi_saant-23-2-1024x1536.jpg 1024w, https:\/\/www.ccta.ufpb.br\/lamusi\/wp-content\/uploads\/sites\/102\/sites\/426\/2026\/07\/Foto-Sofia-Ferreira_LabFoto_UFPB-@sofi_saant-23-2-1365x2048.jpg 1365w, https:\/\/www.ccta.ufpb.br\/lamusi\/wp-content\/uploads\/sites\/102\/sites\/426\/2026\/07\/Foto-Sofia-Ferreira_LabFoto_UFPB-@sofi_saant-23-2-scaled.jpg 1707w\" sizes=\"auto, (max-width: 683px) 100vw, 683px\" \/><\/figure>\n<\/div>\n\n\n<p class=\"wp-block-paragraph\" style=\"font-size:20px\"><strong>Victor Mesquita Vieira<\/strong>\u00a0\u00e9 doutor em Musicologia pela Universidade Federal da Para\u00edba (UFPB), mestre em M\u00fasica (Performance) pela mesma institui\u00e7\u00e3o e bacharel em Contrabaixo. Desenvolve pesquisas nas \u00e1reas de musicologia e performance, com \u00eanfase na hist\u00f3ria da educa\u00e7\u00e3o musical e na forma\u00e7\u00e3o de instrumentistas. Como m\u00fasico, atuou como primeiro contrabaixista da Orquestra Sinf\u00f4nica de Sergipe, foi semifinalista da sele\u00e7\u00e3o para a Atlanta Symphony Orchestra (EUA), em 2015, e tamb\u00e9m desenvolve atividades como produtor musical, com experi\u00eancia em grava\u00e7\u00e3o e sonoriza\u00e7\u00e3o de m\u00fasica de concerto. Integra a Orquestra Sinf\u00f4nica da Universidade Federal da Para\u00edba (OSUFPB) desde sua funda\u00e7\u00e3o, em 2013, e tamb\u00e9m \u00e9 contrabaixista da Orquestra Sinf\u00f4nica da Para\u00edba (OSPB).<\/p>\n","protected":false},"excerpt":{"rendered":"<p>Victor Mesquita Vieira\u00a0\u00e9 doutor em Musicologia pela Universidade Federal da Para\u00edba (UFPB), mestre em M\u00fasica [&hellip;]<\/p>\n","protected":false},"author":494,"featured_media":0,"parent":0,"menu_order":0,"comment_status":"closed","ping_status":"closed","template":"","meta":{"footnotes":""},"class_list":["post-1115","page","type-page","status-publish","hentry"],"_links":{"self":[{"href":"https:\/\/www.ccta.ufpb.br\/lamusi\/wp-json\/wp\/v2\/pages\/1115","targetHints":{"allow":["GET"]}}],"collection":[{"href":"https:\/\/www.ccta.ufpb.br\/lamusi\/wp-json\/wp\/v2\/pages"}],"about":[{"href":"https:\/\/www.ccta.ufpb.br\/lamusi\/wp-json\/wp\/v2\/types\/page"}],"author":[{"embeddable":true,"href":"https:\/\/www.ccta.ufpb.br\/lamusi\/wp-json\/wp\/v2\/users\/494"}],"replies":[{"embeddable":true,"href":"https:\/\/www.ccta.ufpb.br\/lamusi\/wp-json\/wp\/v2\/comments?post=1115"}],"version-history":[{"count":1,"href":"https:\/\/www.ccta.ufpb.br\/lamusi\/wp-json\/wp\/v2\/pages\/1115\/revisions"}],"predecessor-version":[{"id":1119,"href":"https:\/\/www.ccta.ufpb.br\/lamusi\/wp-json\/wp\/v2\/pages\/1115\/revisions\/1119"}],"wp:attachment":[{"href":"https:\/\/www.ccta.ufpb.br\/lamusi\/wp-json\/wp\/v2\/media?parent=1115"}],"curies":[{"name":"wp","href":"https:\/\/api.w.org\/{rel}","templated":true}]}}

<div class="wp-block-image">
<figure class="alignleft size-large is-resized"><img loading="lazy" decoding="async" width="683" height="1024" src="https://www.ccta.ufpb.br/lamusi/wp-content/uploads/sites/102/sites/426/2026/07/Foto-Sofia-Ferreira_LabFoto_UFPB-@sofi_saant-23-2-683x1024.jpg" alt="" class="wp-image-1118" style="width:342px" srcset="https://www.ccta.ufpb.br/lamusi/wp-content/uploads/sites/102/sites/426/2026/07/Foto-Sofia-Ferreira_LabFoto_UFPB-@sofi_saant-23-2-683x1024.jpg 683w, https://www.ccta.ufpb.br/lamusi/wp-content/uploads/sites/102/sites/426/2026/07/Foto-Sofia-Ferreira_LabFoto_UFPB-@sofi_saant-23-2-200x300.jpg 200w, https://www.ccta.ufpb.br/lamusi/wp-content/uploads/sites/102/sites/426/2026/07/Foto-Sofia-Ferreira_LabFoto_UFPB-@sofi_saant-23-2-768x1152.jpg 768w, https://www.ccta.ufpb.br/lamusi/wp-content/uploads/sites/102/sites/426/2026/07/Foto-Sofia-Ferreira_LabFoto_UFPB-@sofi_saant-23-2-1024x1536.jpg 1024w, https://www.ccta.ufpb.br/lamusi/wp-content/uploads/sites/102/sites/426/2026/07/Foto-Sofia-Ferreira_LabFoto_UFPB-@sofi_saant-23-2-1365x2048.jpg 1365w, https://www.ccta.ufpb.br/lamusi/wp-content/uploads/sites/102/sites/426/2026/07/Foto-Sofia-Ferreira_LabFoto_UFPB-@sofi_saant-23-2-scaled.jpg 1707w" sizes="auto, (max-width: 683px) 100vw, 683px" /></figure>
</div>


<p class="wp-block-paragraph" style="font-size:20px"><strong>Victor Mesquita Vieira</strong> é doutor em Musicologia pela Universidade Federal da Paraíba (UFPB), mestre em Música (Performance) pela mesma instituição e bacharel em Contrabaixo. Desenvolve pesquisas nas áreas de musicologia e performance, com ênfase na história da educação musical e na formação de instrumentistas. Como músico, atuou como primeiro contrabaixista da Orquestra Sinfônica de Sergipe, foi semifinalista da seleção para a Atlanta Symphony Orchestra (EUA), em 2015, e também desenvolve atividades como produtor musical, com experiência em gravação e sonorização de música de concerto. Integra a Orquestra Sinfônica da Universidade Federal da Paraíba (OSUFPB) desde sua fundação, em 2013, e também é contrabaixista da Orquestra Sinfônica da Paraíba (OSPB).</p>

<p>Victor Mesquita Vieira é doutor em Musicologia pela Universidade Federal da Paraíba (UFPB), mestre em Música [&hellip;]</p>
