{"id":1121,"date":"2026-07-14T12:14:06","date_gmt":"2026-07-14T15:14:06","guid":{"rendered":"https:\/\/www.ccta.ufpb.br\/lamusi\/?page_id=1121"},"modified":"2026-07-14T12:14:06","modified_gmt":"2026-07-14T15:14:06","slug":"eduardo-lima","status":"publish","type":"page","link":"https:\/\/www.ccta.ufpb.br\/lamusi\/eduardo-lima\/","title":{"rendered":"Eduardo Lima"},"content":{"rendered":"<div class=\"wp-block-image\">\n<figure class=\"alignleft size-large is-resized\"><img loading=\"lazy\" decoding=\"async\" width=\"683\" height=\"1024\" src=\"https:\/\/www.ccta.ufpb.br\/lamusi\/wp-content\/uploads\/sites\/102\/sites\/426\/2026\/07\/Foto-Lucas-Barros_LabFoto_UFPB-@llucasr.b-5-683x1024.jpg\" alt=\"\" class=\"wp-image-1122\" style=\"width:342px\" srcset=\"https:\/\/www.ccta.ufpb.br\/lamusi\/wp-content\/uploads\/sites\/102\/sites\/426\/2026\/07\/Foto-Lucas-Barros_LabFoto_UFPB-@llucasr.b-5-683x1024.jpg 683w, https:\/\/www.ccta.ufpb.br\/lamusi\/wp-content\/uploads\/sites\/102\/sites\/426\/2026\/07\/Foto-Lucas-Barros_LabFoto_UFPB-@llucasr.b-5-200x300.jpg 200w, https:\/\/www.ccta.ufpb.br\/lamusi\/wp-content\/uploads\/sites\/102\/sites\/426\/2026\/07\/Foto-Lucas-Barros_LabFoto_UFPB-@llucasr.b-5-768x1152.jpg 768w, https:\/\/www.ccta.ufpb.br\/lamusi\/wp-content\/uploads\/sites\/102\/sites\/426\/2026\/07\/Foto-Lucas-Barros_LabFoto_UFPB-@llucasr.b-5-1024x1536.jpg 1024w, https:\/\/www.ccta.ufpb.br\/lamusi\/wp-content\/uploads\/sites\/102\/sites\/426\/2026\/07\/Foto-Lucas-Barros_LabFoto_UFPB-@llucasr.b-5-1365x2048.jpg 1365w, https:\/\/www.ccta.ufpb.br\/lamusi\/wp-content\/uploads\/sites\/102\/sites\/426\/2026\/07\/Foto-Lucas-Barros_LabFoto_UFPB-@llucasr.b-5-scaled.jpg 1707w\" sizes=\"auto, (max-width: 683px) 100vw, 683px\" \/><\/figure>\n<\/div>\n\n\n<p class=\"wp-block-paragraph\" style=\"font-size:20px\"><strong>Eduardo Filippe de Lima<\/strong> \u00a0&#8211; Mestre e Bacharel laureado em M\u00fasica pela Universidade Federal da Para\u00edba, tamb\u00e9m realizou cursos de aperfei\u00e7oamento na Alemanha e It\u00e1lia. Se apresentou como solista frente \u00e0 orquestras sinf\u00f4nicas de diversos estados brasileiros, e foi premiado em importantes concurso nacionais e internacionais, como: Concurso Internacional do Festival Rossi de Buenos Aires, Concorso Internazionale Musicale Melos, Concurso Latinoamericano de Clarinetistas do Claripeu, Concurso Nacional Jovens Clarinetistas Devon &amp; Burgani, Concurso Jovens Solistas Gramado in Concert, Concurso Jovens Solistas da Orquestra Sinf\u00f4nica de Minas Gerais, entre outros. <\/p>\n\n\n\n<p class=\"wp-block-paragraph\"><\/p>\n\n\n\n<p class=\"wp-block-paragraph\" style=\"font-size:20px\">Como professor de clarinete, atuou na Universidade Federal de Pernambuco, Universidade Federal de Mato Grosso e em diversas cidades paraibanas pelo projeto PRIMA. Atualmente, \u00e9 clarinetista principal da OSUFPB, doutorando em educa\u00e7\u00e3o musical pela UFPB e membro do Quinteto Parambuco, onde desenvolve trabalho de produ\u00e7\u00e3o cultural, pesquisa e performance do repert\u00f3rio camer\u00edstico nordestino.<\/p>\n","protected":false},"excerpt":{"rendered":"<p>Eduardo Filippe de Lima \u00a0&#8211; Mestre e Bacharel laureado em M\u00fasica pela Universidade Federal da [&hellip;]<\/p>\n","protected":false},"author":494,"featured_media":0,"parent":0,"menu_order":0,"comment_status":"closed","ping_status":"closed","template":"","meta":{"footnotes":""},"class_list":["post-1121","page","type-page","status-publish","hentry"],"_links":{"self":[{"href":"https:\/\/www.ccta.ufpb.br\/lamusi\/wp-json\/wp\/v2\/pages\/1121","targetHints":{"allow":["GET"]}}],"collection":[{"href":"https:\/\/www.ccta.ufpb.br\/lamusi\/wp-json\/wp\/v2\/pages"}],"about":[{"href":"https:\/\/www.ccta.ufpb.br\/lamusi\/wp-json\/wp\/v2\/types\/page"}],"author":[{"embeddable":true,"href":"https:\/\/www.ccta.ufpb.br\/lamusi\/wp-json\/wp\/v2\/users\/494"}],"replies":[{"embeddable":true,"href":"https:\/\/www.ccta.ufpb.br\/lamusi\/wp-json\/wp\/v2\/comments?post=1121"}],"version-history":[{"count":1,"href":"https:\/\/www.ccta.ufpb.br\/lamusi\/wp-json\/wp\/v2\/pages\/1121\/revisions"}],"predecessor-version":[{"id":1123,"href":"https:\/\/www.ccta.ufpb.br\/lamusi\/wp-json\/wp\/v2\/pages\/1121\/revisions\/1123"}],"wp:attachment":[{"href":"https:\/\/www.ccta.ufpb.br\/lamusi\/wp-json\/wp\/v2\/media?parent=1121"}],"curies":[{"name":"wp","href":"https:\/\/api.w.org\/{rel}","templated":true}]}}

<div class="wp-block-image">
<figure class="alignleft size-large is-resized"><img loading="lazy" decoding="async" width="683" height="1024" src="https://www.ccta.ufpb.br/lamusi/wp-content/uploads/sites/102/sites/426/2026/07/Foto-Lucas-Barros_LabFoto_UFPB-@llucasr.b-5-683x1024.jpg" alt="" class="wp-image-1122" style="width:342px" srcset="https://www.ccta.ufpb.br/lamusi/wp-content/uploads/sites/102/sites/426/2026/07/Foto-Lucas-Barros_LabFoto_UFPB-@llucasr.b-5-683x1024.jpg 683w, https://www.ccta.ufpb.br/lamusi/wp-content/uploads/sites/102/sites/426/2026/07/Foto-Lucas-Barros_LabFoto_UFPB-@llucasr.b-5-200x300.jpg 200w, https://www.ccta.ufpb.br/lamusi/wp-content/uploads/sites/102/sites/426/2026/07/Foto-Lucas-Barros_LabFoto_UFPB-@llucasr.b-5-768x1152.jpg 768w, https://www.ccta.ufpb.br/lamusi/wp-content/uploads/sites/102/sites/426/2026/07/Foto-Lucas-Barros_LabFoto_UFPB-@llucasr.b-5-1024x1536.jpg 1024w, https://www.ccta.ufpb.br/lamusi/wp-content/uploads/sites/102/sites/426/2026/07/Foto-Lucas-Barros_LabFoto_UFPB-@llucasr.b-5-1365x2048.jpg 1365w, https://www.ccta.ufpb.br/lamusi/wp-content/uploads/sites/102/sites/426/2026/07/Foto-Lucas-Barros_LabFoto_UFPB-@llucasr.b-5-scaled.jpg 1707w" sizes="auto, (max-width: 683px) 100vw, 683px" /></figure>
</div>


<p class="wp-block-paragraph" style="font-size:20px"><strong>Eduardo Filippe de Lima</strong>  &#8211; Mestre e Bacharel laureado em Música pela Universidade Federal da Paraíba, também realizou cursos de aperfeiçoamento na Alemanha e Itália. Se apresentou como solista frente à orquestras sinfônicas de diversos estados brasileiros, e foi premiado em importantes concurso nacionais e internacionais, como: Concurso Internacional do Festival Rossi de Buenos Aires, Concorso Internazionale Musicale Melos, Concurso Latinoamericano de Clarinetistas do Claripeu, Concurso Nacional Jovens Clarinetistas Devon &amp; Burgani, Concurso Jovens Solistas Gramado in Concert, Concurso Jovens Solistas da Orquestra Sinfônica de Minas Gerais, entre outros. </p>



<p class="wp-block-paragraph"></p>



<p class="wp-block-paragraph" style="font-size:20px">Como professor de clarinete, atuou na Universidade Federal de Pernambuco, Universidade Federal de Mato Grosso e em diversas cidades paraibanas pelo projeto PRIMA. Atualmente, é clarinetista principal da OSUFPB, doutorando em educação musical pela UFPB e membro do Quinteto Parambuco, onde desenvolve trabalho de produção cultural, pesquisa e performance do repertório camerístico nordestino.</p>

<p>Eduardo Filippe de Lima  &#8211; Mestre e Bacharel laureado em Música pela Universidade Federal da [&hellip;]</p>
