{"id":1125,"date":"2026-07-14T12:18:14","date_gmt":"2026-07-14T15:18:14","guid":{"rendered":"https:\/\/www.ccta.ufpb.br\/lamusi\/?page_id=1125"},"modified":"2026-07-14T12:18:14","modified_gmt":"2026-07-14T15:18:14","slug":"andre-rodrigues","status":"publish","type":"page","link":"https:\/\/www.ccta.ufpb.br\/lamusi\/andre-rodrigues\/","title":{"rendered":"Andr\u00e9 Rodrigues"},"content":{"rendered":"<div class=\"wp-block-image\">\n<figure class=\"alignleft size-large is-resized\"><img loading=\"lazy\" decoding=\"async\" width=\"710\" height=\"1024\" src=\"https:\/\/www.ccta.ufpb.br\/lamusi\/wp-content\/uploads\/sites\/102\/sites\/426\/2026\/07\/Foto-Lucas-Barros_LabFoto_UFPB-@llucasr.b-3-710x1024.jpg\" alt=\"\" class=\"wp-image-1126\" style=\"width:342px\" srcset=\"https:\/\/www.ccta.ufpb.br\/lamusi\/wp-content\/uploads\/sites\/102\/sites\/426\/2026\/07\/Foto-Lucas-Barros_LabFoto_UFPB-@llucasr.b-3-710x1024.jpg 710w, https:\/\/www.ccta.ufpb.br\/lamusi\/wp-content\/uploads\/sites\/102\/sites\/426\/2026\/07\/Foto-Lucas-Barros_LabFoto_UFPB-@llucasr.b-3-208x300.jpg 208w, https:\/\/www.ccta.ufpb.br\/lamusi\/wp-content\/uploads\/sites\/102\/sites\/426\/2026\/07\/Foto-Lucas-Barros_LabFoto_UFPB-@llucasr.b-3-768x1108.jpg 768w, https:\/\/www.ccta.ufpb.br\/lamusi\/wp-content\/uploads\/sites\/102\/sites\/426\/2026\/07\/Foto-Lucas-Barros_LabFoto_UFPB-@llucasr.b-3-1065x1536.jpg 1065w, https:\/\/www.ccta.ufpb.br\/lamusi\/wp-content\/uploads\/sites\/102\/sites\/426\/2026\/07\/Foto-Lucas-Barros_LabFoto_UFPB-@llucasr.b-3-1420x2048.jpg 1420w, https:\/\/www.ccta.ufpb.br\/lamusi\/wp-content\/uploads\/sites\/102\/sites\/426\/2026\/07\/Foto-Lucas-Barros_LabFoto_UFPB-@llucasr.b-3-scaled.jpg 1775w\" sizes=\"auto, (max-width: 710px) 100vw, 710px\" \/><\/figure>\n<\/div>\n\n\n<p class=\"wp-block-paragraph\" style=\"font-size:20px\"><strong>Andr\u00e9 Rodrigues de Lima da Cunha<\/strong>&nbsp;\u00e9 natural de Angra dos Reis-RJ, mas logo cedo mudou-se para Natal-RN, onde iniciou sua trajet\u00f3ria come\u00e7ou na igreja, ainda informalmente com aulas de violino. Posteriormente teve um contato mais pr\u00f3ximo com o universo dos instrumentos de metais, escolhendo a trompa de harmonia e matriculando-se no curso B\u00e1sico da Escola de M\u00fasica da UFRN com o professor Radegundis Tavares, que o orientou nos cursos T\u00e9cnico e Bacharelado.&nbsp;<\/p>\n\n\n\n<p class=\"wp-block-paragraph\" style=\"font-size:20px\">Foi nos grupos camer\u00edsticos da Escola de M\u00fasica da UFRN que amadureceu suas experi\u00eancias com a interpreta\u00e7\u00e3o da m\u00fasica brasileira e teve a oportunidade de ampliar seus horizontes musicais participando da orquestra Sinf\u00f4nica do Rio Grande do Norte e da Filarm\u00f4nica da UFRN.&nbsp;<\/p>\n\n\n\n<p class=\"wp-block-paragraph\" style=\"font-size:20px\">All\u00e9m de ter o professor Radegundis Tavares como mentor, foi aluno de professores como Will Sanders (Alemanha), Jeff Nelsen (EUA), Adalto Soares (RJ). Participou ainda de encontros nacionais e internacionais de trompa, bem como festivais de m\u00fasica, como o festival Gramado in Concert. Atuou como professor do Programa Nacional de Acesso ao Ensino T\u00e9cnico e Emprego (Pronatec).&nbsp;<\/p>\n\n\n\n<p class=\"wp-block-paragraph\" style=\"font-size:20px\">Em 2018 concluiu o Mestrado em pr\u00e1ticas interpretativas\/instrumento pela Universidade Federal do Rio Grande do Norte e hoje \u00e9 trompista da Orquestra da Universidade Federal da Para\u00edba.<\/p>\n","protected":false},"excerpt":{"rendered":"<p>Andr\u00e9 Rodrigues de Lima da Cunha&nbsp;\u00e9 natural de Angra dos Reis-RJ, mas logo cedo mudou-se [&hellip;]<\/p>\n","protected":false},"author":494,"featured_media":0,"parent":0,"menu_order":0,"comment_status":"closed","ping_status":"closed","template":"","meta":{"footnotes":""},"class_list":["post-1125","page","type-page","status-publish","hentry"],"_links":{"self":[{"href":"https:\/\/www.ccta.ufpb.br\/lamusi\/wp-json\/wp\/v2\/pages\/1125","targetHints":{"allow":["GET"]}}],"collection":[{"href":"https:\/\/www.ccta.ufpb.br\/lamusi\/wp-json\/wp\/v2\/pages"}],"about":[{"href":"https:\/\/www.ccta.ufpb.br\/lamusi\/wp-json\/wp\/v2\/types\/page"}],"author":[{"embeddable":true,"href":"https:\/\/www.ccta.ufpb.br\/lamusi\/wp-json\/wp\/v2\/users\/494"}],"replies":[{"embeddable":true,"href":"https:\/\/www.ccta.ufpb.br\/lamusi\/wp-json\/wp\/v2\/comments?post=1125"}],"version-history":[{"count":1,"href":"https:\/\/www.ccta.ufpb.br\/lamusi\/wp-json\/wp\/v2\/pages\/1125\/revisions"}],"predecessor-version":[{"id":1127,"href":"https:\/\/www.ccta.ufpb.br\/lamusi\/wp-json\/wp\/v2\/pages\/1125\/revisions\/1127"}],"wp:attachment":[{"href":"https:\/\/www.ccta.ufpb.br\/lamusi\/wp-json\/wp\/v2\/media?parent=1125"}],"curies":[{"name":"wp","href":"https:\/\/api.w.org\/{rel}","templated":true}]}}

André Rodrigues

<div class="wp-block-image">
<figure class="alignleft size-large is-resized"><img loading="lazy" decoding="async" width="710" height="1024" src="https://www.ccta.ufpb.br/lamusi/wp-content/uploads/sites/102/sites/426/2026/07/Foto-Lucas-Barros_LabFoto_UFPB-@llucasr.b-3-710x1024.jpg" alt="" class="wp-image-1126" style="width:342px" srcset="https://www.ccta.ufpb.br/lamusi/wp-content/uploads/sites/102/sites/426/2026/07/Foto-Lucas-Barros_LabFoto_UFPB-@llucasr.b-3-710x1024.jpg 710w, https://www.ccta.ufpb.br/lamusi/wp-content/uploads/sites/102/sites/426/2026/07/Foto-Lucas-Barros_LabFoto_UFPB-@llucasr.b-3-208x300.jpg 208w, https://www.ccta.ufpb.br/lamusi/wp-content/uploads/sites/102/sites/426/2026/07/Foto-Lucas-Barros_LabFoto_UFPB-@llucasr.b-3-768x1108.jpg 768w, https://www.ccta.ufpb.br/lamusi/wp-content/uploads/sites/102/sites/426/2026/07/Foto-Lucas-Barros_LabFoto_UFPB-@llucasr.b-3-1065x1536.jpg 1065w, https://www.ccta.ufpb.br/lamusi/wp-content/uploads/sites/102/sites/426/2026/07/Foto-Lucas-Barros_LabFoto_UFPB-@llucasr.b-3-1420x2048.jpg 1420w, https://www.ccta.ufpb.br/lamusi/wp-content/uploads/sites/102/sites/426/2026/07/Foto-Lucas-Barros_LabFoto_UFPB-@llucasr.b-3-scaled.jpg 1775w" sizes="auto, (max-width: 710px) 100vw, 710px" /></figure>
</div>


<p class="wp-block-paragraph" style="font-size:20px"><strong>André Rodrigues de Lima da Cunha</strong>&nbsp;é natural de Angra dos Reis-RJ, mas logo cedo mudou-se para Natal-RN, onde iniciou sua trajetória começou na igreja, ainda informalmente com aulas de violino. Posteriormente teve um contato mais próximo com o universo dos instrumentos de metais, escolhendo a trompa de harmonia e matriculando-se no curso Básico da Escola de Música da UFRN com o professor Radegundis Tavares, que o orientou nos cursos Técnico e Bacharelado.&nbsp;</p>



<p class="wp-block-paragraph" style="font-size:20px">Foi nos grupos camerísticos da Escola de Música da UFRN que amadureceu suas experiências com a interpretação da música brasileira e teve a oportunidade de ampliar seus horizontes musicais participando da orquestra Sinfônica do Rio Grande do Norte e da Filarmônica da UFRN.&nbsp;</p>



<p class="wp-block-paragraph" style="font-size:20px">Allém de ter o professor Radegundis Tavares como mentor, foi aluno de professores como Will Sanders (Alemanha), Jeff Nelsen (EUA), Adalto Soares (RJ). Participou ainda de encontros nacionais e internacionais de trompa, bem como festivais de música, como o festival Gramado in Concert. Atuou como professor do Programa Nacional de Acesso ao Ensino Técnico e Emprego (Pronatec).&nbsp;</p>



<p class="wp-block-paragraph" style="font-size:20px">Em 2018 concluiu o Mestrado em práticas interpretativas/instrumento pela Universidade Federal do Rio Grande do Norte e hoje é trompista da Orquestra da Universidade Federal da Paraíba.</p>

<p>André Rodrigues de Lima da Cunha&nbsp;é natural de Angra dos Reis-RJ, mas logo cedo mudou-se [&hellip;]</p>
