{"id":1133,"date":"2026-07-14T12:23:49","date_gmt":"2026-07-14T15:23:49","guid":{"rendered":"https:\/\/www.ccta.ufpb.br\/lamusi\/?page_id=1133"},"modified":"2026-07-24T11:51:39","modified_gmt":"2026-07-24T14:51:39","slug":"deyse-firmino","status":"publish","type":"page","link":"https:\/\/www.ccta.ufpb.br\/lamusi\/deyse-firmino\/","title":{"rendered":"Deyse Firmino"},"content":{"rendered":"<div class=\"wp-block-image\">\n<figure class=\"alignleft size-large is-resized\"><img loading=\"lazy\" decoding=\"async\" width=\"683\" height=\"1024\" src=\"https:\/\/www.ccta.ufpb.br\/lamusi\/wp-content\/uploads\/sites\/102\/sites\/426\/2026\/07\/Foto-Lucas-Barros_LabFoto_UFPB-@llucasr.b-28-683x1024.jpg\" alt=\"\" class=\"wp-image-1134\" style=\"width:342px\" srcset=\"https:\/\/www.ccta.ufpb.br\/lamusi\/wp-content\/uploads\/sites\/102\/sites\/426\/2026\/07\/Foto-Lucas-Barros_LabFoto_UFPB-@llucasr.b-28-683x1024.jpg 683w, https:\/\/www.ccta.ufpb.br\/lamusi\/wp-content\/uploads\/sites\/102\/sites\/426\/2026\/07\/Foto-Lucas-Barros_LabFoto_UFPB-@llucasr.b-28-200x300.jpg 200w, https:\/\/www.ccta.ufpb.br\/lamusi\/wp-content\/uploads\/sites\/102\/sites\/426\/2026\/07\/Foto-Lucas-Barros_LabFoto_UFPB-@llucasr.b-28-768x1152.jpg 768w, https:\/\/www.ccta.ufpb.br\/lamusi\/wp-content\/uploads\/sites\/102\/sites\/426\/2026\/07\/Foto-Lucas-Barros_LabFoto_UFPB-@llucasr.b-28-1024x1536.jpg 1024w, https:\/\/www.ccta.ufpb.br\/lamusi\/wp-content\/uploads\/sites\/102\/sites\/426\/2026\/07\/Foto-Lucas-Barros_LabFoto_UFPB-@llucasr.b-28-1365x2048.jpg 1365w, https:\/\/www.ccta.ufpb.br\/lamusi\/wp-content\/uploads\/sites\/102\/sites\/426\/2026\/07\/Foto-Lucas-Barros_LabFoto_UFPB-@llucasr.b-28-scaled.jpg 1706w\" sizes=\"auto, (max-width: 683px) 100vw, 683px\" \/><\/figure>\n<\/div>\n\n\n<p class=\"wp-block-paragraph\" style=\"font-size:20px\"><strong>Deyse Firmino Fernandes Vasconcelos<\/strong> \u00e9 natural de Fortaleza (CE), iniciou os estudos de violino aos 15 anos. Aos 17, recebeu bolsa de estudos do Conservat\u00f3rio Alberto Nepomuceno, onde ingressou na classe do violinista e professor Frederico Barreto.<br>\u00c9 bacharel em M\u00fasica, com habilita\u00e7\u00e3o em Violino, pela Universidade Federal da Para\u00edba (UFPB), sob orienta\u00e7\u00e3o do professor Hermes Cuzzuol. Possui especializa\u00e7\u00e3o em Educa\u00e7\u00e3o Musical e mestrado em M\u00fasica, com \u00eanfase em Pr\u00e1ticas Interpretativas, pela Universidade Federal do Rio Grande do Norte (UFRN).<br>Sua experi\u00eancia orquestral inclui a Orquestra Sinf\u00f4nica de Sergipe, a Orquestra Sinf\u00f4nica Jovem da Para\u00edba \u2014 na qual atuou como spalla \u2014, a Orquestra Sinf\u00f4nica da Para\u00edba e a Orquestra Filarm\u00f4nica do Cear\u00e1. Integrou tamb\u00e9m a Camerata Stradivarius, sob dire\u00e7\u00e3o de Frederico Barreto, participando de projetos de grava\u00e7\u00e3o fonogr\u00e1fica.<br>Atualmente, \u00e9 violinista efetiva da Orquestra Sinf\u00f4nica da Universidade Federal da Para\u00edba (OSUFPB), professora de violino da Escola Estadual de M\u00fasica Anthenor Navarro (EEMAN) e professora de cordas da Orquestra Infantil da Para\u00edba (OSPB-Infantil). Desenvolve ainda atividade camer\u00edstica no Trio Marand\u00ea e mant\u00e9m estudos sob orienta\u00e7\u00e3o do violinista e professor Leopoldo Nogueira.<\/p>\n","protected":false},"excerpt":{"rendered":"<p>Deyse Firmino Fernandes Vasconcelos \u00e9 natural de Fortaleza (CE), iniciou os estudos de violino aos [&hellip;]<\/p>\n","protected":false},"author":494,"featured_media":0,"parent":0,"menu_order":0,"comment_status":"closed","ping_status":"closed","template":"","meta":{"footnotes":""},"class_list":["post-1133","page","type-page","status-publish","hentry"],"_links":{"self":[{"href":"https:\/\/www.ccta.ufpb.br\/lamusi\/wp-json\/wp\/v2\/pages\/1133","targetHints":{"allow":["GET"]}}],"collection":[{"href":"https:\/\/www.ccta.ufpb.br\/lamusi\/wp-json\/wp\/v2\/pages"}],"about":[{"href":"https:\/\/www.ccta.ufpb.br\/lamusi\/wp-json\/wp\/v2\/types\/page"}],"author":[{"embeddable":true,"href":"https:\/\/www.ccta.ufpb.br\/lamusi\/wp-json\/wp\/v2\/users\/494"}],"replies":[{"embeddable":true,"href":"https:\/\/www.ccta.ufpb.br\/lamusi\/wp-json\/wp\/v2\/comments?post=1133"}],"version-history":[{"count":3,"href":"https:\/\/www.ccta.ufpb.br\/lamusi\/wp-json\/wp\/v2\/pages\/1133\/revisions"}],"predecessor-version":[{"id":1228,"href":"https:\/\/www.ccta.ufpb.br\/lamusi\/wp-json\/wp\/v2\/pages\/1133\/revisions\/1228"}],"wp:attachment":[{"href":"https:\/\/www.ccta.ufpb.br\/lamusi\/wp-json\/wp\/v2\/media?parent=1133"}],"curies":[{"name":"wp","href":"https:\/\/api.w.org\/{rel}","templated":true}]}}

<div class="wp-block-image">
<figure class="alignleft size-large is-resized"><img loading="lazy" decoding="async" width="683" height="1024" src="https://www.ccta.ufpb.br/lamusi/wp-content/uploads/sites/102/sites/426/2026/07/Foto-Lucas-Barros_LabFoto_UFPB-@llucasr.b-28-683x1024.jpg" alt="" class="wp-image-1134" style="width:342px" srcset="https://www.ccta.ufpb.br/lamusi/wp-content/uploads/sites/102/sites/426/2026/07/Foto-Lucas-Barros_LabFoto_UFPB-@llucasr.b-28-683x1024.jpg 683w, https://www.ccta.ufpb.br/lamusi/wp-content/uploads/sites/102/sites/426/2026/07/Foto-Lucas-Barros_LabFoto_UFPB-@llucasr.b-28-200x300.jpg 200w, https://www.ccta.ufpb.br/lamusi/wp-content/uploads/sites/102/sites/426/2026/07/Foto-Lucas-Barros_LabFoto_UFPB-@llucasr.b-28-768x1152.jpg 768w, https://www.ccta.ufpb.br/lamusi/wp-content/uploads/sites/102/sites/426/2026/07/Foto-Lucas-Barros_LabFoto_UFPB-@llucasr.b-28-1024x1536.jpg 1024w, https://www.ccta.ufpb.br/lamusi/wp-content/uploads/sites/102/sites/426/2026/07/Foto-Lucas-Barros_LabFoto_UFPB-@llucasr.b-28-1365x2048.jpg 1365w, https://www.ccta.ufpb.br/lamusi/wp-content/uploads/sites/102/sites/426/2026/07/Foto-Lucas-Barros_LabFoto_UFPB-@llucasr.b-28-scaled.jpg 1706w" sizes="auto, (max-width: 683px) 100vw, 683px" /></figure>
</div>


<p class="wp-block-paragraph" style="font-size:20px"><strong>Deyse Firmino Fernandes Vasconcelos</strong> é natural de Fortaleza (CE), iniciou os estudos de violino aos 15 anos. Aos 17, recebeu bolsa de estudos do Conservatório Alberto Nepomuceno, onde ingressou na classe do violinista e professor Frederico Barreto.<br>É bacharel em Música, com habilitação em Violino, pela Universidade Federal da Paraíba (UFPB), sob orientação do professor Hermes Cuzzuol. Possui especialização em Educação Musical e mestrado em Música, com ênfase em Práticas Interpretativas, pela Universidade Federal do Rio Grande do Norte (UFRN).<br>Sua experiência orquestral inclui a Orquestra Sinfônica de Sergipe, a Orquestra Sinfônica Jovem da Paraíba — na qual atuou como spalla —, a Orquestra Sinfônica da Paraíba e a Orquestra Filarmônica do Ceará. Integrou também a Camerata Stradivarius, sob direção de Frederico Barreto, participando de projetos de gravação fonográfica.<br>Atualmente, é violinista efetiva da Orquestra Sinfônica da Universidade Federal da Paraíba (OSUFPB), professora de violino da Escola Estadual de Música Anthenor Navarro (EEMAN) e professora de cordas da Orquestra Infantil da Paraíba (OSPB-Infantil). Desenvolve ainda atividade camerística no Trio Marandê e mantém estudos sob orientação do violinista e professor Leopoldo Nogueira.</p>

<p>Deyse Firmino Fernandes Vasconcelos é natural de Fortaleza (CE), iniciou os estudos de violino aos [&hellip;]</p>
