{"id":1146,"date":"2026-07-14T12:31:27","date_gmt":"2026-07-14T15:31:27","guid":{"rendered":"https:\/\/www.ccta.ufpb.br\/lamusi\/?page_id=1146"},"modified":"2026-07-27T09:52:03","modified_gmt":"2026-07-27T12:52:03","slug":"renata-simoes","status":"publish","type":"page","link":"https:\/\/www.ccta.ufpb.br\/lamusi\/renata-simoes\/","title":{"rendered":"Renata Sim\u00f5es"},"content":{"rendered":"<div class=\"wp-block-image\">\n<figure class=\"alignleft size-large is-resized\"><img loading=\"lazy\" decoding=\"async\" width=\"683\" height=\"1024\" src=\"https:\/\/www.ccta.ufpb.br\/lamusi\/wp-content\/uploads\/sites\/102\/sites\/426\/2026\/07\/Foto-Lucas-Barros_LabFoto_UFPB-@llucasr.b-16-683x1024.jpg\" alt=\"\" class=\"wp-image-1147\" style=\"width:342px\" srcset=\"https:\/\/www.ccta.ufpb.br\/lamusi\/wp-content\/uploads\/sites\/102\/sites\/426\/2026\/07\/Foto-Lucas-Barros_LabFoto_UFPB-@llucasr.b-16-683x1024.jpg 683w, https:\/\/www.ccta.ufpb.br\/lamusi\/wp-content\/uploads\/sites\/102\/sites\/426\/2026\/07\/Foto-Lucas-Barros_LabFoto_UFPB-@llucasr.b-16-200x300.jpg 200w, https:\/\/www.ccta.ufpb.br\/lamusi\/wp-content\/uploads\/sites\/102\/sites\/426\/2026\/07\/Foto-Lucas-Barros_LabFoto_UFPB-@llucasr.b-16-768x1152.jpg 768w, https:\/\/www.ccta.ufpb.br\/lamusi\/wp-content\/uploads\/sites\/102\/sites\/426\/2026\/07\/Foto-Lucas-Barros_LabFoto_UFPB-@llucasr.b-16-1024x1536.jpg 1024w, https:\/\/www.ccta.ufpb.br\/lamusi\/wp-content\/uploads\/sites\/102\/sites\/426\/2026\/07\/Foto-Lucas-Barros_LabFoto_UFPB-@llucasr.b-16-1365x2048.jpg 1365w, https:\/\/www.ccta.ufpb.br\/lamusi\/wp-content\/uploads\/sites\/102\/sites\/426\/2026\/07\/Foto-Lucas-Barros_LabFoto_UFPB-@llucasr.b-16-scaled.jpg 1707w\" sizes=\"auto, (max-width: 683px) 100vw, 683px\" \/><\/figure>\n<\/div>\n\n\n<p class=\"wp-block-paragraph\" style=\"font-size:20px\"><strong>Renata Sim\u00f5es Borges da Fonseca<\/strong> \u00e9 Bacharel e Mestra em violino e Doutora em Etnomusicologia pela Universidade Federal da Para\u00edba. Atuou como solista junto a algumas orquestras do Nordeste, a exemplo da Orquestra Sinf\u00f4nica Jovem da Para\u00edba (da qual foi spalla de 1990 a 1992), Orquestra Sinf\u00f4nica da Para\u00edba, onde, durante muitos anos exerceu o cargo de Concertino e durante o ano de 2012 assumiu o cargo de spalla, e Orquestra Sinf\u00f4nica de Recife, onde exerceu o cargo de spalla durante o ano de 2011. Atualmente \u00e9 funcion\u00e1ria da Universidade Federal da Para\u00edba, ocupando o cargo de M\u00fasico-Violinista da Orquestra Sinf\u00f4nica da Universidade Federal da Para\u00edba &#8211; OSUFPB e integrante do naipe de primeiros violinos da Orquestra Sinf\u00f4nica da Para\u00edba. Sua maior \u00e1rea de atua\u00e7\u00e3o tem sido o trabalho camer\u00edstico. Foi 1 Violino do Quarteto de Cordas da EMAN de 1993 a 1997, violinista do grupo TRIVIUM um dos vencedores do II Concurso Nacional Jovens Cameristas (Para\u00edba 1997) e junto com a pianista Vania Camacho manteve durante v\u00e1rios anos, o Duo Sim\u00f5es-Camacho, com o qual venceu o Concurso Nacional de Piano e M\u00fasica de C\u00e2mara (Ara\u00e7atuba 1994), o Jovens Instrumentistas Brasil (Piracicaba 1995) e obteve premia\u00e7\u00e3o em diversos outros, nacionais e internacionais. Com este Duo, a violinista se apresentou em v\u00e1rias cidades do Brasil e do exterior. Foi tamb\u00e9m, de 2003 a 2008, violista do Quinteto Uirapuru com o qual, em 2004, gravou o CD Sivuca Quinteto Uirapuru pelo selo Kuarup, que conta com arranjos in\u00e9ditos do Mestre Sivuca feitos especialmente para o grupo. Devido ao seu grande interesse pela pesquisa da m\u00fasica renascentista e barroca, integrou durante alguns anos o grupo Camena que, em suas diversas apresenta\u00e7\u00f5es pelo Pa\u00eds, foi sempre aclamado por parte do p\u00fablico e da cr\u00edtica. Nesta linha, fez tamb\u00e9m parte, durante o ano de 2015, do grupo Iamak\u00e1, formado por professores e alunos da Universidade Federal da Para\u00edba com o objetivo de pesquisar e interpretar m\u00fasicas renascentistas e contempor\u00e2neas. Renata foi tamb\u00e9m primeiro violino da Camerata Arte-Mulher. Al\u00e9m de atividades como violinista ou violista, Renata ainda realizou trabalhos de sonoplastia em teatro tendo recebido o pr\u00eamio de melhor trilha sonora para teatro na XI Mostra Estadual de Teatro e Dan\u00e7a da Para\u00edba &#8211; 2004, com a pe\u00e7a As Doutoras de Joaquim da Fran\u00e7a J\u00fanior sob a dire\u00e7\u00e3o do renomado autor e diretor paraibano Tarc\u00edsio Pereira (al\u00e9m de ter concorrido ao pr\u00eamio de melhor atriz coadjuvante da referida pe\u00e7a) e na XIII Mostra Estadual de Teatro e Dan\u00e7a da Para\u00edba &#8211; 2006 pela trilha sonora da pe\u00e7a &#8220;O Auto das Sete Luas de Barro&#8221; de Vital Santos com dire\u00e7\u00e3o de Jucinaldo Pereira. No teatro j\u00e1 trabalhou sob a dire\u00e7\u00e3o de Mizael Batista, Jucinaldo Pereira, Roberto Cartaxo, Tarc\u00edsio Pereira e Jorge Bweres. Entre os anos de 2011 e 2014, integrou o Grupo de Teatro Lavoura, onde realizou ao vivo, na viola, a trilha sonora do espet\u00e1culo &#8220;Bruta Flor&#8221;. Renata ainda exerceu atividades de magist\u00e9rio na Escola de M\u00fasica Anthenor Navarro de 1991 a 2014, onde lecionou de forma volunt\u00e1ria, violino, viola, Teoria Musical e Aprecia\u00e7\u00e3o Musical.<\/p>\n","protected":false},"excerpt":{"rendered":"<p>Renata Sim\u00f5es Borges da Fonseca \u00e9 Bacharel e Mestra em violino e Doutora em Etnomusicologia [&hellip;]<\/p>\n","protected":false},"author":494,"featured_media":0,"parent":0,"menu_order":0,"comment_status":"closed","ping_status":"closed","template":"","meta":{"footnotes":""},"class_list":["post-1146","page","type-page","status-publish","hentry"],"_links":{"self":[{"href":"https:\/\/www.ccta.ufpb.br\/lamusi\/wp-json\/wp\/v2\/pages\/1146","targetHints":{"allow":["GET"]}}],"collection":[{"href":"https:\/\/www.ccta.ufpb.br\/lamusi\/wp-json\/wp\/v2\/pages"}],"about":[{"href":"https:\/\/www.ccta.ufpb.br\/lamusi\/wp-json\/wp\/v2\/types\/page"}],"author":[{"embeddable":true,"href":"https:\/\/www.ccta.ufpb.br\/lamusi\/wp-json\/wp\/v2\/users\/494"}],"replies":[{"embeddable":true,"href":"https:\/\/www.ccta.ufpb.br\/lamusi\/wp-json\/wp\/v2\/comments?post=1146"}],"version-history":[{"count":2,"href":"https:\/\/www.ccta.ufpb.br\/lamusi\/wp-json\/wp\/v2\/pages\/1146\/revisions"}],"predecessor-version":[{"id":1233,"href":"https:\/\/www.ccta.ufpb.br\/lamusi\/wp-json\/wp\/v2\/pages\/1146\/revisions\/1233"}],"wp:attachment":[{"href":"https:\/\/www.ccta.ufpb.br\/lamusi\/wp-json\/wp\/v2\/media?parent=1146"}],"curies":[{"name":"wp","href":"https:\/\/api.w.org\/{rel}","templated":true}]}}

Renata Simões

<div class="wp-block-image">
<figure class="alignleft size-large is-resized"><img loading="lazy" decoding="async" width="683" height="1024" src="https://www.ccta.ufpb.br/lamusi/wp-content/uploads/sites/102/sites/426/2026/07/Foto-Lucas-Barros_LabFoto_UFPB-@llucasr.b-16-683x1024.jpg" alt="" class="wp-image-1147" style="width:342px" srcset="https://www.ccta.ufpb.br/lamusi/wp-content/uploads/sites/102/sites/426/2026/07/Foto-Lucas-Barros_LabFoto_UFPB-@llucasr.b-16-683x1024.jpg 683w, https://www.ccta.ufpb.br/lamusi/wp-content/uploads/sites/102/sites/426/2026/07/Foto-Lucas-Barros_LabFoto_UFPB-@llucasr.b-16-200x300.jpg 200w, https://www.ccta.ufpb.br/lamusi/wp-content/uploads/sites/102/sites/426/2026/07/Foto-Lucas-Barros_LabFoto_UFPB-@llucasr.b-16-768x1152.jpg 768w, https://www.ccta.ufpb.br/lamusi/wp-content/uploads/sites/102/sites/426/2026/07/Foto-Lucas-Barros_LabFoto_UFPB-@llucasr.b-16-1024x1536.jpg 1024w, https://www.ccta.ufpb.br/lamusi/wp-content/uploads/sites/102/sites/426/2026/07/Foto-Lucas-Barros_LabFoto_UFPB-@llucasr.b-16-1365x2048.jpg 1365w, https://www.ccta.ufpb.br/lamusi/wp-content/uploads/sites/102/sites/426/2026/07/Foto-Lucas-Barros_LabFoto_UFPB-@llucasr.b-16-scaled.jpg 1707w" sizes="auto, (max-width: 683px) 100vw, 683px" /></figure>
</div>


<p class="wp-block-paragraph" style="font-size:20px"><strong>Renata Simões Borges da Fonseca</strong> é Bacharel e Mestra em violino e Doutora em Etnomusicologia pela Universidade Federal da Paraíba. Atuou como solista junto a algumas orquestras do Nordeste, a exemplo da Orquestra Sinfônica Jovem da Paraíba (da qual foi spalla de 1990 a 1992), Orquestra Sinfônica da Paraíba, onde, durante muitos anos exerceu o cargo de Concertino e durante o ano de 2012 assumiu o cargo de spalla, e Orquestra Sinfônica de Recife, onde exerceu o cargo de spalla durante o ano de 2011. Atualmente é funcionária da Universidade Federal da Paraíba, ocupando o cargo de Músico-Violinista da Orquestra Sinfônica da Universidade Federal da Paraíba &#8211; OSUFPB e integrante do naipe de primeiros violinos da Orquestra Sinfônica da Paraíba. Sua maior área de atuação tem sido o trabalho camerístico. Foi 1 Violino do Quarteto de Cordas da EMAN de 1993 a 1997, violinista do grupo TRIVIUM um dos vencedores do II Concurso Nacional Jovens Cameristas (Paraíba 1997) e junto com a pianista Vania Camacho manteve durante vários anos, o Duo Simões-Camacho, com o qual venceu o Concurso Nacional de Piano e Música de Câmara (Araçatuba 1994), o Jovens Instrumentistas Brasil (Piracicaba 1995) e obteve premiação em diversos outros, nacionais e internacionais. Com este Duo, a violinista se apresentou em várias cidades do Brasil e do exterior. Foi também, de 2003 a 2008, violista do Quinteto Uirapuru com o qual, em 2004, gravou o CD Sivuca Quinteto Uirapuru pelo selo Kuarup, que conta com arranjos inéditos do Mestre Sivuca feitos especialmente para o grupo. Devido ao seu grande interesse pela pesquisa da música renascentista e barroca, integrou durante alguns anos o grupo Camena que, em suas diversas apresentações pelo País, foi sempre aclamado por parte do público e da crítica. Nesta linha, fez também parte, durante o ano de 2015, do grupo Iamaká, formado por professores e alunos da Universidade Federal da Paraíba com o objetivo de pesquisar e interpretar músicas renascentistas e contemporâneas. Renata foi também primeiro violino da Camerata Arte-Mulher. Além de atividades como violinista ou violista, Renata ainda realizou trabalhos de sonoplastia em teatro tendo recebido o prêmio de melhor trilha sonora para teatro na XI Mostra Estadual de Teatro e Dança da Paraíba &#8211; 2004, com a peça As Doutoras de Joaquim da França Júnior sob a direção do renomado autor e diretor paraibano Tarcísio Pereira (além de ter concorrido ao prêmio de melhor atriz coadjuvante da referida peça) e na XIII Mostra Estadual de Teatro e Dança da Paraíba &#8211; 2006 pela trilha sonora da peça &#8220;O Auto das Sete Luas de Barro&#8221; de Vital Santos com direção de Jucinaldo Pereira. No teatro já trabalhou sob a direção de Mizael Batista, Jucinaldo Pereira, Roberto Cartaxo, Tarcísio Pereira e Jorge Bweres. Entre os anos de 2011 e 2014, integrou o Grupo de Teatro Lavoura, onde realizou ao vivo, na viola, a trilha sonora do espetáculo &#8220;Bruta Flor&#8221;. Renata ainda exerceu atividades de magistério na Escola de Música Anthenor Navarro de 1991 a 2014, onde lecionou de forma voluntária, violino, viola, Teoria Musical e Apreciação Musical.</p>

<p>Renata Simões Borges da Fonseca é Bacharel e Mestra em violino e Doutora em Etnomusicologia [&hellip;]</p>
