{"id":1150,"date":"2026-07-14T12:34:10","date_gmt":"2026-07-14T15:34:10","guid":{"rendered":"https:\/\/www.ccta.ufpb.br\/lamusi\/?page_id=1150"},"modified":"2026-07-28T13:50:17","modified_gmt":"2026-07-28T16:50:17","slug":"fernanda-acioli","status":"publish","type":"page","link":"https:\/\/www.ccta.ufpb.br\/lamusi\/fernanda-acioli\/","title":{"rendered":"Fernanda Acioli"},"content":{"rendered":"<div class=\"wp-block-image\">\n<figure class=\"alignleft size-large is-resized\"><img loading=\"lazy\" decoding=\"async\" width=\"689\" height=\"1024\" src=\"https:\/\/www.ccta.ufpb.br\/lamusi\/wp-content\/uploads\/sites\/102\/sites\/426\/2026\/07\/Foto-Lucas-Barros_LabFoto_UFPB-@llucasr.b-18-689x1024.jpg\" alt=\"\" class=\"wp-image-1151\" style=\"width:342px\" srcset=\"https:\/\/www.ccta.ufpb.br\/lamusi\/wp-content\/uploads\/sites\/102\/sites\/426\/2026\/07\/Foto-Lucas-Barros_LabFoto_UFPB-@llucasr.b-18-689x1024.jpg 689w, https:\/\/www.ccta.ufpb.br\/lamusi\/wp-content\/uploads\/sites\/102\/sites\/426\/2026\/07\/Foto-Lucas-Barros_LabFoto_UFPB-@llucasr.b-18-202x300.jpg 202w, https:\/\/www.ccta.ufpb.br\/lamusi\/wp-content\/uploads\/sites\/102\/sites\/426\/2026\/07\/Foto-Lucas-Barros_LabFoto_UFPB-@llucasr.b-18-768x1141.jpg 768w, https:\/\/www.ccta.ufpb.br\/lamusi\/wp-content\/uploads\/sites\/102\/sites\/426\/2026\/07\/Foto-Lucas-Barros_LabFoto_UFPB-@llucasr.b-18-1034x1536.jpg 1034w, https:\/\/www.ccta.ufpb.br\/lamusi\/wp-content\/uploads\/sites\/102\/sites\/426\/2026\/07\/Foto-Lucas-Barros_LabFoto_UFPB-@llucasr.b-18-1378x2048.jpg 1378w, https:\/\/www.ccta.ufpb.br\/lamusi\/wp-content\/uploads\/sites\/102\/sites\/426\/2026\/07\/Foto-Lucas-Barros_LabFoto_UFPB-@llucasr.b-18-scaled.jpg 1723w\" sizes=\"auto, (max-width: 689px) 100vw, 689px\" \/><\/figure>\n<\/div>\n\n\n<p class=\"wp-block-paragraph\" style=\"font-size:20px\"><strong>Fernanda L\u00facia Acioli Furtado<\/strong> \u00e9 violinista da Orquestra Sinf\u00f4nica da Universidade Federal da Para\u00edba (OSUFPB). Natural do Rio Grande do Norte, mudou-se para Jo\u00e3o Pessoa ainda na primeira inf\u00e2ncia, aos tr\u00eas anos de idade, cidade onde iniciou sua forma\u00e7\u00e3o musical e construiu uma trajet\u00f3ria art\u00edstica e acad\u00eamica marcada pela dedica\u00e7\u00e3o, excel\u00eancia e compromisso com a m\u00fasica.<\/p>\n\n\n\n<p class=\"wp-block-paragraph\" style=\"font-size:20px\">Sua inicia\u00e7\u00e3o ao violino ocorreu no Projeto Espiral, sob a orienta\u00e7\u00e3o dos professores Consuelo Froehner e Nelson Seron Rios. Em seguida, ingressou na Escola de M\u00fasica Anthenor Navarro, onde aperfei\u00e7oou sua forma\u00e7\u00e3o com os professores Dra. Renata Sim\u00f5es e Luiz Carlos Durier. Posteriormente, deu continuidade aos estudos no Curso de Extens\u00e3o em M\u00fasica da Universidade Federal da Para\u00edba (UFPB), sob a orienta\u00e7\u00e3o do professor Leopoldo Nogueira, aprofundando sua forma\u00e7\u00e3o t\u00e9cnica e interpretativa.<\/p>\n\n\n\n<p class=\"wp-block-paragraph\" style=\"font-size:20px\">\u00c9 bacharela em M\u00fasica, com habilita\u00e7\u00e3o em Violino, pela Universidade Federal da Para\u00edba, concluindo a gradua\u00e7\u00e3o em 2005 sob a orienta\u00e7\u00e3o do professor Dr. Hermes C. Alvarenga. Em 2017, concluiu a Especializa\u00e7\u00e3o em Educa\u00e7\u00e3o Musical pela Universidade Candido Mendes (UCAM) e, posteriormente, obteve o t\u00edtulo de Mestre em M\u00fasica pela UFPB, na \u00e1rea de Pr\u00e1ticas Interpretativas, sob a orienta\u00e7\u00e3o da professora Dra. Paula Bujes.<\/p>\n\n\n\n<p class=\"wp-block-paragraph\" style=\"font-size:20px\">Ao longo de sua carreira, destacou-se como spalla dos segundos violinos em importantes forma\u00e7\u00f5es orquestrais, entre elas a Orquestra Sinf\u00f4nica Municipal de Jo\u00e3o Pessoa e a Orquestra Sinf\u00f4nica do Recife. Paralelamente, desenvolveu intensa atividade na m\u00fasica de c\u00e2mara, integrando grupos de reconhecida relev\u00e2ncia art\u00edstica, como a Camerata Experimental de Olinda, a Camerata Arte Mulher e a Camerata Bras\u00edlica.<\/p>\n\n\n\n<p class=\"wp-block-paragraph\" style=\"font-size:20px\">Com a Camerata Bras\u00edlica, foi premiada no III Concurso Nacional de M\u00fasica de C\u00e2mara, promovido pela Universidade Federal da Para\u00edba, em 2001, conquistou tamb\u00e9m a 3\u00ba coloca\u00e7\u00e3o e o Pr\u00eamio do J\u00fari Popular no I Concurso Nacional de M\u00fasica de C\u00e2mara de Londrina, em 2006. Al\u00e9m disso, participou da grava\u00e7\u00e3o do \u00e1lbum Concerto Brasileiro, ao lado do trombonista Radegundis Feitosa, em 2002. Com a Camerata Bras\u00edlica gravou Retratos da M\u00fasica Brasileira e Brasil\u00eara, registros que contribu\u00edram para a valoriza\u00e7\u00e3o e difus\u00e3o da m\u00fasica de c\u00e2mara brasileira.<\/p>\n\n\n\n<p class=\"wp-block-paragraph\" style=\"font-size:20px\">Atualmente, integra o quadro efetivo da Orquestra Sinf\u00f4nica da Universidade Federal da Para\u00edba (OSUFPB) e exerce a fun\u00e7\u00e3o de spalla dos segundos violinos da Orquestra Sinf\u00f4nica da Para\u00edba (OSPB). Sua trajet\u00f3ria \u00e9 marcada pela excel\u00eancia art\u00edstica, pelo constante aperfei\u00e7oamento profissional e por significativa contribui\u00e7\u00e3o ao desenvolvimento da m\u00fasica de concerto na Para\u00edba e no Brasil.<\/p>\n","protected":false},"excerpt":{"rendered":"<p>Fernanda L\u00facia Acioli Furtado \u00e9 violinista da Orquestra Sinf\u00f4nica da Universidade Federal da Para\u00edba (OSUFPB). [&hellip;]<\/p>\n","protected":false},"author":494,"featured_media":0,"parent":0,"menu_order":0,"comment_status":"closed","ping_status":"closed","template":"","meta":{"footnotes":""},"class_list":["post-1150","page","type-page","status-publish","hentry"],"_links":{"self":[{"href":"https:\/\/www.ccta.ufpb.br\/lamusi\/wp-json\/wp\/v2\/pages\/1150","targetHints":{"allow":["GET"]}}],"collection":[{"href":"https:\/\/www.ccta.ufpb.br\/lamusi\/wp-json\/wp\/v2\/pages"}],"about":[{"href":"https:\/\/www.ccta.ufpb.br\/lamusi\/wp-json\/wp\/v2\/types\/page"}],"author":[{"embeddable":true,"href":"https:\/\/www.ccta.ufpb.br\/lamusi\/wp-json\/wp\/v2\/users\/494"}],"replies":[{"embeddable":true,"href":"https:\/\/www.ccta.ufpb.br\/lamusi\/wp-json\/wp\/v2\/comments?post=1150"}],"version-history":[{"count":2,"href":"https:\/\/www.ccta.ufpb.br\/lamusi\/wp-json\/wp\/v2\/pages\/1150\/revisions"}],"predecessor-version":[{"id":1249,"href":"https:\/\/www.ccta.ufpb.br\/lamusi\/wp-json\/wp\/v2\/pages\/1150\/revisions\/1249"}],"wp:attachment":[{"href":"https:\/\/www.ccta.ufpb.br\/lamusi\/wp-json\/wp\/v2\/media?parent=1150"}],"curies":[{"name":"wp","href":"https:\/\/api.w.org\/{rel}","templated":true}]}}

<div class="wp-block-image">
<figure class="alignleft size-large is-resized"><img loading="lazy" decoding="async" width="689" height="1024" src="https://www.ccta.ufpb.br/lamusi/wp-content/uploads/sites/102/sites/426/2026/07/Foto-Lucas-Barros_LabFoto_UFPB-@llucasr.b-18-689x1024.jpg" alt="" class="wp-image-1151" style="width:342px" srcset="https://www.ccta.ufpb.br/lamusi/wp-content/uploads/sites/102/sites/426/2026/07/Foto-Lucas-Barros_LabFoto_UFPB-@llucasr.b-18-689x1024.jpg 689w, https://www.ccta.ufpb.br/lamusi/wp-content/uploads/sites/102/sites/426/2026/07/Foto-Lucas-Barros_LabFoto_UFPB-@llucasr.b-18-202x300.jpg 202w, https://www.ccta.ufpb.br/lamusi/wp-content/uploads/sites/102/sites/426/2026/07/Foto-Lucas-Barros_LabFoto_UFPB-@llucasr.b-18-768x1141.jpg 768w, https://www.ccta.ufpb.br/lamusi/wp-content/uploads/sites/102/sites/426/2026/07/Foto-Lucas-Barros_LabFoto_UFPB-@llucasr.b-18-1034x1536.jpg 1034w, https://www.ccta.ufpb.br/lamusi/wp-content/uploads/sites/102/sites/426/2026/07/Foto-Lucas-Barros_LabFoto_UFPB-@llucasr.b-18-1378x2048.jpg 1378w, https://www.ccta.ufpb.br/lamusi/wp-content/uploads/sites/102/sites/426/2026/07/Foto-Lucas-Barros_LabFoto_UFPB-@llucasr.b-18-scaled.jpg 1723w" sizes="auto, (max-width: 689px) 100vw, 689px" /></figure>
</div>


<p class="wp-block-paragraph" style="font-size:20px"><strong>Fernanda Lúcia Acioli Furtado</strong> é violinista da Orquestra Sinfônica da Universidade Federal da Paraíba (OSUFPB). Natural do Rio Grande do Norte, mudou-se para João Pessoa ainda na primeira infância, aos três anos de idade, cidade onde iniciou sua formação musical e construiu uma trajetória artística e acadêmica marcada pela dedicação, excelência e compromisso com a música.</p>



<p class="wp-block-paragraph" style="font-size:20px">Sua iniciação ao violino ocorreu no Projeto Espiral, sob a orientação dos professores Consuelo Froehner e Nelson Seron Rios. Em seguida, ingressou na Escola de Música Anthenor Navarro, onde aperfeiçoou sua formação com os professores Dra. Renata Simões e Luiz Carlos Durier. Posteriormente, deu continuidade aos estudos no Curso de Extensão em Música da Universidade Federal da Paraíba (UFPB), sob a orientação do professor Leopoldo Nogueira, aprofundando sua formação técnica e interpretativa.</p>



<p class="wp-block-paragraph" style="font-size:20px">É bacharela em Música, com habilitação em Violino, pela Universidade Federal da Paraíba, concluindo a graduação em 2005 sob a orientação do professor Dr. Hermes C. Alvarenga. Em 2017, concluiu a Especialização em Educação Musical pela Universidade Candido Mendes (UCAM) e, posteriormente, obteve o título de Mestre em Música pela UFPB, na área de Práticas Interpretativas, sob a orientação da professora Dra. Paula Bujes.</p>



<p class="wp-block-paragraph" style="font-size:20px">Ao longo de sua carreira, destacou-se como spalla dos segundos violinos em importantes formações orquestrais, entre elas a Orquestra Sinfônica Municipal de João Pessoa e a Orquestra Sinfônica do Recife. Paralelamente, desenvolveu intensa atividade na música de câmara, integrando grupos de reconhecida relevância artística, como a Camerata Experimental de Olinda, a Camerata Arte Mulher e a Camerata Brasílica.</p>



<p class="wp-block-paragraph" style="font-size:20px">Com a Camerata Brasílica, foi premiada no III Concurso Nacional de Música de Câmara, promovido pela Universidade Federal da Paraíba, em 2001, conquistou também a 3º colocação e o Prêmio do Júri Popular no I Concurso Nacional de Música de Câmara de Londrina, em 2006. Além disso, participou da gravação do álbum Concerto Brasileiro, ao lado do trombonista Radegundis Feitosa, em 2002. Com a Camerata Brasílica gravou Retratos da Música Brasileira e Brasilêra, registros que contribuíram para a valorização e difusão da música de câmara brasileira.</p>



<p class="wp-block-paragraph" style="font-size:20px">Atualmente, integra o quadro efetivo da Orquestra Sinfônica da Universidade Federal da Paraíba (OSUFPB) e exerce a função de spalla dos segundos violinos da Orquestra Sinfônica da Paraíba (OSPB). Sua trajetória é marcada pela excelência artística, pelo constante aperfeiçoamento profissional e por significativa contribuição ao desenvolvimento da música de concerto na Paraíba e no Brasil.</p>

<p>Fernanda Lúcia Acioli Furtado é violinista da Orquestra Sinfônica da Universidade Federal da Paraíba (OSUFPB). [&hellip;]</p>
