{"id":1171,"date":"2026-07-14T12:43:37","date_gmt":"2026-07-14T15:43:37","guid":{"rendered":"https:\/\/www.ccta.ufpb.br\/lamusi\/?page_id=1171"},"modified":"2026-07-17T17:46:10","modified_gmt":"2026-07-17T20:46:10","slug":"sostenes-lopes","status":"publish","type":"page","link":"https:\/\/www.ccta.ufpb.br\/lamusi\/sostenes-lopes\/","title":{"rendered":"S\u00f3stenes Lopes"},"content":{"rendered":"<div class=\"wp-block-image\">\n<figure class=\"alignleft size-large is-resized\"><img loading=\"lazy\" decoding=\"async\" width=\"683\" height=\"1024\" src=\"https:\/\/www.ccta.ufpb.br\/lamusi\/wp-content\/uploads\/sites\/102\/sites\/426\/2026\/07\/Foto-Sofia-Ferreira_LabFoto_UFPB-@sofi_saant-51-683x1024.jpg\" alt=\"\" class=\"wp-image-1172\" style=\"width:342px\" srcset=\"https:\/\/www.ccta.ufpb.br\/lamusi\/wp-content\/uploads\/sites\/102\/sites\/426\/2026\/07\/Foto-Sofia-Ferreira_LabFoto_UFPB-@sofi_saant-51-683x1024.jpg 683w, https:\/\/www.ccta.ufpb.br\/lamusi\/wp-content\/uploads\/sites\/102\/sites\/426\/2026\/07\/Foto-Sofia-Ferreira_LabFoto_UFPB-@sofi_saant-51-200x300.jpg 200w, https:\/\/www.ccta.ufpb.br\/lamusi\/wp-content\/uploads\/sites\/102\/sites\/426\/2026\/07\/Foto-Sofia-Ferreira_LabFoto_UFPB-@sofi_saant-51-768x1152.jpg 768w, https:\/\/www.ccta.ufpb.br\/lamusi\/wp-content\/uploads\/sites\/102\/sites\/426\/2026\/07\/Foto-Sofia-Ferreira_LabFoto_UFPB-@sofi_saant-51-1024x1536.jpg 1024w, https:\/\/www.ccta.ufpb.br\/lamusi\/wp-content\/uploads\/sites\/102\/sites\/426\/2026\/07\/Foto-Sofia-Ferreira_LabFoto_UFPB-@sofi_saant-51-1365x2048.jpg 1365w, https:\/\/www.ccta.ufpb.br\/lamusi\/wp-content\/uploads\/sites\/102\/sites\/426\/2026\/07\/Foto-Sofia-Ferreira_LabFoto_UFPB-@sofi_saant-51-scaled.jpg 1707w\" sizes=\"auto, (max-width: 683px) 100vw, 683px\" \/><\/figure>\n<\/div>\n\n\n<p class=\"has-text-align-left wp-block-paragraph\" style=\"font-size:20px\"><strong>S\u00f3stenes Lopes dos Santos<\/strong> iniciou na m\u00fasica aos 14 anos de idade. No in\u00edcio de sua forma\u00e7\u00e3o em viola, foi aluno de Cristian Craci\u00fcn. Em 2012, concluiu seu bacharelado em viola sob a orienta\u00e7\u00e3o de Paulo Fran\u00e7a, na Universidade Federal do Rio Grande do Norte (UFRN).<\/p>\n\n\n\n<p class=\"has-text-align-left wp-block-paragraph\" style=\"font-size:20px\">Durante sua forma\u00e7\u00e3o musical, teve a oportunidade de transitar entre o popular e o erudito. Atuou como monitor (professor) de turmas de violas durante sua gradua\u00e7\u00e3o, tendo a oportunidade de acompanhar a inicia\u00e7\u00e3o e desenvolvimento de v\u00e1rios jovens e crian\u00e7as no cen\u00e1rio musical, \u00e1rea em que fez sua P\u00f3s-Gradua\u00e7\u00e3o. Em 2014, passou a compor o quadro de m\u00fasicos efetivos da Orquestra Sinf\u00f4nica da Para\u00edba (OSPB) e, em 2016, passou a compor o naipe de violas da Orquestra Sinf\u00f4nica da Universidade Federal da Para\u00edba (OSUFPB).<\/p>\n\n\n\n<p class=\"wp-block-paragraph\"><\/p>\n","protected":false},"excerpt":{"rendered":"<p>S\u00f3stenes Lopes dos Santos iniciou na m\u00fasica aos 14 anos de idade. No in\u00edcio de [&hellip;]<\/p>\n","protected":false},"author":494,"featured_media":0,"parent":0,"menu_order":0,"comment_status":"closed","ping_status":"closed","template":"","meta":{"footnotes":""},"class_list":["post-1171","page","type-page","status-publish","hentry"],"_links":{"self":[{"href":"https:\/\/www.ccta.ufpb.br\/lamusi\/wp-json\/wp\/v2\/pages\/1171","targetHints":{"allow":["GET"]}}],"collection":[{"href":"https:\/\/www.ccta.ufpb.br\/lamusi\/wp-json\/wp\/v2\/pages"}],"about":[{"href":"https:\/\/www.ccta.ufpb.br\/lamusi\/wp-json\/wp\/v2\/types\/page"}],"author":[{"embeddable":true,"href":"https:\/\/www.ccta.ufpb.br\/lamusi\/wp-json\/wp\/v2\/users\/494"}],"replies":[{"embeddable":true,"href":"https:\/\/www.ccta.ufpb.br\/lamusi\/wp-json\/wp\/v2\/comments?post=1171"}],"version-history":[{"count":4,"href":"https:\/\/www.ccta.ufpb.br\/lamusi\/wp-json\/wp\/v2\/pages\/1171\/revisions"}],"predecessor-version":[{"id":1222,"href":"https:\/\/www.ccta.ufpb.br\/lamusi\/wp-json\/wp\/v2\/pages\/1171\/revisions\/1222"}],"wp:attachment":[{"href":"https:\/\/www.ccta.ufpb.br\/lamusi\/wp-json\/wp\/v2\/media?parent=1171"}],"curies":[{"name":"wp","href":"https:\/\/api.w.org\/{rel}","templated":true}]}}

Sóstenes Lopes

<div class="wp-block-image">
<figure class="alignleft size-large is-resized"><img loading="lazy" decoding="async" width="683" height="1024" src="https://www.ccta.ufpb.br/lamusi/wp-content/uploads/sites/102/sites/426/2026/07/Foto-Sofia-Ferreira_LabFoto_UFPB-@sofi_saant-51-683x1024.jpg" alt="" class="wp-image-1172" style="width:342px" srcset="https://www.ccta.ufpb.br/lamusi/wp-content/uploads/sites/102/sites/426/2026/07/Foto-Sofia-Ferreira_LabFoto_UFPB-@sofi_saant-51-683x1024.jpg 683w, https://www.ccta.ufpb.br/lamusi/wp-content/uploads/sites/102/sites/426/2026/07/Foto-Sofia-Ferreira_LabFoto_UFPB-@sofi_saant-51-200x300.jpg 200w, https://www.ccta.ufpb.br/lamusi/wp-content/uploads/sites/102/sites/426/2026/07/Foto-Sofia-Ferreira_LabFoto_UFPB-@sofi_saant-51-768x1152.jpg 768w, https://www.ccta.ufpb.br/lamusi/wp-content/uploads/sites/102/sites/426/2026/07/Foto-Sofia-Ferreira_LabFoto_UFPB-@sofi_saant-51-1024x1536.jpg 1024w, https://www.ccta.ufpb.br/lamusi/wp-content/uploads/sites/102/sites/426/2026/07/Foto-Sofia-Ferreira_LabFoto_UFPB-@sofi_saant-51-1365x2048.jpg 1365w, https://www.ccta.ufpb.br/lamusi/wp-content/uploads/sites/102/sites/426/2026/07/Foto-Sofia-Ferreira_LabFoto_UFPB-@sofi_saant-51-scaled.jpg 1707w" sizes="auto, (max-width: 683px) 100vw, 683px" /></figure>
</div>


<p class="has-text-align-left wp-block-paragraph" style="font-size:20px"><strong>Sóstenes Lopes dos Santos</strong> iniciou na música aos 14 anos de idade. No início de sua formação em viola, foi aluno de Cristian Craciün. Em 2012, concluiu seu bacharelado em viola sob a orientação de Paulo França, na Universidade Federal do Rio Grande do Norte (UFRN).</p>



<p class="has-text-align-left wp-block-paragraph" style="font-size:20px">Durante sua formação musical, teve a oportunidade de transitar entre o popular e o erudito. Atuou como monitor (professor) de turmas de violas durante sua graduação, tendo a oportunidade de acompanhar a iniciação e desenvolvimento de vários jovens e crianças no cenário musical, área em que fez sua Pós-Graduação. Em 2014, passou a compor o quadro de músicos efetivos da Orquestra Sinfônica da Paraíba (OSPB) e, em 2016, passou a compor o naipe de violas da Orquestra Sinfônica da Universidade Federal da Paraíba (OSUFPB).</p>



<p class="wp-block-paragraph"></p>

<p>Sóstenes Lopes dos Santos iniciou na música aos 14 anos de idade. No início de [&hellip;]</p>
