{"id":1180,"date":"2026-07-14T12:47:17","date_gmt":"2026-07-14T15:47:17","guid":{"rendered":"https:\/\/www.ccta.ufpb.br\/lamusi\/?page_id=1180"},"modified":"2026-08-12T15:36:13","modified_gmt":"2026-08-12T18:36:13","slug":"andreyna-dinoa","status":"publish","type":"page","link":"https:\/\/www.ccta.ufpb.br\/lamusi\/andreyna-dinoa\/","title":{"rendered":"Andreyna Dino\u00e1"},"content":{"rendered":"<div class=\"wp-block-image\">\n<figure class=\"alignleft size-large is-resized\"><img loading=\"lazy\" decoding=\"async\" width=\"683\" height=\"1024\" src=\"https:\/\/www.ccta.ufpb.br\/lamusi\/wp-content\/uploads\/sites\/102\/sites\/426\/2026\/07\/Foto-Sofia-Ferreira_LabFoto_UFPB-@sofi_saant-34-683x1024.jpg\" alt=\"\" class=\"wp-image-1181\" style=\"width:342px\" srcset=\"https:\/\/www.ccta.ufpb.br\/lamusi\/wp-content\/uploads\/sites\/102\/sites\/426\/2026\/07\/Foto-Sofia-Ferreira_LabFoto_UFPB-@sofi_saant-34-683x1024.jpg 683w, https:\/\/www.ccta.ufpb.br\/lamusi\/wp-content\/uploads\/sites\/102\/sites\/426\/2026\/07\/Foto-Sofia-Ferreira_LabFoto_UFPB-@sofi_saant-34-200x300.jpg 200w, https:\/\/www.ccta.ufpb.br\/lamusi\/wp-content\/uploads\/sites\/102\/sites\/426\/2026\/07\/Foto-Sofia-Ferreira_LabFoto_UFPB-@sofi_saant-34-768x1152.jpg 768w, https:\/\/www.ccta.ufpb.br\/lamusi\/wp-content\/uploads\/sites\/102\/sites\/426\/2026\/07\/Foto-Sofia-Ferreira_LabFoto_UFPB-@sofi_saant-34-1024x1536.jpg 1024w, https:\/\/www.ccta.ufpb.br\/lamusi\/wp-content\/uploads\/sites\/102\/sites\/426\/2026\/07\/Foto-Sofia-Ferreira_LabFoto_UFPB-@sofi_saant-34-1365x2048.jpg 1365w, https:\/\/www.ccta.ufpb.br\/lamusi\/wp-content\/uploads\/sites\/102\/sites\/426\/2026\/07\/Foto-Sofia-Ferreira_LabFoto_UFPB-@sofi_saant-34-scaled.jpg 1707w\" sizes=\"auto, (max-width: 683px) 100vw, 683px\" \/><\/figure>\n<\/div>\n\n\n<p class=\"wp-block-paragraph\" style=\"font-size:20px\"><strong>Andreyna Dino\u00e1 Duarte Guerre<\/strong> \u00e9 natural de Jo\u00e3o Pessoa,\u00a0graduou-se\u00a0em violoncelo pela UFPB em 2008 e \u00a0concluiu seu Mestrado em\u00a0Pr\u00e1ticas Interpretativas\u00a0Sub-\u00e1reaVioloncelo\u00a0na mesma institui\u00e7\u00e3o sob a orienta\u00e7\u00e3o do professor Dr. Felipe Avellar em\u00a02011. \u00a0Durante a sua trajet\u00f3ria participou de diversos festivais nacionais e internacionais (Campos do Jord\u00e3o,\u00a0Femusc, Festival M\u00fasica nas Montanhas, Juiz de Fora, Bras\u00edlia,\u00a0Virtuosi, Bel\u00e9m),\u00a0onde teve\u00a0master-classes com renomados professores, al\u00e9m de desenvolver importantes trabalhos musicais.\u00a0\u00a0Atuou como solista frente \u00e0 Orquestra Sinf\u00f4nica Jovem da Para\u00edba.\u00a0Foi chefe de naipe da Orquestra Sinf\u00f4nica da Para\u00edba e da\u00a0Orquestra de C\u00e2mara da Cidade de Jo\u00e3o Pessoa.\u00a0Realizou tamb\u00e9m trabalhos\u00a0camer\u00edsticos\u00a0no Quinteto da Para\u00edba e\u00a0do\u00a0Quinteto Uirapuru.<\/p>\n\n\n\n<p class=\"wp-block-paragraph\" style=\"font-size:20px\">Participou do Projeto Experimental de Monitoria Volunt\u00e1ria de violoncelo entre os anos 2006-2008 na UFPB. Foi professora do VII Encontro de Cordas da Escola de M\u00fasica do Estado do Maranh\u00e3o eparticipou\u00a0do &#8220;Projeto Gente que Encanta do Instituto Cultural Casa do\u00a0B\u00e9rad\u00earo&#8221; em Catol\u00e9 do Rocha na Para\u00edba. Lecionou\u00a0violoncelo na Escola de M\u00fasica Musical Center, e na Escola de M\u00fasica\u00a0para alunos especiais Juarez Johnson. Atualmente \u00e9 violoncelista da Orquestra Sinf\u00f4nica da Universidade Federal da\u00a0Paraiba\u00a0(OSUFPB).<\/p>\n","protected":false},"excerpt":{"rendered":"<p>Andreyna Dino\u00e1 Duarte Guerre \u00e9 natural de Jo\u00e3o Pessoa,\u00a0graduou-se\u00a0em violoncelo pela UFPB em 2008 e [&hellip;]<\/p>\n","protected":false},"author":494,"featured_media":0,"parent":0,"menu_order":0,"comment_status":"closed","ping_status":"closed","template":"","meta":{"footnotes":""},"class_list":["post-1180","page","type-page","status-publish","hentry"],"_links":{"self":[{"href":"https:\/\/www.ccta.ufpb.br\/lamusi\/wp-json\/wp\/v2\/pages\/1180","targetHints":{"allow":["GET"]}}],"collection":[{"href":"https:\/\/www.ccta.ufpb.br\/lamusi\/wp-json\/wp\/v2\/pages"}],"about":[{"href":"https:\/\/www.ccta.ufpb.br\/lamusi\/wp-json\/wp\/v2\/types\/page"}],"author":[{"embeddable":true,"href":"https:\/\/www.ccta.ufpb.br\/lamusi\/wp-json\/wp\/v2\/users\/494"}],"replies":[{"embeddable":true,"href":"https:\/\/www.ccta.ufpb.br\/lamusi\/wp-json\/wp\/v2\/comments?post=1180"}],"version-history":[{"count":3,"href":"https:\/\/www.ccta.ufpb.br\/lamusi\/wp-json\/wp\/v2\/pages\/1180\/revisions"}],"predecessor-version":[{"id":1284,"href":"https:\/\/www.ccta.ufpb.br\/lamusi\/wp-json\/wp\/v2\/pages\/1180\/revisions\/1284"}],"wp:attachment":[{"href":"https:\/\/www.ccta.ufpb.br\/lamusi\/wp-json\/wp\/v2\/media?parent=1180"}],"curies":[{"name":"wp","href":"https:\/\/api.w.org\/{rel}","templated":true}]}}

Andreyna Dinoá

<div class="wp-block-image">
<figure class="alignleft size-large is-resized"><img loading="lazy" decoding="async" width="683" height="1024" src="https://www.ccta.ufpb.br/lamusi/wp-content/uploads/sites/102/sites/426/2026/07/Foto-Sofia-Ferreira_LabFoto_UFPB-@sofi_saant-34-683x1024.jpg" alt="" class="wp-image-1181" style="width:342px" srcset="https://www.ccta.ufpb.br/lamusi/wp-content/uploads/sites/102/sites/426/2026/07/Foto-Sofia-Ferreira_LabFoto_UFPB-@sofi_saant-34-683x1024.jpg 683w, https://www.ccta.ufpb.br/lamusi/wp-content/uploads/sites/102/sites/426/2026/07/Foto-Sofia-Ferreira_LabFoto_UFPB-@sofi_saant-34-200x300.jpg 200w, https://www.ccta.ufpb.br/lamusi/wp-content/uploads/sites/102/sites/426/2026/07/Foto-Sofia-Ferreira_LabFoto_UFPB-@sofi_saant-34-768x1152.jpg 768w, https://www.ccta.ufpb.br/lamusi/wp-content/uploads/sites/102/sites/426/2026/07/Foto-Sofia-Ferreira_LabFoto_UFPB-@sofi_saant-34-1024x1536.jpg 1024w, https://www.ccta.ufpb.br/lamusi/wp-content/uploads/sites/102/sites/426/2026/07/Foto-Sofia-Ferreira_LabFoto_UFPB-@sofi_saant-34-1365x2048.jpg 1365w, https://www.ccta.ufpb.br/lamusi/wp-content/uploads/sites/102/sites/426/2026/07/Foto-Sofia-Ferreira_LabFoto_UFPB-@sofi_saant-34-scaled.jpg 1707w" sizes="auto, (max-width: 683px) 100vw, 683px" /></figure>
</div>


<p class="wp-block-paragraph" style="font-size:20px"><strong>Andreyna Dinoá Duarte Guerre</strong> é natural de João Pessoa, graduou-se em violoncelo pela UFPB em 2008 e  concluiu seu Mestrado em Práticas Interpretativas Sub-áreaVioloncelo na mesma instituição sob a orientação do professor Dr. Felipe Avellar em 2011.  Durante a sua trajetória participou de diversos festivais nacionais e internacionais (Campos do Jordão, Femusc, Festival Música nas Montanhas, Juiz de Fora, Brasília, Virtuosi, Belém), onde teve master-classes com renomados professores, além de desenvolver importantes trabalhos musicais.  Atuou como solista frente à Orquestra Sinfônica Jovem da Paraíba. Foi chefe de naipe da Orquestra Sinfônica da Paraíba e da Orquestra de Câmara da Cidade de João Pessoa. Realizou também trabalhos camerísticos no Quinteto da Paraíba e do Quinteto Uirapuru.</p>



<p class="wp-block-paragraph" style="font-size:20px">Participou do Projeto Experimental de Monitoria Voluntária de violoncelo entre os anos 2006-2008 na UFPB. Foi professora do VII Encontro de Cordas da Escola de Música do Estado do Maranhão eparticipou do &#8220;Projeto Gente que Encanta do Instituto Cultural Casa do Béradêro&#8221; em Catolé do Rocha na Paraíba. Lecionou violoncelo na Escola de Música Musical Center, e na Escola de Música para alunos especiais Juarez Johnson. Atualmente é violoncelista da Orquestra Sinfônica da Universidade Federal da Paraiba (OSUFPB).</p>

<p>Andreyna Dinoá Duarte Guerre é natural de João Pessoa, graduou-se em violoncelo pela UFPB em 2008 e [&hellip;]</p>
