{"id":15,"date":"2025-06-02T19:42:36","date_gmt":"2025-06-02T22:42:36","guid":{"rendered":"https:\/\/www.ccta.ufpb.br\/lemi\/?page_id=15"},"modified":"2026-02-05T12:04:30","modified_gmt":"2026-02-05T15:04:30","slug":"cursos-lemi","status":"publish","type":"page","link":"https:\/\/www.ccta.ufpb.br\/lemi\/cursos-lemi\/","title":{"rendered":"Cursos Para Crian\u00e7as"},"content":{"rendered":"\n<p>As aulas de inicia\u00e7\u00e3o ao instrumento musicalizador que ocorrem na sala do Laborat\u00f3rio de Educa\u00e7\u00e3o Musical Infantil (LEMI) da UFPB tiveram in\u00edcio no final abril de 2025, contemplando atividades de canto coral, flauta doce, viol\u00e3o e instrumental Orff. Durante a realiza\u00e7\u00e3o de outros projetos que realiz\u00e1vamos na comunidade, como o atendimento a crian\u00e7as matriculadas no CAp\/EEBAS\/UFPB, tivemos a percep\u00e7\u00e3o que o projeto ainda poderia receber mais crian\u00e7as e, a partir de uma parceria com a assessoria de extens\u00e3o, abrimos inscri\u00e7\u00f5es para que crian\u00e7as da comunidade externa \u00e0 universidade pudessem tamb\u00e9m participar das atividades.<\/p>\n\n\n\n<p>O presente projeto partiu da utiliza\u00e7\u00e3o da m\u00fasica como instrumento de transforma\u00e7\u00e3o social e forma\u00e7\u00e3o integral, promovendo uma abordagem pr\u00e1tica e l\u00fadica para futuros educadores do curso de Licenciatura em M\u00fasica da UFPB. Ao aproximar a universidade da comunidade do Campus I em Jo\u00e3o Pessoa\/PB, a iniciativa ofereceu viv\u00eancias de musicaliza\u00e7\u00e3o e inicia\u00e7\u00e3o a instrumentos como flauta doce, viol\u00e3o e percuss\u00e3o, integrando canto, ritmo, movimento e brincadeiras. <\/p>\n\n\n\n<figure class=\"wp-block-image size-large\"><img loading=\"lazy\" decoding=\"async\" width=\"1024\" height=\"576\" src=\"https:\/\/www.ccta.ufpb.br\/lemi\/wp-content\/uploads\/sites\/102\/sites\/312\/2026\/02\/LEMI-POSTs-Miniatura-do-YouTube-4-1024x576.png\" alt=\"\" class=\"wp-image-149\" srcset=\"https:\/\/www.ccta.ufpb.br\/lemi\/wp-content\/uploads\/sites\/102\/sites\/312\/2026\/02\/LEMI-POSTs-Miniatura-do-YouTube-4-1024x576.png 1024w, https:\/\/www.ccta.ufpb.br\/lemi\/wp-content\/uploads\/sites\/102\/sites\/312\/2026\/02\/LEMI-POSTs-Miniatura-do-YouTube-4-300x169.png 300w, https:\/\/www.ccta.ufpb.br\/lemi\/wp-content\/uploads\/sites\/102\/sites\/312\/2026\/02\/LEMI-POSTs-Miniatura-do-YouTube-4-768x432.png 768w, https:\/\/www.ccta.ufpb.br\/lemi\/wp-content\/uploads\/sites\/102\/sites\/312\/2026\/02\/LEMI-POSTs-Miniatura-do-YouTube-4.png 1280w\" sizes=\"auto, (max-width: 1024px) 100vw, 1024px\" \/><\/figure>\n\n\n\n<p>Dessa forma, os estudantes da Licenciatura tiveram a oportunidade de aplicar conhecimentos te\u00f3ricos na pr\u00e1tica, desenvolvendo compet\u00eancias como lideran\u00e7a e trabalho em equipe, enquanto resgataram repert\u00f3rios culturais e incorporaram novas pr\u00e1ticas pedag\u00f3gicas que ampliaram o acesso ao ensino musical e fortaleceram o compromisso da UFPB com a extens\u00e3o universit\u00e1ria e a transforma\u00e7\u00e3o social, promovendo a educa\u00e7\u00e3o musical infantil no munic\u00edpio.<\/p>\n\n\n\n<p>Assista ao v\u00eddeo abaixo para conhecer um pouco mais sobre nosso projeto.<\/p>\n\n\n\n<figure class=\"wp-block-embed is-type-video is-provider-youtube wp-block-embed-youtube wp-embed-aspect-16-9 wp-has-aspect-ratio\"><div class=\"wp-block-embed__wrapper\">\n<iframe loading=\"lazy\" title=\"Ensino de M\u00fasicas Para Crian\u00e7as do Laborat\u00f3rio de Educa\u00e7\u00e3o Musical Infantil da UFPB\" width=\"500\" height=\"281\" src=\"https:\/\/www.youtube.com\/embed\/EYDV9zUpZPg?feature=oembed\" frameborder=\"0\" allow=\"accelerometer; autoplay; clipboard-write; encrypted-media; gyroscope; picture-in-picture; web-share\" referrerpolicy=\"strict-origin-when-cross-origin\" allowfullscreen><\/iframe>\n<\/div><figcaption class=\"wp-element-caption\">Mini document\u00e1rio sobre os cursos de m\u00fasica para crian\u00e7as do Laborat\u00f3rio de Educa\u00e7\u00e3o Musical Infantil da UFPB.<\/figcaption><\/figure>\n","protected":false},"excerpt":{"rendered":"<p>As aulas de inicia\u00e7\u00e3o ao instrumento musicalizador que ocorrem na sala do Laborat\u00f3rio de Educa\u00e7\u00e3o [&hellip;]<\/p>\n","protected":false},"author":47,"featured_media":0,"parent":0,"menu_order":0,"comment_status":"closed","ping_status":"closed","template":"","meta":{"footnotes":""},"class_list":["post-15","page","type-page","status-publish","hentry"],"_links":{"self":[{"href":"https:\/\/www.ccta.ufpb.br\/lemi\/wp-json\/wp\/v2\/pages\/15","targetHints":{"allow":["GET"]}}],"collection":[{"href":"https:\/\/www.ccta.ufpb.br\/lemi\/wp-json\/wp\/v2\/pages"}],"about":[{"href":"https:\/\/www.ccta.ufpb.br\/lemi\/wp-json\/wp\/v2\/types\/page"}],"author":[{"embeddable":true,"href":"https:\/\/www.ccta.ufpb.br\/lemi\/wp-json\/wp\/v2\/users\/47"}],"replies":[{"embeddable":true,"href":"https:\/\/www.ccta.ufpb.br\/lemi\/wp-json\/wp\/v2\/comments?post=15"}],"version-history":[{"count":6,"href":"https:\/\/www.ccta.ufpb.br\/lemi\/wp-json\/wp\/v2\/pages\/15\/revisions"}],"predecessor-version":[{"id":154,"href":"https:\/\/www.ccta.ufpb.br\/lemi\/wp-json\/wp\/v2\/pages\/15\/revisions\/154"}],"wp:attachment":[{"href":"https:\/\/www.ccta.ufpb.br\/lemi\/wp-json\/wp\/v2\/media?parent=15"}],"curies":[{"name":"wp","href":"https:\/\/api.w.org\/{rel}","templated":true}]}}

Cursos Para Crianças

<p>As aulas de iniciação ao instrumento musicalizador que ocorrem na sala do Laboratório de Educação Musical Infantil (LEMI) da UFPB tiveram início no final abril de 2025, contemplando atividades de canto coral, flauta doce, violão e instrumental Orff. Durante a realização de outros projetos que realizávamos na comunidade, como o atendimento a crianças matriculadas no CAp/EEBAS/UFPB, tivemos a percepção que o projeto ainda poderia receber mais crianças e, a partir de uma parceria com a assessoria de extensão, abrimos inscrições para que crianças da comunidade externa à universidade pudessem também participar das atividades.</p>



<p>O presente projeto partiu da utilização da música como instrumento de transformação social e formação integral, promovendo uma abordagem prática e lúdica para futuros educadores do curso de Licenciatura em Música da UFPB. Ao aproximar a universidade da comunidade do Campus I em João Pessoa/PB, a iniciativa ofereceu vivências de musicalização e iniciação a instrumentos como flauta doce, violão e percussão, integrando canto, ritmo, movimento e brincadeiras. </p>



<figure class="wp-block-image size-large"><img loading="lazy" decoding="async" width="1024" height="576" src="https://www.ccta.ufpb.br/lemi/wp-content/uploads/sites/102/sites/312/2026/02/LEMI-POSTs-Miniatura-do-YouTube-4-1024x576.png" alt="" class="wp-image-149" srcset="https://www.ccta.ufpb.br/lemi/wp-content/uploads/sites/102/sites/312/2026/02/LEMI-POSTs-Miniatura-do-YouTube-4-1024x576.png 1024w, https://www.ccta.ufpb.br/lemi/wp-content/uploads/sites/102/sites/312/2026/02/LEMI-POSTs-Miniatura-do-YouTube-4-300x169.png 300w, https://www.ccta.ufpb.br/lemi/wp-content/uploads/sites/102/sites/312/2026/02/LEMI-POSTs-Miniatura-do-YouTube-4-768x432.png 768w, https://www.ccta.ufpb.br/lemi/wp-content/uploads/sites/102/sites/312/2026/02/LEMI-POSTs-Miniatura-do-YouTube-4.png 1280w" sizes="auto, (max-width: 1024px) 100vw, 1024px" /></figure>



<p>Dessa forma, os estudantes da Licenciatura tiveram a oportunidade de aplicar conhecimentos teóricos na prática, desenvolvendo competências como liderança e trabalho em equipe, enquanto resgataram repertórios culturais e incorporaram novas práticas pedagógicas que ampliaram o acesso ao ensino musical e fortaleceram o compromisso da UFPB com a extensão universitária e a transformação social, promovendo a educação musical infantil no município.</p>



<p>Assista ao vídeo abaixo para conhecer um pouco mais sobre nosso projeto.</p>



<figure class="wp-block-embed is-type-video is-provider-youtube wp-block-embed-youtube wp-embed-aspect-16-9 wp-has-aspect-ratio"><div class="wp-block-embed__wrapper">
<iframe loading="lazy" title="Ensino de Músicas Para Crianças do Laboratório de Educação Musical Infantil da UFPB" width="500" height="281" src="https://www.youtube.com/embed/EYDV9zUpZPg?feature=oembed" frameborder="0" allow="accelerometer; autoplay; clipboard-write; encrypted-media; gyroscope; picture-in-picture; web-share" referrerpolicy="strict-origin-when-cross-origin" allowfullscreen></iframe>
</div><figcaption class="wp-element-caption">Mini documentário sobre os cursos de música para crianças do Laboratório de Educação Musical Infantil da UFPB.</figcaption></figure>

<p>As aulas de iniciação ao instrumento musicalizador que ocorrem na sala do Laboratório de Educação [&hellip;]</p>
