{"id":17,"date":"2025-06-02T19:42:45","date_gmt":"2025-06-02T22:42:45","guid":{"rendered":"https:\/\/www.ccta.ufpb.br\/lemi\/?page_id=17"},"modified":"2026-02-05T11:16:18","modified_gmt":"2026-02-05T14:16:18","slug":"aula-em-cena","status":"publish","type":"page","link":"https:\/\/www.ccta.ufpb.br\/lemi\/aula-em-cena\/","title":{"rendered":"Shows Pedag\u00f3gicos"},"content":{"rendered":"\n<p>O projeto <strong>&#8220;Aula em Cena: Show Pedag\u00f3gico e Forma\u00e7\u00e3o de Educadores para Educa\u00e7\u00e3o Musical Infantil&#8221;<\/strong> tem como objetivo central a cria\u00e7\u00e3o de um grupo musical voltado \u00e0 forma\u00e7\u00e3o de educadores, com foco no planejamento e realiza\u00e7\u00e3o de apresenta\u00e7\u00f5es educativas e culturais em institui\u00e7\u00f5es de educa\u00e7\u00e3o b\u00e1sica e eventos direcionados ao p\u00fablico infantil e docente. <\/p>\n\n\n\n<p>Com uma abordagem pedag\u00f3gica fundamentada em perspectivas te\u00f3rico-metodol\u00f3gicas da educa\u00e7\u00e3o musical infantil, o projeto busca levar aulas interativas em formato de show para escolas, promovendo experi\u00eancias l\u00fadicas e educativas que envolvem crian\u00e7as, fam\u00edlias e a comunidade. <\/p>\n\n\n\n<p><\/p>\n\n\n<div class=\"wp-block-image\">\n<figure class=\"aligncenter size-full is-resized\"><img loading=\"lazy\" decoding=\"async\" width=\"848\" height=\"428\" src=\"https:\/\/www.ccta.ufpb.br\/lemi\/wp-content\/uploads\/sites\/102\/sites\/312\/2026\/02\/Projeto-Aula-em-Cena.png\" alt=\"\" class=\"wp-image-130\" style=\"aspect-ratio:1.98134125423587;width:608px;height:auto\" srcset=\"https:\/\/www.ccta.ufpb.br\/lemi\/wp-content\/uploads\/sites\/102\/sites\/312\/2026\/02\/Projeto-Aula-em-Cena.png 848w, https:\/\/www.ccta.ufpb.br\/lemi\/wp-content\/uploads\/sites\/102\/sites\/312\/2026\/02\/Projeto-Aula-em-Cena-300x151.png 300w, https:\/\/www.ccta.ufpb.br\/lemi\/wp-content\/uploads\/sites\/102\/sites\/312\/2026\/02\/Projeto-Aula-em-Cena-768x388.png 768w\" sizes=\"auto, (max-width: 848px) 100vw, 848px\" \/><\/figure>\n<\/div>\n\n\n<p><\/p>\n\n\n\n<p>Por meio da elabora\u00e7\u00e3o de performances art\u00edsticas, da cria\u00e7\u00e3o de repert\u00f3rios e arranjos voltados para a inf\u00e2ncia, bem como da valoriza\u00e7\u00e3o de pr\u00e1ticas musicais tradicionais e da brincadeira como linguagem pr\u00f3pria da inf\u00e2ncia, o projeto tamb\u00e9m visa fortalecer a rela\u00e7\u00e3o entre a universidade e a comunidade, ampliando o acesso \u00e0 educa\u00e7\u00e3o musical e promovendo a aproxima\u00e7\u00e3o de alunos da Licenciatura em M\u00fasica com essa dimens\u00e3o perform\u00e1tica existente no mercado de trabalho do m\u00fasico-educador.<\/p>\n\n\n\n<p><\/p>\n","protected":false},"excerpt":{"rendered":"<p>O projeto &#8220;Aula em Cena: Show Pedag\u00f3gico e Forma\u00e7\u00e3o de Educadores para Educa\u00e7\u00e3o Musical Infantil&#8221; [&hellip;]<\/p>\n","protected":false},"author":47,"featured_media":0,"parent":0,"menu_order":0,"comment_status":"closed","ping_status":"closed","template":"","meta":{"footnotes":""},"class_list":["post-17","page","type-page","status-publish","hentry"],"_links":{"self":[{"href":"https:\/\/www.ccta.ufpb.br\/lemi\/wp-json\/wp\/v2\/pages\/17","targetHints":{"allow":["GET"]}}],"collection":[{"href":"https:\/\/www.ccta.ufpb.br\/lemi\/wp-json\/wp\/v2\/pages"}],"about":[{"href":"https:\/\/www.ccta.ufpb.br\/lemi\/wp-json\/wp\/v2\/types\/page"}],"author":[{"embeddable":true,"href":"https:\/\/www.ccta.ufpb.br\/lemi\/wp-json\/wp\/v2\/users\/47"}],"replies":[{"embeddable":true,"href":"https:\/\/www.ccta.ufpb.br\/lemi\/wp-json\/wp\/v2\/comments?post=17"}],"version-history":[{"count":3,"href":"https:\/\/www.ccta.ufpb.br\/lemi\/wp-json\/wp\/v2\/pages\/17\/revisions"}],"predecessor-version":[{"id":139,"href":"https:\/\/www.ccta.ufpb.br\/lemi\/wp-json\/wp\/v2\/pages\/17\/revisions\/139"}],"wp:attachment":[{"href":"https:\/\/www.ccta.ufpb.br\/lemi\/wp-json\/wp\/v2\/media?parent=17"}],"curies":[{"name":"wp","href":"https:\/\/api.w.org\/{rel}","templated":true}]}}

Shows Pedagógicos

<p>O projeto <strong>&#8220;Aula em Cena: Show Pedagógico e Formação de Educadores para Educação Musical Infantil&#8221;</strong> tem como objetivo central a criação de um grupo musical voltado à formação de educadores, com foco no planejamento e realização de apresentações educativas e culturais em instituições de educação básica e eventos direcionados ao público infantil e docente. </p>



<p>Com uma abordagem pedagógica fundamentada em perspectivas teórico-metodológicas da educação musical infantil, o projeto busca levar aulas interativas em formato de show para escolas, promovendo experiências lúdicas e educativas que envolvem crianças, famílias e a comunidade. </p>



<p></p>


<div class="wp-block-image">
<figure class="aligncenter size-full is-resized"><img loading="lazy" decoding="async" width="848" height="428" src="https://www.ccta.ufpb.br/lemi/wp-content/uploads/sites/102/sites/312/2026/02/Projeto-Aula-em-Cena.png" alt="" class="wp-image-130" style="aspect-ratio:1.98134125423587;width:608px;height:auto" srcset="https://www.ccta.ufpb.br/lemi/wp-content/uploads/sites/102/sites/312/2026/02/Projeto-Aula-em-Cena.png 848w, https://www.ccta.ufpb.br/lemi/wp-content/uploads/sites/102/sites/312/2026/02/Projeto-Aula-em-Cena-300x151.png 300w, https://www.ccta.ufpb.br/lemi/wp-content/uploads/sites/102/sites/312/2026/02/Projeto-Aula-em-Cena-768x388.png 768w" sizes="auto, (max-width: 848px) 100vw, 848px" /></figure>
</div>


<p></p>



<p>Por meio da elaboração de performances artísticas, da criação de repertórios e arranjos voltados para a infância, bem como da valorização de práticas musicais tradicionais e da brincadeira como linguagem própria da infância, o projeto também visa fortalecer a relação entre a universidade e a comunidade, ampliando o acesso à educação musical e promovendo a aproximação de alunos da Licenciatura em Música com essa dimensão performática existente no mercado de trabalho do músico-educador.</p>



<p></p>

<p>O projeto &#8220;Aula em Cena: Show Pedagógico e Formação de Educadores para Educação Musical Infantil&#8221; [&hellip;]</p>
