{"id":19,"date":"2025-06-02T19:42:54","date_gmt":"2025-06-02T22:42:54","guid":{"rendered":"https:\/\/www.ccta.ufpb.br\/lemi\/?page_id=19"},"modified":"2026-02-05T12:13:13","modified_gmt":"2026-02-05T15:13:13","slug":"lemi-digital","status":"publish","type":"page","link":"https:\/\/www.ccta.ufpb.br\/lemi\/lemi-digital\/","title":{"rendered":"Forma\u00e7\u00e3o de Professores"},"content":{"rendered":"\n<p>A qualifica\u00e7\u00e3o do ensino de gradua\u00e7\u00e3o e a forma\u00e7\u00e3o continuada dos docentes em exerc\u00edcio na sociedade s\u00e3o desafios constantes das pol\u00edticas educacionais brasileiras, exigindo inova\u00e7\u00f5es metodol\u00f3gicas, integra\u00e7\u00e3o interdisciplinar e estrat\u00e9gias eficazes para a perman\u00eancia estudantil. O ensino nos cursos de gradua\u00e7\u00e3o, em especial aqueles voltados para forma\u00e7\u00e3o do profissional da educa\u00e7\u00e3o, como \u00e9 o caso da Licenciatura em M\u00fasica e outros cursos correlatos, requer abordagens que combinem teoria e pr\u00e1tica, promovam o uso de recursos tecnol\u00f3gicos e garantam a articula\u00e7\u00e3o com os campos da educa\u00e7\u00e3o b\u00e1sica e infantil.<\/p>\n\n\n\n<p>Assim, o presente projeto prop\u00f5e a amplia\u00e7\u00e3o de oportunidades de forma\u00e7\u00e3o continuada a docentes que atuam na Educa\u00e7\u00e3o Infantil no interior paraibano e o desenvolvimento de metodologias inovadoras, artefatos e recursos did\u00e1ticos, al\u00e9m da implementa\u00e7\u00e3o de procedimentos tecnol\u00f3gicos que aprimorem os processos de ensino e aprendizagem a partir da pr\u00e1tica musical no curso de Licenciatura em M\u00fasica, privilegiando a pr\u00e1tica de experi\u00eancias interdisciplinares em di\u00e1logos transversais com o fazer musical. <\/p>\n\n\n\n<figure class=\"wp-block-image size-large\"><img loading=\"lazy\" decoding=\"async\" width=\"1024\" height=\"576\" src=\"https:\/\/www.ccta.ufpb.br\/lemi\/wp-content\/uploads\/sites\/102\/sites\/312\/2026\/02\/LEMI-POSTs-Miniatura-do-YouTube-3-1024x576.png\" alt=\"\" class=\"wp-image-144\" srcset=\"https:\/\/www.ccta.ufpb.br\/lemi\/wp-content\/uploads\/sites\/102\/sites\/312\/2026\/02\/LEMI-POSTs-Miniatura-do-YouTube-3-1024x576.png 1024w, https:\/\/www.ccta.ufpb.br\/lemi\/wp-content\/uploads\/sites\/102\/sites\/312\/2026\/02\/LEMI-POSTs-Miniatura-do-YouTube-3-300x169.png 300w, https:\/\/www.ccta.ufpb.br\/lemi\/wp-content\/uploads\/sites\/102\/sites\/312\/2026\/02\/LEMI-POSTs-Miniatura-do-YouTube-3-768x432.png 768w, https:\/\/www.ccta.ufpb.br\/lemi\/wp-content\/uploads\/sites\/102\/sites\/312\/2026\/02\/LEMI-POSTs-Miniatura-do-YouTube-3.png 1280w\" sizes=\"auto, (max-width: 1024px) 100vw, 1024px\" \/><\/figure>\n\n\n\n<p>Com o intuito de fortalecer a pr\u00e1tica extensionista na UFPB\/CCTA\/DEM, a aprendizagem em atividades de ensino previstas na gradua\u00e7\u00e3o e contribuir para a redu\u00e7\u00e3o de trancamentos, reprova\u00e7\u00f5es e evas\u00e3o, as atividades ser\u00e3o realizadas vinculadas ao Laborat\u00f3rio de Educa\u00e7\u00e3o Musical Infantil (LEMI) e ao N\u00facleo de Estudos em M\u00fasica e Inf\u00e2ncias (NEMI), articulando recursos humanos e materiais obtidos atrav\u00e9s do PROLICEN e QUALIGRAD (2025). Al\u00e9m disso, por meio da articula\u00e7\u00e3o entre o presente projeto de ensino com o projeto de extens\u00e3o \u201cLEMI Digital: Produ\u00e7\u00f5es Audiovisuais do Laborat\u00f3rio de Educa\u00e7\u00e3o Musical Infantil\u201d, pretende-se impactar milhares de profissionais e estudantes da \u00e1rea da educa\u00e7\u00e3o, especialmente aqueles que atuam com a inf\u00e2ncia na Para\u00edba, alcan\u00e7ando-os por meio da produ\u00e7\u00e3o e difus\u00e3o de materiais pedag\u00f3gicos audiovisuais, originados a partir das grava\u00e7\u00f5es realizadas ao longo da execu\u00e7\u00e3o deste projeto.<\/p>\n\n\n\n<figure class=\"wp-block-image size-large\"><img loading=\"lazy\" decoding=\"async\" width=\"768\" height=\"1024\" src=\"https:\/\/www.ccta.ufpb.br\/lemi\/wp-content\/uploads\/sites\/102\/sites\/312\/2026\/02\/BANNER-ENEX-2025-1-768x1024.png\" alt=\"\" class=\"wp-image-157\" srcset=\"https:\/\/www.ccta.ufpb.br\/lemi\/wp-content\/uploads\/sites\/102\/sites\/312\/2026\/02\/BANNER-ENEX-2025-1-768x1024.png 768w, https:\/\/www.ccta.ufpb.br\/lemi\/wp-content\/uploads\/sites\/102\/sites\/312\/2026\/02\/BANNER-ENEX-2025-1-225x300.png 225w, https:\/\/www.ccta.ufpb.br\/lemi\/wp-content\/uploads\/sites\/102\/sites\/312\/2026\/02\/BANNER-ENEX-2025-1-1152x1536.png 1152w, https:\/\/www.ccta.ufpb.br\/lemi\/wp-content\/uploads\/sites\/102\/sites\/312\/2026\/02\/BANNER-ENEX-2025-1-1536x2048.png 1536w, https:\/\/www.ccta.ufpb.br\/lemi\/wp-content\/uploads\/sites\/102\/sites\/312\/2026\/02\/BANNER-ENEX-2025-1-scaled.png 1920w\" sizes=\"auto, (max-width: 768px) 100vw, 768px\" \/><\/figure>\n","protected":false},"excerpt":{"rendered":"<p>A qualifica\u00e7\u00e3o do ensino de gradua\u00e7\u00e3o e a forma\u00e7\u00e3o continuada dos docentes em exerc\u00edcio na [&hellip;]<\/p>\n","protected":false},"author":47,"featured_media":0,"parent":0,"menu_order":0,"comment_status":"closed","ping_status":"closed","template":"","meta":{"footnotes":""},"class_list":["post-19","page","type-page","status-publish","hentry"],"_links":{"self":[{"href":"https:\/\/www.ccta.ufpb.br\/lemi\/wp-json\/wp\/v2\/pages\/19","targetHints":{"allow":["GET"]}}],"collection":[{"href":"https:\/\/www.ccta.ufpb.br\/lemi\/wp-json\/wp\/v2\/pages"}],"about":[{"href":"https:\/\/www.ccta.ufpb.br\/lemi\/wp-json\/wp\/v2\/types\/page"}],"author":[{"embeddable":true,"href":"https:\/\/www.ccta.ufpb.br\/lemi\/wp-json\/wp\/v2\/users\/47"}],"replies":[{"embeddable":true,"href":"https:\/\/www.ccta.ufpb.br\/lemi\/wp-json\/wp\/v2\/comments?post=19"}],"version-history":[{"count":4,"href":"https:\/\/www.ccta.ufpb.br\/lemi\/wp-json\/wp\/v2\/pages\/19\/revisions"}],"predecessor-version":[{"id":158,"href":"https:\/\/www.ccta.ufpb.br\/lemi\/wp-json\/wp\/v2\/pages\/19\/revisions\/158"}],"wp:attachment":[{"href":"https:\/\/www.ccta.ufpb.br\/lemi\/wp-json\/wp\/v2\/media?parent=19"}],"curies":[{"name":"wp","href":"https:\/\/api.w.org\/{rel}","templated":true}]}}