{"id":13,"date":"2025-12-22T14:09:41","date_gmt":"2025-12-22T14:09:41","guid":{"rendered":"https:\/\/www.ccta.ufpb.br\/clm\/?page_id=13"},"modified":"2026-02-24T00:52:05","modified_gmt":"2026-02-24T00:52:05","slug":"apresentacao","status":"publish","type":"page","link":"https:\/\/www.ccta.ufpb.br\/musicalicenciatura\/apresentacao\/","title":{"rendered":"Sobre o Curso"},"content":{"rendered":"\n<p>O nosso <strong>CURSO DE LICENCIATURA EM M\u00daSICA<\/strong> possui duas \u00e1reas de concentra\u00e7\u00e3o: Pr\u00e1ticas Interpretativas e M\u00fasica Brasileira Popular. Ambas formam professores para atuar na educa\u00e7\u00e3o b\u00e1sica, em escolas especializadas de m\u00fasica e em variados contextos de educa\u00e7\u00e3o musical. <\/p>\n\n\n\n<p>Com base em um curr\u00edculo atual e inovador, a forma\u00e7\u00e3o na licenciatura em m\u00fasica\u00a0 est\u00e1 alicer\u00e7ada em uma concep\u00e7\u00e3o contempor\u00e2nea, plural e alargada de m\u00fasica. O curso integra s\u00f3lida forma\u00e7\u00e3o art\u00edstica, pedag\u00f3gica e cient\u00edfica, conectada com o mundo real, articulando pr\u00e1tica musical, fundamentos te\u00f3ricos, metodologias de ensino e momentos de pr\u00e1tica pedag\u00f3gica supervisionada. <\/p>\n\n\n\n<p>A forma\u00e7\u00e3o ofertada contempla pr\u00e1ticas interpretativas em m\u00fasica de concerto e m\u00fasica brasileira popular, conectando, de forma transversal, eixos como: produ\u00e7\u00e3o de conhecimento em m\u00fasica, elabora\u00e7\u00e3o projetos de ensino, pr\u00e1ticas de pesquisa e participa\u00e7\u00e3o efetiva na extens\u00e3o, preparando o egresso para participar e atuar como m\u00fasico e educador de forma efetiva na sociedade, apto a planejar, desenvolver e avaliar processos de ensino-aprendizagem em m\u00fasica. <\/p>\n\n\n\n<p>O licenciado formado ter\u00e1 como compet\u00eancias e habilidades dom\u00ednio musical e pedag\u00f3gico, postura cr\u00edtica e compromisso \u00e9tico e social, estando preparado para trabalhar de forma humana e sens\u00edvel \u00e0 diversidade de repert\u00f3rios, contextos culturais e realidades educacionais.<\/p>\n","protected":false},"excerpt":{"rendered":"<p>O nosso CURSO DE LICENCIATURA EM M\u00daSICA possui duas \u00e1reas de concentra\u00e7\u00e3o: Pr\u00e1ticas Interpretativas e [&hellip;]<\/p>\n","protected":false},"author":47,"featured_media":0,"parent":0,"menu_order":0,"comment_status":"closed","ping_status":"closed","template":"","meta":{"footnotes":""},"class_list":["post-13","page","type-page","status-publish","hentry"],"_links":{"self":[{"href":"https:\/\/www.ccta.ufpb.br\/musicalicenciatura\/wp-json\/wp\/v2\/pages\/13","targetHints":{"allow":["GET"]}}],"collection":[{"href":"https:\/\/www.ccta.ufpb.br\/musicalicenciatura\/wp-json\/wp\/v2\/pages"}],"about":[{"href":"https:\/\/www.ccta.ufpb.br\/musicalicenciatura\/wp-json\/wp\/v2\/types\/page"}],"author":[{"embeddable":true,"href":"https:\/\/www.ccta.ufpb.br\/musicalicenciatura\/wp-json\/wp\/v2\/users\/47"}],"replies":[{"embeddable":true,"href":"https:\/\/www.ccta.ufpb.br\/musicalicenciatura\/wp-json\/wp\/v2\/comments?post=13"}],"version-history":[{"count":4,"href":"https:\/\/www.ccta.ufpb.br\/musicalicenciatura\/wp-json\/wp\/v2\/pages\/13\/revisions"}],"predecessor-version":[{"id":54,"href":"https:\/\/www.ccta.ufpb.br\/musicalicenciatura\/wp-json\/wp\/v2\/pages\/13\/revisions\/54"}],"wp:attachment":[{"href":"https:\/\/www.ccta.ufpb.br\/musicalicenciatura\/wp-json\/wp\/v2\/media?parent=13"}],"curies":[{"name":"wp","href":"https:\/\/api.w.org\/{rel}","templated":true}]}}

<p>O nosso <strong>CURSO DE LICENCIATURA EM MÚSICA</strong> possui duas áreas de concentração: Práticas Interpretativas e Música Brasileira Popular. Ambas formam professores para atuar na educação básica, em escolas especializadas de música e em variados contextos de educação musical. </p>



<p>Com base em um currículo atual e inovador, a formação na licenciatura em música  está alicerçada em uma concepção contemporânea, plural e alargada de música. O curso integra sólida formação artística, pedagógica e científica, conectada com o mundo real, articulando prática musical, fundamentos teóricos, metodologias de ensino e momentos de prática pedagógica supervisionada. </p>



<p>A formação ofertada contempla práticas interpretativas em música de concerto e música brasileira popular, conectando, de forma transversal, eixos como: produção de conhecimento em música, elaboração projetos de ensino, práticas de pesquisa e participação efetiva na extensão, preparando o egresso para participar e atuar como músico e educador de forma efetiva na sociedade, apto a planejar, desenvolver e avaliar processos de ensino-aprendizagem em música. </p>



<p>O licenciado formado terá como competências e habilidades domínio musical e pedagógico, postura crítica e compromisso ético e social, estando preparado para trabalhar de forma humana e sensível à diversidade de repertórios, contextos culturais e realidades educacionais.</p>

<p>O nosso CURSO DE LICENCIATURA EM MÚSICA possui duas áreas de concentração: Práticas Interpretativas e [&hellip;]</p>
