{"id":141,"date":"2025-10-09T19:51:32","date_gmt":"2025-10-09T22:51:32","guid":{"rendered":"https:\/\/www.ccta.ufpb.br\/objorsemiarido\/?page_id=141"},"modified":"2025-10-09T21:23:13","modified_gmt":"2025-10-10T00:23:13","slug":"clube-de-leitura-narradoras-do-tempo-cronicas-reportagens-em-quadrinhos-e-livros-reportagens-feito-por-mulheres","status":"publish","type":"page","link":"https:\/\/www.ccta.ufpb.br\/objorsemiarido\/clube-de-leitura-narradoras-do-tempo-cronicas-reportagens-em-quadrinhos-e-livros-reportagens-feito-por-mulheres\/","title":{"rendered":"Clube de Leitura Narradoras do Tempo: cr\u00f4nicas, reportagens em quadrinhos e livros reportagens feito por mulheres"},"content":{"rendered":"\n<p>Narradoras do Tempo \u00e9 um clube de leitura voltado \u00e0 divulga\u00e7\u00e3o e reflex\u00e3o da vasta produ\u00e7\u00e3o jornal\u00edstica, liter\u00e1ria, biogr\u00e1fica e em quadrinhos feita por mulheres brasileiras, e por vezes pouco conhecida na bibliografia das escolas e universidades do pr\u00f3prio pa\u00eds, especialmente em cidades do interior. A partir de iniciativas online e presenciais (itinerantes) do Clube de Leitura ser\u00e1 poss\u00edvel desenvolver a\u00e7\u00f5es de fomento \u00e0 leitura, escrita criativa e constru\u00e7\u00e3o de narrativas em quadrinhos incialmente em escolas, centros culturais de munic\u00edpios paraibanos, a exemplo da biblioteca p\u00fablica de Duas Estadas &#8211; Biblioteca Margarida Maria Alves -, e nas escolas das aldeias potiguaras Camurupim e Brejinhos, pertencentes ao Munic\u00edpio de Marca\u00e7\u00e3o.<\/p>\n\n\n\n<ul class=\"wp-block-social-links has-normal-icon-size is-layout-flex wp-block-social-links-is-layout-flex\"><li class=\"wp-social-link wp-social-link-instagram  wp-block-social-link\"><a href=\"https:\/\/www.instagram.com\/narradoras.do.tempo?utm_source=ig_web_button_share_sheet&#038;igsh=ZDNlZDc0MzIxNw==\" class=\"wp-block-social-link-anchor\"><svg width=\"24\" height=\"24\" viewBox=\"0 0 24 24\" version=\"1.1\" xmlns=\"http:\/\/www.w3.org\/2000\/svg\" aria-hidden=\"true\" focusable=\"false\"><path d=\"M12,4.622c2.403,0,2.688,0.009,3.637,0.052c0.877,0.04,1.354,0.187,1.671,0.31c0.42,0.163,0.72,0.358,1.035,0.673 c0.315,0.315,0.51,0.615,0.673,1.035c0.123,0.317,0.27,0.794,0.31,1.671c0.043,0.949,0.052,1.234,0.052,3.637 s-0.009,2.688-0.052,3.637c-0.04,0.877-0.187,1.354-0.31,1.671c-0.163,0.42-0.358,0.72-0.673,1.035 c-0.315,0.315-0.615,0.51-1.035,0.673c-0.317,0.123-0.794,0.27-1.671,0.31c-0.949,0.043-1.233,0.052-3.637,0.052 s-2.688-0.009-3.637-0.052c-0.877-0.04-1.354-0.187-1.671-0.31c-0.42-0.163-0.72-0.358-1.035-0.673 c-0.315-0.315-0.51-0.615-0.673-1.035c-0.123-0.317-0.27-0.794-0.31-1.671C4.631,14.688,4.622,14.403,4.622,12 s0.009-2.688,0.052-3.637c0.04-0.877,0.187-1.354,0.31-1.671c0.163-0.42,0.358-0.72,0.673-1.035 c0.315-0.315,0.615-0.51,1.035-0.673c0.317-0.123,0.794-0.27,1.671-0.31C9.312,4.631,9.597,4.622,12,4.622 M12,3 C9.556,3,9.249,3.01,8.289,3.054C7.331,3.098,6.677,3.25,6.105,3.472C5.513,3.702,5.011,4.01,4.511,4.511 c-0.5,0.5-0.808,1.002-1.038,1.594C3.25,6.677,3.098,7.331,3.054,8.289C3.01,9.249,3,9.556,3,12c0,2.444,0.01,2.751,0.054,3.711 c0.044,0.958,0.196,1.612,0.418,2.185c0.23,0.592,0.538,1.094,1.038,1.594c0.5,0.5,1.002,0.808,1.594,1.038 c0.572,0.222,1.227,0.375,2.185,0.418C9.249,20.99,9.556,21,12,21s2.751-0.01,3.711-0.054c0.958-0.044,1.612-0.196,2.185-0.418 c0.592-0.23,1.094-0.538,1.594-1.038c0.5-0.5,0.808-1.002,1.038-1.594c0.222-0.572,0.375-1.227,0.418-2.185 C20.99,14.751,21,14.444,21,12s-0.01-2.751-0.054-3.711c-0.044-0.958-0.196-1.612-0.418-2.185c-0.23-0.592-0.538-1.094-1.038-1.594 c-0.5-0.5-1.002-0.808-1.594-1.038c-0.572-0.222-1.227-0.375-2.185-0.418C14.751,3.01,14.444,3,12,3L12,3z M12,7.378 c-2.552,0-4.622,2.069-4.622,4.622S9.448,16.622,12,16.622s4.622-2.069,4.622-4.622S14.552,7.378,12,7.378z M12,15 c-1.657,0-3-1.343-3-3s1.343-3,3-3s3,1.343,3,3S13.657,15,12,15z M16.804,6.116c-0.596,0-1.08,0.484-1.08,1.08 s0.484,1.08,1.08,1.08c0.596,0,1.08-0.484,1.08-1.08S17.401,6.116,16.804,6.116z\"><\/path><\/svg><span class=\"wp-block-social-link-label screen-reader-text\">Instagram<\/span><\/a><\/li><\/ul>\n\n\n\n<figure class=\"wp-block-image size-large\"><img loading=\"lazy\" decoding=\"async\" width=\"1024\" height=\"768\" src=\"https:\/\/www.ccta.ufpb.br\/objorsemiarido\/wp-content\/uploads\/sites\/102\/sites\/255\/2025\/10\/Imagem-do-WhatsApp-de-2025-10-09-as-19.41.44_ca2a244a-1024x768.jpg\" alt=\"\" class=\"wp-image-145\" srcset=\"https:\/\/www.ccta.ufpb.br\/objorsemiarido\/wp-content\/uploads\/sites\/102\/sites\/255\/2025\/10\/Imagem-do-WhatsApp-de-2025-10-09-as-19.41.44_ca2a244a-1024x768.jpg 1024w, https:\/\/www.ccta.ufpb.br\/objorsemiarido\/wp-content\/uploads\/sites\/102\/sites\/255\/2025\/10\/Imagem-do-WhatsApp-de-2025-10-09-as-19.41.44_ca2a244a-300x225.jpg 300w, https:\/\/www.ccta.ufpb.br\/objorsemiarido\/wp-content\/uploads\/sites\/102\/sites\/255\/2025\/10\/Imagem-do-WhatsApp-de-2025-10-09-as-19.41.44_ca2a244a-768x576.jpg 768w, https:\/\/www.ccta.ufpb.br\/objorsemiarido\/wp-content\/uploads\/sites\/102\/sites\/255\/2025\/10\/Imagem-do-WhatsApp-de-2025-10-09-as-19.41.44_ca2a244a.jpg 1280w\" sizes=\"auto, (max-width: 1024px) 100vw, 1024px\" \/><\/figure>\n\n\n\n<p><\/p>\n\n\n\n<p><em>Professora Sandra Raquew e as discentes Ana Cec\u00edlia, Aline Nery, Kalyne Lustosa e Mabel Pontes no primeiro encontro do Clube de Leitura, realizado na Livraria Uni\u00e3o. <\/em> <\/p>\n\n\n\n<figure class=\"wp-block-gallery has-nested-images columns-default is-cropped wp-block-gallery-1 is-layout-flex wp-block-gallery-is-layout-flex\">\n<figure class=\"wp-block-image size-large\"><img loading=\"lazy\" decoding=\"async\" width=\"1024\" height=\"478\" data-id=\"157\" src=\"https:\/\/www.ccta.ufpb.br\/objorsemiarido\/wp-content\/uploads\/sites\/102\/sites\/255\/2025\/10\/5fe504db-b705-4624-9341-93f33c6b3eeb-1024x478.jpeg\" alt=\"\" class=\"wp-image-157\" srcset=\"https:\/\/www.ccta.ufpb.br\/objorsemiarido\/wp-content\/uploads\/sites\/102\/sites\/255\/2025\/10\/5fe504db-b705-4624-9341-93f33c6b3eeb-1024x478.jpeg 1024w, https:\/\/www.ccta.ufpb.br\/objorsemiarido\/wp-content\/uploads\/sites\/102\/sites\/255\/2025\/10\/5fe504db-b705-4624-9341-93f33c6b3eeb-300x140.jpeg 300w, https:\/\/www.ccta.ufpb.br\/objorsemiarido\/wp-content\/uploads\/sites\/102\/sites\/255\/2025\/10\/5fe504db-b705-4624-9341-93f33c6b3eeb-768x358.jpeg 768w, https:\/\/www.ccta.ufpb.br\/objorsemiarido\/wp-content\/uploads\/sites\/102\/sites\/255\/2025\/10\/5fe504db-b705-4624-9341-93f33c6b3eeb.jpeg 1280w\" sizes=\"auto, (max-width: 1024px) 100vw, 1024px\" \/><figcaption class=\"wp-element-caption\">Encontros e atividades promovidos atrav\u00e9s do Clube de Leitura Narradoras do Tempo ao longo do segundo semestre de 2025.<\/figcaption><\/figure>\n\n\n\n<figure class=\"wp-block-image size-large is-style-default\"><img loading=\"lazy\" decoding=\"async\" width=\"1024\" height=\"768\" data-id=\"145\" src=\"https:\/\/www.ccta.ufpb.br\/objorsemiarido\/wp-content\/uploads\/sites\/102\/sites\/255\/2025\/10\/Imagem-do-WhatsApp-de-2025-10-09-as-19.41.44_ca2a244a-1024x768.jpg\" alt=\"\" class=\"wp-image-145\" srcset=\"https:\/\/www.ccta.ufpb.br\/objorsemiarido\/wp-content\/uploads\/sites\/102\/sites\/255\/2025\/10\/Imagem-do-WhatsApp-de-2025-10-09-as-19.41.44_ca2a244a-1024x768.jpg 1024w, https:\/\/www.ccta.ufpb.br\/objorsemiarido\/wp-content\/uploads\/sites\/102\/sites\/255\/2025\/10\/Imagem-do-WhatsApp-de-2025-10-09-as-19.41.44_ca2a244a-300x225.jpg 300w, https:\/\/www.ccta.ufpb.br\/objorsemiarido\/wp-content\/uploads\/sites\/102\/sites\/255\/2025\/10\/Imagem-do-WhatsApp-de-2025-10-09-as-19.41.44_ca2a244a-768x576.jpg 768w, https:\/\/www.ccta.ufpb.br\/objorsemiarido\/wp-content\/uploads\/sites\/102\/sites\/255\/2025\/10\/Imagem-do-WhatsApp-de-2025-10-09-as-19.41.44_ca2a244a.jpg 1280w\" sizes=\"auto, (max-width: 1024px) 100vw, 1024px\" \/><figcaption class=\"wp-element-caption\">1\u00b0 Encontro: Livraria Uni\u00e3o<\/figcaption><\/figure>\n\n\n\n<figure class=\"wp-block-image size-large\"><img loading=\"lazy\" decoding=\"async\" width=\"1024\" height=\"882\" data-id=\"154\" src=\"https:\/\/www.ccta.ufpb.br\/objorsemiarido\/wp-content\/uploads\/sites\/102\/sites\/255\/2025\/10\/282bb3ce-4f7f-4ca5-8c00-3449538b2f2a-1024x882.jpeg\" alt=\"\" class=\"wp-image-154\" srcset=\"https:\/\/www.ccta.ufpb.br\/objorsemiarido\/wp-content\/uploads\/sites\/102\/sites\/255\/2025\/10\/282bb3ce-4f7f-4ca5-8c00-3449538b2f2a-1024x882.jpeg 1024w, https:\/\/www.ccta.ufpb.br\/objorsemiarido\/wp-content\/uploads\/sites\/102\/sites\/255\/2025\/10\/282bb3ce-4f7f-4ca5-8c00-3449538b2f2a-300x258.jpeg 300w, https:\/\/www.ccta.ufpb.br\/objorsemiarido\/wp-content\/uploads\/sites\/102\/sites\/255\/2025\/10\/282bb3ce-4f7f-4ca5-8c00-3449538b2f2a-768x661.jpeg 768w, https:\/\/www.ccta.ufpb.br\/objorsemiarido\/wp-content\/uploads\/sites\/102\/sites\/255\/2025\/10\/282bb3ce-4f7f-4ca5-8c00-3449538b2f2a-1536x1323.jpeg 1536w, https:\/\/www.ccta.ufpb.br\/objorsemiarido\/wp-content\/uploads\/sites\/102\/sites\/255\/2025\/10\/282bb3ce-4f7f-4ca5-8c00-3449538b2f2a-2048x1764.jpeg 2048w\" sizes=\"auto, (max-width: 1024px) 100vw, 1024px\" \/><\/figure>\n\n\n\n<figure class=\"wp-block-image size-large\"><img loading=\"lazy\" decoding=\"async\" width=\"1024\" height=\"478\" data-id=\"156\" src=\"https:\/\/www.ccta.ufpb.br\/objorsemiarido\/wp-content\/uploads\/sites\/102\/sites\/255\/2025\/10\/52343fef-bf6b-4ffd-97e9-4da7066239fa-1024x478.jpeg\" alt=\"\" class=\"wp-image-156\" srcset=\"https:\/\/www.ccta.ufpb.br\/objorsemiarido\/wp-content\/uploads\/sites\/102\/sites\/255\/2025\/10\/52343fef-bf6b-4ffd-97e9-4da7066239fa-1024x478.jpeg 1024w, https:\/\/www.ccta.ufpb.br\/objorsemiarido\/wp-content\/uploads\/sites\/102\/sites\/255\/2025\/10\/52343fef-bf6b-4ffd-97e9-4da7066239fa-300x140.jpeg 300w, https:\/\/www.ccta.ufpb.br\/objorsemiarido\/wp-content\/uploads\/sites\/102\/sites\/255\/2025\/10\/52343fef-bf6b-4ffd-97e9-4da7066239fa-768x358.jpeg 768w, https:\/\/www.ccta.ufpb.br\/objorsemiarido\/wp-content\/uploads\/sites\/102\/sites\/255\/2025\/10\/52343fef-bf6b-4ffd-97e9-4da7066239fa.jpeg 1280w\" sizes=\"auto, (max-width: 1024px) 100vw, 1024px\" \/><\/figure>\n\n\n\n<figure class=\"wp-block-image size-large\"><img loading=\"lazy\" decoding=\"async\" width=\"1024\" height=\"768\" data-id=\"155\" src=\"https:\/\/www.ccta.ufpb.br\/objorsemiarido\/wp-content\/uploads\/sites\/102\/sites\/255\/2025\/10\/6171b9e9-2cf6-4252-bdc4-1f7ea817a425-1024x768.jpeg\" alt=\"\" class=\"wp-image-155\" srcset=\"https:\/\/www.ccta.ufpb.br\/objorsemiarido\/wp-content\/uploads\/sites\/102\/sites\/255\/2025\/10\/6171b9e9-2cf6-4252-bdc4-1f7ea817a425-1024x768.jpeg 1024w, https:\/\/www.ccta.ufpb.br\/objorsemiarido\/wp-content\/uploads\/sites\/102\/sites\/255\/2025\/10\/6171b9e9-2cf6-4252-bdc4-1f7ea817a425-300x225.jpeg 300w, https:\/\/www.ccta.ufpb.br\/objorsemiarido\/wp-content\/uploads\/sites\/102\/sites\/255\/2025\/10\/6171b9e9-2cf6-4252-bdc4-1f7ea817a425-768x576.jpeg 768w, https:\/\/www.ccta.ufpb.br\/objorsemiarido\/wp-content\/uploads\/sites\/102\/sites\/255\/2025\/10\/6171b9e9-2cf6-4252-bdc4-1f7ea817a425-1536x1152.jpeg 1536w, https:\/\/www.ccta.ufpb.br\/objorsemiarido\/wp-content\/uploads\/sites\/102\/sites\/255\/2025\/10\/6171b9e9-2cf6-4252-bdc4-1f7ea817a425-2048x1536.jpeg 2048w\" sizes=\"auto, (max-width: 1024px) 100vw, 1024px\" \/><\/figure>\n\n\n\n<figure class=\"wp-block-image size-large\"><img loading=\"lazy\" decoding=\"async\" width=\"1024\" height=\"768\" data-id=\"150\" src=\"https:\/\/www.ccta.ufpb.br\/objorsemiarido\/wp-content\/uploads\/sites\/102\/sites\/255\/2025\/10\/75308297-fe64-47c9-a8a3-fb79dc5a750f-1024x768.jpeg\" alt=\"\" class=\"wp-image-150\" srcset=\"https:\/\/www.ccta.ufpb.br\/objorsemiarido\/wp-content\/uploads\/sites\/102\/sites\/255\/2025\/10\/75308297-fe64-47c9-a8a3-fb79dc5a750f-1024x768.jpeg 1024w, https:\/\/www.ccta.ufpb.br\/objorsemiarido\/wp-content\/uploads\/sites\/102\/sites\/255\/2025\/10\/75308297-fe64-47c9-a8a3-fb79dc5a750f-300x225.jpeg 300w, https:\/\/www.ccta.ufpb.br\/objorsemiarido\/wp-content\/uploads\/sites\/102\/sites\/255\/2025\/10\/75308297-fe64-47c9-a8a3-fb79dc5a750f-768x576.jpeg 768w, https:\/\/www.ccta.ufpb.br\/objorsemiarido\/wp-content\/uploads\/sites\/102\/sites\/255\/2025\/10\/75308297-fe64-47c9-a8a3-fb79dc5a750f-1536x1152.jpeg 1536w, https:\/\/www.ccta.ufpb.br\/objorsemiarido\/wp-content\/uploads\/sites\/102\/sites\/255\/2025\/10\/75308297-fe64-47c9-a8a3-fb79dc5a750f-2048x1536.jpeg 2048w\" sizes=\"auto, (max-width: 1024px) 100vw, 1024px\" \/><figcaption class=\"wp-element-caption\">2\u00b0 Encontro:<strong> <\/strong>Escola Professora Maria Dutra<\/figcaption><\/figure>\n\n\n\n<figure class=\"wp-block-image size-large\"><img loading=\"lazy\" decoding=\"async\" width=\"1024\" height=\"768\" data-id=\"151\" src=\"https:\/\/www.ccta.ufpb.br\/objorsemiarido\/wp-content\/uploads\/sites\/102\/sites\/255\/2025\/10\/99624fca-9ce3-460f-b4a6-1b8235e4fb2b-1024x768.jpeg\" alt=\"\" class=\"wp-image-151\" srcset=\"https:\/\/www.ccta.ufpb.br\/objorsemiarido\/wp-content\/uploads\/sites\/102\/sites\/255\/2025\/10\/99624fca-9ce3-460f-b4a6-1b8235e4fb2b-1024x768.jpeg 1024w, https:\/\/www.ccta.ufpb.br\/objorsemiarido\/wp-content\/uploads\/sites\/102\/sites\/255\/2025\/10\/99624fca-9ce3-460f-b4a6-1b8235e4fb2b-300x225.jpeg 300w, https:\/\/www.ccta.ufpb.br\/objorsemiarido\/wp-content\/uploads\/sites\/102\/sites\/255\/2025\/10\/99624fca-9ce3-460f-b4a6-1b8235e4fb2b-768x576.jpeg 768w, https:\/\/www.ccta.ufpb.br\/objorsemiarido\/wp-content\/uploads\/sites\/102\/sites\/255\/2025\/10\/99624fca-9ce3-460f-b4a6-1b8235e4fb2b-1536x1152.jpeg 1536w, https:\/\/www.ccta.ufpb.br\/objorsemiarido\/wp-content\/uploads\/sites\/102\/sites\/255\/2025\/10\/99624fca-9ce3-460f-b4a6-1b8235e4fb2b-2048x1536.jpeg 2048w\" sizes=\"auto, (max-width: 1024px) 100vw, 1024px\" \/><\/figure>\n\n\n\n<figure class=\"wp-block-image size-large\"><img loading=\"lazy\" decoding=\"async\" width=\"1024\" height=\"768\" data-id=\"152\" src=\"https:\/\/www.ccta.ufpb.br\/objorsemiarido\/wp-content\/uploads\/sites\/102\/sites\/255\/2025\/10\/c2e57df9-1260-46e8-b358-4b0d0e44b8d6-1024x768.jpeg\" alt=\"\" class=\"wp-image-152\" srcset=\"https:\/\/www.ccta.ufpb.br\/objorsemiarido\/wp-content\/uploads\/sites\/102\/sites\/255\/2025\/10\/c2e57df9-1260-46e8-b358-4b0d0e44b8d6-1024x768.jpeg 1024w, https:\/\/www.ccta.ufpb.br\/objorsemiarido\/wp-content\/uploads\/sites\/102\/sites\/255\/2025\/10\/c2e57df9-1260-46e8-b358-4b0d0e44b8d6-300x225.jpeg 300w, https:\/\/www.ccta.ufpb.br\/objorsemiarido\/wp-content\/uploads\/sites\/102\/sites\/255\/2025\/10\/c2e57df9-1260-46e8-b358-4b0d0e44b8d6-768x576.jpeg 768w, https:\/\/www.ccta.ufpb.br\/objorsemiarido\/wp-content\/uploads\/sites\/102\/sites\/255\/2025\/10\/c2e57df9-1260-46e8-b358-4b0d0e44b8d6-1536x1152.jpeg 1536w, https:\/\/www.ccta.ufpb.br\/objorsemiarido\/wp-content\/uploads\/sites\/102\/sites\/255\/2025\/10\/c2e57df9-1260-46e8-b358-4b0d0e44b8d6-2048x1536.jpeg 2048w\" sizes=\"auto, (max-width: 1024px) 100vw, 1024px\" \/><\/figure>\n<\/figure>\n\n\n\n<p><\/p>\n","protected":false},"excerpt":{"rendered":"<p>Narradoras do Tempo \u00e9 um clube de leitura voltado \u00e0 divulga\u00e7\u00e3o e reflex\u00e3o da vasta [&hellip;]<\/p>\n","protected":false},"author":437,"featured_media":0,"parent":0,"menu_order":0,"comment_status":"closed","ping_status":"closed","template":"","meta":{"footnotes":""},"class_list":["post-141","page","type-page","status-publish","hentry"],"_links":{"self":[{"href":"https:\/\/www.ccta.ufpb.br\/objorsemiarido\/wp-json\/wp\/v2\/pages\/141","targetHints":{"allow":["GET"]}}],"collection":[{"href":"https:\/\/www.ccta.ufpb.br\/objorsemiarido\/wp-json\/wp\/v2\/pages"}],"about":[{"href":"https:\/\/www.ccta.ufpb.br\/objorsemiarido\/wp-json\/wp\/v2\/types\/page"}],"author":[{"embeddable":true,"href":"https:\/\/www.ccta.ufpb.br\/objorsemiarido\/wp-json\/wp\/v2\/users\/437"}],"replies":[{"embeddable":true,"href":"https:\/\/www.ccta.ufpb.br\/objorsemiarido\/wp-json\/wp\/v2\/comments?post=141"}],"version-history":[{"count":4,"href":"https:\/\/www.ccta.ufpb.br\/objorsemiarido\/wp-json\/wp\/v2\/pages\/141\/revisions"}],"predecessor-version":[{"id":162,"href":"https:\/\/www.ccta.ufpb.br\/objorsemiarido\/wp-json\/wp\/v2\/pages\/141\/revisions\/162"}],"wp:attachment":[{"href":"https:\/\/www.ccta.ufpb.br\/objorsemiarido\/wp-json\/wp\/v2\/media?parent=141"}],"curies":[{"name":"wp","href":"https:\/\/api.w.org\/{rel}","templated":true}]}}