{"id":56,"date":"2025-02-21T10:51:54","date_gmt":"2025-02-21T13:51:54","guid":{"rendered":"https:\/\/www.ccta.ufpb.br\/objorsemiarido\/?page_id=56"},"modified":"2025-10-09T19:56:41","modified_gmt":"2025-10-09T22:56:41","slug":"projetos-de-extensao","status":"publish","type":"page","link":"https:\/\/www.ccta.ufpb.br\/objorsemiarido\/projetos-de-extensao\/","title":{"rendered":"Projetos de Extens\u00e3o"},"content":{"rendered":"\n<p><a href=\"https:\/\/www.ccta.ufpb.br\/objorsemiarido\/tertulias-literarias-dialogicas\/\">Tert\u00falias Liter\u00e1rias Dial\u00f3gicas<\/a><\/p>\n\n\n\n<p><a href=\"https:\/\/www.ccta.ufpb.br\/objorsemiarido\/cineclube-abrazo\/\">Cineclube Abrazo<\/a><\/p>\n\n\n\n<p><a href=\"https:\/\/www.ccta.ufpb.br\/objorsemiarido\/clube-de-leitura-narradoras-do-tempo-cronicas-reportagens-em-quadrinhos-e-livros-reportagens-feito-por-mulheres\/\">Clube de Leitura Narradoras do Tempo: cr\u00f4nicas, reportagens em quadrinhos e livros reportagens feito por mulheres<\/a><\/p>\n\n\n\n<p><\/p>\n","protected":false},"excerpt":{"rendered":"<p>Tert\u00falias Liter\u00e1rias Dial\u00f3gicas Cineclube Abrazo Clube de Leitura Narradoras do Tempo: cr\u00f4nicas, reportagens em quadrinhos [&hellip;]<\/p>\n","protected":false},"author":47,"featured_media":0,"parent":0,"menu_order":0,"comment_status":"closed","ping_status":"closed","template":"","meta":{"footnotes":""},"class_list":["post-56","page","type-page","status-publish","hentry"],"_links":{"self":[{"href":"https:\/\/www.ccta.ufpb.br\/objorsemiarido\/wp-json\/wp\/v2\/pages\/56","targetHints":{"allow":["GET"]}}],"collection":[{"href":"https:\/\/www.ccta.ufpb.br\/objorsemiarido\/wp-json\/wp\/v2\/pages"}],"about":[{"href":"https:\/\/www.ccta.ufpb.br\/objorsemiarido\/wp-json\/wp\/v2\/types\/page"}],"author":[{"embeddable":true,"href":"https:\/\/www.ccta.ufpb.br\/objorsemiarido\/wp-json\/wp\/v2\/users\/47"}],"replies":[{"embeddable":true,"href":"https:\/\/www.ccta.ufpb.br\/objorsemiarido\/wp-json\/wp\/v2\/comments?post=56"}],"version-history":[{"count":4,"href":"https:\/\/www.ccta.ufpb.br\/objorsemiarido\/wp-json\/wp\/v2\/pages\/56\/revisions"}],"predecessor-version":[{"id":148,"href":"https:\/\/www.ccta.ufpb.br\/objorsemiarido\/wp-json\/wp\/v2\/pages\/56\/revisions\/148"}],"wp:attachment":[{"href":"https:\/\/www.ccta.ufpb.br\/objorsemiarido\/wp-json\/wp\/v2\/media?parent=56"}],"curies":[{"name":"wp","href":"https:\/\/api.w.org\/{rel}","templated":true}]}}