{"id":478,"date":"2026-08-20T17:10:11","date_gmt":"2026-08-20T20:10:11","guid":{"rendered":"https:\/\/www.ccta.ufpb.br\/ppgm\/?post_type=edital&#038;p=478"},"modified":"2026-08-27T18:40:28","modified_gmt":"2026-08-27T21:40:28","slug":"selecao-para-alunos-especiais-2026-2","status":"publish","type":"edital","link":"https:\/\/www.ccta.ufpb.br\/ppgm\/edital\/selecao-para-alunos-especiais-2026-2\/","title":{"rendered":"Sele\u00e7\u00e3o para alunos especiais 2026.2"},"content":{"rendered":"\n<p class=\"wp-block-paragraph\">A Coordena\u00e7\u00e3o do Programa de P\u00f3s-Gradua\u00e7\u00e3o em M\u00fasica da Universidade Federal da Para\u00edba torna p\u00fablico o processo de sele\u00e7\u00e3o simplificada de alunos especiais para o semestre letivo de 2026.1. Acesse as informa\u00e7\u00f5es no edital abaixo:<\/p>\n\n\n\n<div class=\"wp-block-file\"><a id=\"wp-block-file--media-ac2e53e8-a141-464b-ae7f-6a343fe2edeb\" href=\"https:\/\/www.ccta.ufpb.br\/ppgm\/wp-content\/uploads\/sites\/102\/sites\/448\/2026\/08\/EDITAL-ALUNOS-ESPECIAIS-2026-2-1.pdf\">20\/08\/2026 EDITAL ALUNOS ESPECIAIS 2026-2<\/a><a href=\"https:\/\/www.ccta.ufpb.br\/ppgm\/wp-content\/uploads\/sites\/102\/sites\/448\/2026\/08\/EDITAL-ALUNOS-ESPECIAIS-2026-2-1.pdf\" class=\"wp-block-file__button wp-element-button\" download aria-describedby=\"wp-block-file--media-ac2e53e8-a141-464b-ae7f-6a343fe2edeb\">Baixar<\/a><\/div>\n\n\n\n<h2 class=\"wp-block-heading\"><div class=\"linha-header\">Resultados<\/div><\/h2>\n\n\n\n<div class=\"wp-block-file\"><a id=\"wp-block-file--media-0b93a278-7cb5-4248-88d0-d8aea76affbf\" href=\"https:\/\/www.ccta.ufpb.br\/ppgm\/wp-content\/uploads\/sites\/102\/sites\/448\/2026\/08\/Resultado.pdf\">27\/08\/2026 Resultado Sele\u00e7\u00e3o de Alunos Especiais 2026.2<\/a><a href=\"https:\/\/www.ccta.ufpb.br\/ppgm\/wp-content\/uploads\/sites\/102\/sites\/448\/2026\/08\/Resultado.pdf\" class=\"wp-block-file__button wp-element-button\" download aria-describedby=\"wp-block-file--media-0b93a278-7cb5-4248-88d0-d8aea76affbf\">Baixar<\/a><\/div>\n\n\n\n<p class=\"wp-block-paragraph\"><\/p>\n","protected":false},"excerpt":{"rendered":"<p>A Coordena\u00e7\u00e3o do Programa de P\u00f3s-Gradua\u00e7\u00e3o em M\u00fasica da Universidade Federal da Para\u00edba torna p\u00fablico [&hellip;]<\/p>\n","protected":false},"featured_media":5,"template":"","meta":{"footnotes":""},"edital_type":[10],"class_list":["post-478","edital","type-edital","status-publish","has-post-thumbnail","hentry","edital_type-alunos-especiais"],"_links":{"self":[{"href":"https:\/\/www.ccta.ufpb.br\/ppgm\/wp-json\/wp\/v2\/edital\/478","targetHints":{"allow":["GET"]}}],"collection":[{"href":"https:\/\/www.ccta.ufpb.br\/ppgm\/wp-json\/wp\/v2\/edital"}],"about":[{"href":"https:\/\/www.ccta.ufpb.br\/ppgm\/wp-json\/wp\/v2\/types\/edital"}],"version-history":[{"count":3,"href":"https:\/\/www.ccta.ufpb.br\/ppgm\/wp-json\/wp\/v2\/edital\/478\/revisions"}],"predecessor-version":[{"id":503,"href":"https:\/\/www.ccta.ufpb.br\/ppgm\/wp-json\/wp\/v2\/edital\/478\/revisions\/503"}],"wp:featuredmedia":[{"embeddable":true,"href":"https:\/\/www.ccta.ufpb.br\/ppgm\/wp-json\/wp\/v2\/media\/5"}],"wp:attachment":[{"href":"https:\/\/www.ccta.ufpb.br\/ppgm\/wp-json\/wp\/v2\/media?parent=478"}],"wp:term":[{"taxonomy":"edital_type","embeddable":true,"href":"https:\/\/www.ccta.ufpb.br\/ppgm\/wp-json\/wp\/v2\/edital_type?post=478"}],"curies":[{"name":"wp","href":"https:\/\/api.w.org\/{rel}","templated":true}]}}

Seleção para alunos especiais 2026.2

<p class="wp-block-paragraph">A Coordenação do Programa de Pós-Graduação em Música da Universidade Federal da Paraíba torna público o processo de seleção simplificada de alunos especiais para o semestre letivo de 2026.1. Acesse as informações no edital abaixo:</p>



<div class="wp-block-file"><a id="wp-block-file--media-ac2e53e8-a141-464b-ae7f-6a343fe2edeb" href="https://www.ccta.ufpb.br/ppgm/wp-content/uploads/sites/102/sites/448/2026/08/EDITAL-ALUNOS-ESPECIAIS-2026-2-1.pdf">20/08/2026 EDITAL ALUNOS ESPECIAIS 2026-2</a><a href="https://www.ccta.ufpb.br/ppgm/wp-content/uploads/sites/102/sites/448/2026/08/EDITAL-ALUNOS-ESPECIAIS-2026-2-1.pdf" class="wp-block-file__button wp-element-button" download aria-describedby="wp-block-file--media-ac2e53e8-a141-464b-ae7f-6a343fe2edeb">Baixar</a></div>



<h2 class="wp-block-heading"><div class="linha-header">Resultados</div></h2>



<div class="wp-block-file"><a id="wp-block-file--media-0b93a278-7cb5-4248-88d0-d8aea76affbf" href="https://www.ccta.ufpb.br/ppgm/wp-content/uploads/sites/102/sites/448/2026/08/Resultado.pdf">27/08/2026 Resultado Seleção de Alunos Especiais 2026.2</a><a href="https://www.ccta.ufpb.br/ppgm/wp-content/uploads/sites/102/sites/448/2026/08/Resultado.pdf" class="wp-block-file__button wp-element-button" download aria-describedby="wp-block-file--media-0b93a278-7cb5-4248-88d0-d8aea76affbf">Baixar</a></div>



<p class="wp-block-paragraph"></p>

<p>A Coordenação do Programa de Pós-Graduação em Música da Universidade Federal da Paraíba torna público [&hellip;]</p>
