{"id":32,"date":"2026-02-15T09:17:32","date_gmt":"2026-02-15T12:17:32","guid":{"rendered":"https:\/\/www.ccta.ufpb.br\/ppgm\/?page_id=32"},"modified":"2026-04-19T08:47:38","modified_gmt":"2026-04-19T11:47:38","slug":"docentes","status":"publish","type":"page","link":"https:\/\/www.ccta.ufpb.br\/ppgm\/docentes\/","title":{"rendered":"Docentes"},"content":{"rendered":"\n<p>Para acessar o curr\u00edculo de cada professor(a), clique sobre o nome.<\/p>\n\n\n\n<div class=\"wp-block-media-text is-stacked-on-mobile\" style=\"grid-template-columns:20% auto\"><figure class=\"wp-block-media-text__media\"><img loading=\"lazy\" decoding=\"async\" width=\"183\" height=\"275\" src=\"https:\/\/www.ccta.ufpb.br\/ppgm\/wp-content\/uploads\/sites\/102\/sites\/448\/2026\/04\/CRISTIANE.jpeg\" alt=\"\" class=\"wp-image-232 size-full\" \/><\/figure><div class=\"wp-block-media-text__content\">\n<p><a href=\"http:\/\/lattes.cnpq.br\/7567236180576595\">Cristiane Maria Galdino de Almeida<\/a><\/p>\n\n\n\n<p><strong>Categoria: <\/strong>Permanente<\/p>\n\n\n\n<p><strong>Linhas de Pesquisa<\/strong>: Processos e Pr\u00e1ticas Educativo-Musicais<\/p>\n\n\n\n<p><strong>Curso<\/strong>: Mestrado\/Doutorado<\/p>\n<\/div><\/div>\n\n\n\n<div class=\"wp-block-media-text is-stacked-on-mobile\" style=\"grid-template-columns:20% auto\"><figure class=\"wp-block-media-text__media\"><img loading=\"lazy\" decoding=\"async\" width=\"672\" height=\"800\" src=\"https:\/\/www.ccta.ufpb.br\/ppgm\/wp-content\/uploads\/sites\/102\/sites\/448\/2026\/04\/damian.jpg\" alt=\"\" class=\"wp-image-233 size-full\" srcset=\"https:\/\/www.ccta.ufpb.br\/ppgm\/wp-content\/uploads\/sites\/102\/sites\/448\/2026\/04\/damian.jpg 672w, https:\/\/www.ccta.ufpb.br\/ppgm\/wp-content\/uploads\/sites\/102\/sites\/448\/2026\/04\/damian-252x300.jpg 252w\" sizes=\"auto, (max-width: 672px) 100vw, 672px\" \/><\/figure><div class=\"wp-block-media-text__content\">\n<p><a href=\"http:\/\/lattes.cnpq.br\/1220024299686416\">Dami\u00e1n Keller<\/a><\/p>\n\n\n\n<p><strong>Categoria:<\/strong> Permanente<\/p>\n\n\n\n<p><strong>Linhas de Pesquisa<\/strong>: Processos Criativos em M\u00fasica<\/p>\n\n\n\n<p><strong>Curso<\/strong>: Mestrado<\/p>\n<\/div><\/div>\n\n\n\n<div class=\"wp-block-media-text is-stacked-on-mobile\" style=\"grid-template-columns:20% auto\"><figure class=\"wp-block-media-text__media\"><img loading=\"lazy\" decoding=\"async\" width=\"183\" height=\"275\" src=\"https:\/\/www.ccta.ufpb.br\/ppgm\/wp-content\/uploads\/sites\/102\/sites\/448\/2026\/04\/eurides.jpg\" alt=\"\" class=\"wp-image-234 size-full\" \/><\/figure><div class=\"wp-block-media-text__content\">\n<p><a href=\"http:\/\/lattes.cnpq.br\/0945222017075398\">Eurides de Souza dos Santos<\/a><\/p>\n\n\n\n<p><strong>Categoria:<\/strong> Permanente<\/p>\n\n\n\n<p><strong>Linhas de Pesquisa<\/strong>: M\u00fasica, Cultura e Performance<\/p>\n\n\n\n<p><strong>Curso<\/strong>: Mestrado\/Doutorado<\/p>\n<\/div><\/div>\n\n\n\n<div class=\"wp-block-media-text is-stacked-on-mobile\" style=\"grid-template-columns:20% auto\"><figure class=\"wp-block-media-text__media\"><img loading=\"lazy\" decoding=\"async\" width=\"577\" height=\"1024\" src=\"https:\/\/www.ccta.ufpb.br\/ppgm\/wp-content\/uploads\/sites\/102\/sites\/448\/2026\/04\/fabio-577x1024.jpeg\" alt=\"\" class=\"wp-image-235 size-full\" srcset=\"https:\/\/www.ccta.ufpb.br\/ppgm\/wp-content\/uploads\/sites\/102\/sites\/448\/2026\/04\/fabio-577x1024.jpeg 577w, https:\/\/www.ccta.ufpb.br\/ppgm\/wp-content\/uploads\/sites\/102\/sites\/448\/2026\/04\/fabio-169x300.jpeg 169w, https:\/\/www.ccta.ufpb.br\/ppgm\/wp-content\/uploads\/sites\/102\/sites\/448\/2026\/04\/fabio-768x1364.jpeg 768w, https:\/\/www.ccta.ufpb.br\/ppgm\/wp-content\/uploads\/sites\/102\/sites\/448\/2026\/04\/fabio-865x1536.jpeg 865w, https:\/\/www.ccta.ufpb.br\/ppgm\/wp-content\/uploads\/sites\/102\/sites\/448\/2026\/04\/fabio.jpeg 901w\" sizes=\"auto, (max-width: 577px) 100vw, 577px\" \/><\/figure><div class=\"wp-block-media-text__content\">\n<p><a href=\"http:\/\/lattes.cnpq.br\/7708595681173128\">Fabio Henrique Gomes Ribeiro<\/a><\/p>\n\n\n\n<p><strong>Categoria:<\/strong> Permanente<\/p>\n\n\n\n<p><strong>Linhas de Pesquisa<\/strong>: M\u00fasica, Cultura e Performance; Processos e Pr\u00e1ticas Educativo-Musicais<\/p>\n\n\n\n<p><strong>Curso<\/strong>: Mestrado\/Doutorado<\/p>\n<\/div><\/div>\n\n\n\n<div class=\"wp-block-media-text is-stacked-on-mobile\" style=\"grid-template-columns:20% auto\"><figure class=\"wp-block-media-text__media\"><img loading=\"lazy\" decoding=\"async\" width=\"500\" height=\"625\" src=\"https:\/\/www.ccta.ufpb.br\/ppgm\/wp-content\/uploads\/sites\/102\/sites\/448\/2026\/04\/felipe.png\" alt=\"\" class=\"wp-image-236 size-full\" srcset=\"https:\/\/www.ccta.ufpb.br\/ppgm\/wp-content\/uploads\/sites\/102\/sites\/448\/2026\/04\/felipe.png 500w, https:\/\/www.ccta.ufpb.br\/ppgm\/wp-content\/uploads\/sites\/102\/sites\/448\/2026\/04\/felipe-240x300.png 240w\" sizes=\"auto, (max-width: 500px) 100vw, 500px\" \/><\/figure><div class=\"wp-block-media-text__content\">\n<p><a href=\"http:\/\/lattes.cnpq.br\/6836200714885118\">Felipe Jos\u00e9 Avellar de Aquino<\/a><\/p>\n\n\n\n<p><strong>Categoria:<\/strong> Permanente<\/p>\n\n\n\n<p><strong>Linhas de Pesquisa<\/strong>: Dimens\u00f5es Te\u00f3ricas e Pr\u00e1ticas da Interpreta\u00e7\u00e3o Musical (Violoncelo)<\/p>\n\n\n\n<p><strong>Curso<\/strong>: Mestrado\/Doutorado<\/p>\n<\/div><\/div>\n\n\n\n<div class=\"wp-block-media-text is-stacked-on-mobile\" style=\"grid-template-columns:20% auto\"><figure class=\"wp-block-media-text__media\"><img loading=\"lazy\" decoding=\"async\" width=\"186\" height=\"271\" src=\"https:\/\/www.ccta.ufpb.br\/ppgm\/wp-content\/uploads\/sites\/102\/sites\/448\/2026\/04\/Hermes.jpeg\" alt=\"\" class=\"wp-image-237 size-full\" \/><\/figure><div class=\"wp-block-media-text__content\">\n<p><a href=\"http:\/\/lattes.cnpq.br\/0853107595289408\">Hermes Cuzzuol Alvarenga<\/a><\/p>\n\n\n\n<p><strong>Categoria:<\/strong> Permanente<\/p>\n\n\n\n<p><strong>Linhas de Pesquisa<\/strong>: Dimens\u00f5es Te\u00f3ricas e Pr\u00e1ticas da Interpreta\u00e7\u00e3o Musical (Violino)<\/p>\n\n\n\n<p><strong>Curso<\/strong>: Mestrado\/Doutorado<\/p>\n<\/div><\/div>\n\n\n\n<div class=\"wp-block-media-text is-stacked-on-mobile\" style=\"grid-template-columns:20% auto\"><figure class=\"wp-block-media-text__media\"><img loading=\"lazy\" decoding=\"async\" width=\"225\" height=\"225\" src=\"https:\/\/www.ccta.ufpb.br\/ppgm\/wp-content\/uploads\/sites\/102\/sites\/448\/2026\/04\/joao-valter.jpeg\" alt=\"\" class=\"wp-image-238 size-full\" srcset=\"https:\/\/www.ccta.ufpb.br\/ppgm\/wp-content\/uploads\/sites\/102\/sites\/448\/2026\/04\/joao-valter.jpeg 225w, https:\/\/www.ccta.ufpb.br\/ppgm\/wp-content\/uploads\/sites\/102\/sites\/448\/2026\/04\/joao-valter-150x150.jpeg 150w\" sizes=\"auto, (max-width: 225px) 100vw, 225px\" \/><\/figure><div class=\"wp-block-media-text__content\">\n<p><a href=\"http:\/\/lattes.cnpq.br\/7468979539899487\">Jo\u00e3o Valter Ferreira Filho<\/a><\/p>\n\n\n\n<p><strong>Categoria:<\/strong> Colaborador<\/p>\n\n\n\n<p><strong>Linhas de Pesquisa<\/strong>: Processos e Pr\u00e1ticas Educativo-Musicais<\/p>\n\n\n\n<p><strong>Curso<\/strong>: Mestrado<\/p>\n<\/div><\/div>\n\n\n\n<div class=\"wp-block-media-text is-stacked-on-mobile\" style=\"grid-template-columns:20% auto\"><figure class=\"wp-block-media-text__media\"><img loading=\"lazy\" decoding=\"async\" width=\"183\" height=\"275\" src=\"https:\/\/www.ccta.ufpb.br\/ppgm\/wp-content\/uploads\/sites\/102\/sites\/448\/2026\/04\/jose-henrique.jpg\" alt=\"\" class=\"wp-image-239 size-full\" \/><\/figure><div class=\"wp-block-media-text__content\">\n<p><a href=\"http:\/\/lattes.cnpq.br\/8297766321235339\">Jose Henrique Martins<\/a><\/p>\n\n\n\n<p><strong>Categoria:<\/strong> Permanente<\/p>\n\n\n\n<p><strong>Linhas de Pesquisa<\/strong>: Dimens\u00f5es Te\u00f3ricas e Pr\u00e1ticas da Interpreta\u00e7\u00e3o Musical (Piano)<\/p>\n\n\n\n<p><strong>Curso<\/strong>: Mestrado\/Doutorado<\/p>\n<\/div><\/div>\n\n\n\n<div class=\"wp-block-media-text is-stacked-on-mobile\" style=\"grid-template-columns:20% auto\"><figure class=\"wp-block-media-text__media\"><img loading=\"lazy\" decoding=\"async\" width=\"1024\" height=\"1024\" src=\"https:\/\/www.ccta.ufpb.br\/ppgm\/wp-content\/uploads\/sites\/102\/sites\/448\/2026\/04\/jose-orlando-1024x1024.jpg\" alt=\"\" class=\"wp-image-240 size-full\" srcset=\"https:\/\/www.ccta.ufpb.br\/ppgm\/wp-content\/uploads\/sites\/102\/sites\/448\/2026\/04\/jose-orlando-1024x1024.jpg 1024w, https:\/\/www.ccta.ufpb.br\/ppgm\/wp-content\/uploads\/sites\/102\/sites\/448\/2026\/04\/jose-orlando-300x300.jpg 300w, https:\/\/www.ccta.ufpb.br\/ppgm\/wp-content\/uploads\/sites\/102\/sites\/448\/2026\/04\/jose-orlando-150x150.jpg 150w, https:\/\/www.ccta.ufpb.br\/ppgm\/wp-content\/uploads\/sites\/102\/sites\/448\/2026\/04\/jose-orlando-768x768.jpg 768w, https:\/\/www.ccta.ufpb.br\/ppgm\/wp-content\/uploads\/sites\/102\/sites\/448\/2026\/04\/jose-orlando.jpg 1080w\" sizes=\"auto, (max-width: 1024px) 100vw, 1024px\" \/><\/figure><div class=\"wp-block-media-text__content\">\n<p><a href=\"http:\/\/lattes.cnpq.br\/7489998401989630\">Jos\u00e9 Orlando Alves<\/a><\/p>\n\n\n\n<p><strong>Categoria:<\/strong> Permanente<\/p>\n\n\n\n<p><strong>Linhas de Pesquisa<\/strong>: Processos Criativos em M\u00fasica<\/p>\n\n\n\n<p><strong>Curso<\/strong>: Mestrado\/Doutorado<\/p>\n<\/div><\/div>\n\n\n\n<div class=\"wp-block-media-text is-stacked-on-mobile\" style=\"grid-template-columns:20% auto\"><figure class=\"wp-block-media-text__media\"><img loading=\"lazy\" decoding=\"async\" width=\"766\" height=\"766\" src=\"https:\/\/www.ccta.ufpb.br\/ppgm\/wp-content\/uploads\/sites\/102\/sites\/448\/2026\/04\/juciane.jpg\" alt=\"\" class=\"wp-image-241 size-full\" srcset=\"https:\/\/www.ccta.ufpb.br\/ppgm\/wp-content\/uploads\/sites\/102\/sites\/448\/2026\/04\/juciane.jpg 766w, https:\/\/www.ccta.ufpb.br\/ppgm\/wp-content\/uploads\/sites\/102\/sites\/448\/2026\/04\/juciane-300x300.jpg 300w, https:\/\/www.ccta.ufpb.br\/ppgm\/wp-content\/uploads\/sites\/102\/sites\/448\/2026\/04\/juciane-150x150.jpg 150w\" sizes=\"auto, (max-width: 766px) 100vw, 766px\" \/><\/figure><div class=\"wp-block-media-text__content\">\n<p><a href=\"http:\/\/lattes.cnpq.br\/1575444703062327\">Juciane Araldi Beltrame<\/a><\/p>\n\n\n\n<p><strong>Categoria:<\/strong> Permanente<\/p>\n\n\n\n<p><strong>Linhas de Pesquisa<\/strong>: Processos e Pr\u00e1ticas Educativo-Musicais<\/p>\n\n\n\n<p><strong>Curso<\/strong>: Mestrado\/Doutorado<\/p>\n<\/div><\/div>\n\n\n\n<div class=\"wp-block-media-text is-stacked-on-mobile\" style=\"grid-template-columns:20% auto\"><figure class=\"wp-block-media-text__media\"><img loading=\"lazy\" decoding=\"async\" width=\"225\" height=\"225\" src=\"https:\/\/www.ccta.ufpb.br\/ppgm\/wp-content\/uploads\/sites\/102\/sites\/448\/2026\/04\/luciana.jpeg\" alt=\"\" class=\"wp-image-242 size-full\" srcset=\"https:\/\/www.ccta.ufpb.br\/ppgm\/wp-content\/uploads\/sites\/102\/sites\/448\/2026\/04\/luciana.jpeg 225w, https:\/\/www.ccta.ufpb.br\/ppgm\/wp-content\/uploads\/sites\/102\/sites\/448\/2026\/04\/luciana-150x150.jpeg 150w\" sizes=\"auto, (max-width: 225px) 100vw, 225px\" \/><\/figure><div class=\"wp-block-media-text__content\">\n<p><a href=\"http:\/\/lattes.cnpq.br\/3468339107575304\">Luciana Noda<\/a><\/p>\n\n\n\n<p><strong>Categoria:<\/strong> Permanente<\/p>\n\n\n\n<p><strong>Linhas de Pesquisa<\/strong>: Dimens\u00f5es Te\u00f3ricas e Pr\u00e1ticas da Interpreta\u00e7\u00e3o Musical (Piano);<\/p>\n\n\n\n<p><strong>Curso<\/strong>: Mestrado<\/p>\n<\/div><\/div>\n\n\n\n<div class=\"wp-block-media-text is-stacked-on-mobile\" style=\"grid-template-columns:20% auto\"><figure class=\"wp-block-media-text__media\"><img loading=\"lazy\" decoding=\"async\" width=\"300\" height=\"168\" src=\"https:\/\/www.ccta.ufpb.br\/ppgm\/wp-content\/uploads\/sites\/102\/sites\/448\/2026\/04\/luis.jpeg\" alt=\"\" class=\"wp-image-243 size-full\" \/><\/figure><div class=\"wp-block-media-text__content\">\n<p><a href=\"http:\/\/lattes.cnpq.br\/5224390361847356\">Luis Ricardo Silva Queiroz<\/a><\/p>\n\n\n\n<p><strong>Categoria:<\/strong> Permanente<\/p>\n\n\n\n<p><strong>Linhas de Pesquisa<\/strong>: Processos e Pr\u00e1ticas Educativo-Musicais; M\u00fasica, Cultura e Performance<\/p>\n\n\n\n<p><strong>Curso<\/strong>: Mestrado\/Doutorado<\/p>\n<\/div><\/div>\n\n\n\n<div class=\"wp-block-media-text is-stacked-on-mobile\" style=\"grid-template-columns:20% auto\"><figure class=\"wp-block-media-text__media\"><img loading=\"lazy\" decoding=\"async\" width=\"200\" height=\"200\" src=\"https:\/\/www.ccta.ufpb.br\/ppgm\/wp-content\/uploads\/sites\/102\/sites\/448\/2026\/04\/marcello.jpg\" alt=\"\" class=\"wp-image-244 size-full\" srcset=\"https:\/\/www.ccta.ufpb.br\/ppgm\/wp-content\/uploads\/sites\/102\/sites\/448\/2026\/04\/marcello.jpg 200w, https:\/\/www.ccta.ufpb.br\/ppgm\/wp-content\/uploads\/sites\/102\/sites\/448\/2026\/04\/marcello-150x150.jpg 150w\" sizes=\"auto, (max-width: 200px) 100vw, 200px\" \/><\/figure><div class=\"wp-block-media-text__content\">\n<p><a href=\"http:\/\/lattes.cnpq.br\/4292648170113228\">Marcello Messina<\/a><\/p>\n\n\n\n<p><strong>Categoria:<\/strong> Colaborador<\/p>\n\n\n\n<p><strong>Linhas de Pesquisa<\/strong>: Hist\u00f3ria, Est\u00e9tica e Fenomenologia da M\u00fasica; Processos e Pr\u00e1ticas Composicionais; M\u00fasica, Cultura e Performance<\/p>\n\n\n\n<p><strong>Curso<\/strong>: Mestrado\/Doutorado<\/p>\n<\/div><\/div>\n\n\n\n<div class=\"wp-block-media-text is-stacked-on-mobile\" style=\"grid-template-columns:20% auto\"><figure class=\"wp-block-media-text__media\"><img loading=\"lazy\" decoding=\"async\" width=\"480\" height=\"360\" src=\"https:\/\/www.ccta.ufpb.br\/ppgm\/wp-content\/uploads\/sites\/102\/sites\/448\/2026\/04\/Maura.jpg\" alt=\"\" class=\"wp-image-245 size-full\" srcset=\"https:\/\/www.ccta.ufpb.br\/ppgm\/wp-content\/uploads\/sites\/102\/sites\/448\/2026\/04\/Maura.jpg 480w, https:\/\/www.ccta.ufpb.br\/ppgm\/wp-content\/uploads\/sites\/102\/sites\/448\/2026\/04\/Maura-300x225.jpg 300w\" sizes=\"auto, (max-width: 480px) 100vw, 480px\" \/><\/figure><div class=\"wp-block-media-text__content\">\n<p><a href=\"http:\/\/lattes.cnpq.br\/0654449539391787\">Maura Penna<\/a><\/p>\n\n\n\n<p><strong>Categoria:<\/strong> Permanente<\/p>\n\n\n\n<p><strong>Linhas de Pesquisa<\/strong>: Processos e Pr\u00e1ticas Educativo-Musicais<\/p>\n\n\n\n<p><strong>Curso<\/strong>: Mestrado\/Doutorado<\/p>\n<\/div><\/div>\n\n\n\n<div class=\"wp-block-media-text is-stacked-on-mobile\" style=\"grid-template-columns:20% auto\"><figure class=\"wp-block-media-text__media\"><img loading=\"lazy\" decoding=\"async\" width=\"200\" height=\"200\" src=\"https:\/\/www.ccta.ufpb.br\/ppgm\/wp-content\/uploads\/sites\/102\/sites\/448\/2026\/04\/nina.jpg\" alt=\"\" class=\"wp-image-246 size-full\" srcset=\"https:\/\/www.ccta.ufpb.br\/ppgm\/wp-content\/uploads\/sites\/102\/sites\/448\/2026\/04\/nina.jpg 200w, https:\/\/www.ccta.ufpb.br\/ppgm\/wp-content\/uploads\/sites\/102\/sites\/448\/2026\/04\/nina-150x150.jpg 150w\" sizes=\"auto, (max-width: 200px) 100vw, 200px\" \/><\/figure><div class=\"wp-block-media-text__content\">\n<p><a href=\"http:\/\/lattes.cnpq.br\/1228007952085711\">Nina Graeff<\/a><\/p>\n\n\n\n<p><strong>Categoria:<\/strong> Colaboradora<\/p>\n\n\n\n<p><strong>Linhas de Pesquisa<\/strong>: M\u00fasica, Cultura e Performance<\/p>\n\n\n\n<p><strong>Curso<\/strong>: Mestrado\/Doutorado<\/p>\n<\/div><\/div>\n\n\n\n<div class=\"wp-block-media-text is-stacked-on-mobile\" style=\"grid-template-columns:20% auto\"><figure class=\"wp-block-media-text__media\"><img loading=\"lazy\" decoding=\"async\" width=\"183\" height=\"275\" src=\"https:\/\/www.ccta.ufpb.br\/ppgm\/wp-content\/uploads\/sites\/102\/sites\/448\/2026\/04\/paula.jpeg\" alt=\"\" class=\"wp-image-247 size-full\" \/><\/figure><div class=\"wp-block-media-text__content\">\n<p><a href=\"http:\/\/lattes.cnpq.br\/4350825731514394\">Paula Bujes<\/a><\/p>\n\n\n\n<p><strong>Categoria:<\/strong> Permanente<\/p>\n\n\n\n<p><strong>Linhas de Pesquisa<\/strong>: Dimens\u00f5es Te\u00f3ricas e Pr\u00e1ticas da Interpreta\u00e7\u00e3o Musical (Violino; Rabeca)<\/p>\n\n\n\n<p><strong>Curso<\/strong>: Mestrado<\/p>\n<\/div><\/div>\n\n\n\n<div class=\"wp-block-media-text is-stacked-on-mobile\" style=\"grid-template-columns:20% auto\"><figure class=\"wp-block-media-text__media\"><img loading=\"lazy\" decoding=\"async\" width=\"285\" height=\"177\" src=\"https:\/\/www.ccta.ufpb.br\/ppgm\/wp-content\/uploads\/sites\/102\/sites\/448\/2026\/04\/rainer.jpeg\" alt=\"\" class=\"wp-image-248 size-full\" \/><\/figure><div class=\"wp-block-media-text__content\">\n<p><a href=\"http:\/\/lattes.cnpq.br\/2507327571446368\">Rainer Camara Patriota<\/a><\/p>\n\n\n\n<p><strong>Categoria:<\/strong> Permanente<\/p>\n\n\n\n<p><strong>Linhas de Pesquisa<\/strong>: Hist\u00f3ria, Est\u00e9tica e Fenomenologia da M\u00fasica<\/p>\n\n\n\n<p><strong>Curso<\/strong>: Mestrado\/Doutorado<\/p>\n<\/div><\/div>\n\n\n\n<div class=\"wp-block-media-text is-stacked-on-mobile\" style=\"grid-template-columns:20% auto\"><figure class=\"wp-block-media-text__media\"><img loading=\"lazy\" decoding=\"async\" width=\"224\" height=\"225\" src=\"https:\/\/www.ccta.ufpb.br\/ppgm\/wp-content\/uploads\/sites\/102\/sites\/448\/2026\/04\/ravi.jpeg\" alt=\"\" class=\"wp-image-249 size-full\" srcset=\"https:\/\/www.ccta.ufpb.br\/ppgm\/wp-content\/uploads\/sites\/102\/sites\/448\/2026\/04\/ravi.jpeg 224w, https:\/\/www.ccta.ufpb.br\/ppgm\/wp-content\/uploads\/sites\/102\/sites\/448\/2026\/04\/ravi-150x150.jpeg 150w\" sizes=\"auto, (max-width: 224px) 100vw, 224px\" \/><\/figure><div class=\"wp-block-media-text__content\">\n<p><a href=\"http:\/\/lattes.cnpq.br\/6600367757849624\">Ravi Shankar Magno Viana Domingues<\/a><\/p>\n\n\n\n<p><strong>Categoria:<\/strong> Permanente<\/p>\n\n\n\n<p><strong>Linhas de Pesquisa<\/strong>: Dimens\u00f5es Te\u00f3ricas e Pr\u00e1ticas da Interpreta\u00e7\u00e3o Musical (Obo\u00e9); Hist\u00f3ria, Est\u00e9tica e Fenomenologia da M\u00fasica<\/p>\n\n\n\n<p><strong>Curso<\/strong>: Mestrado\/Doutorado<\/p>\n<\/div><\/div>\n\n\n\n<div class=\"wp-block-media-text is-stacked-on-mobile\" style=\"grid-template-columns:20% auto\"><figure class=\"wp-block-media-text__media\"><img loading=\"lazy\" decoding=\"async\" width=\"1024\" height=\"683\" src=\"https:\/\/www.ccta.ufpb.br\/ppgm\/wp-content\/uploads\/sites\/102\/sites\/448\/2026\/04\/valerio-1024x683.jpg\" alt=\"\" class=\"wp-image-250 size-full\" srcset=\"https:\/\/www.ccta.ufpb.br\/ppgm\/wp-content\/uploads\/sites\/102\/sites\/448\/2026\/04\/valerio-1024x683.jpg 1024w, https:\/\/www.ccta.ufpb.br\/ppgm\/wp-content\/uploads\/sites\/102\/sites\/448\/2026\/04\/valerio-300x200.jpg 300w, https:\/\/www.ccta.ufpb.br\/ppgm\/wp-content\/uploads\/sites\/102\/sites\/448\/2026\/04\/valerio-768x512.jpg 768w, https:\/\/www.ccta.ufpb.br\/ppgm\/wp-content\/uploads\/sites\/102\/sites\/448\/2026\/04\/valerio.jpg 1080w\" sizes=\"auto, (max-width: 1024px) 100vw, 1024px\" \/><\/figure><div class=\"wp-block-media-text__content\">\n<p><a href=\"http:\/\/lattes.cnpq.br\/5177466124567380\">Val\u00e9rio Fiel da Costa<\/a><\/p>\n\n\n\n<p><strong>Categoria:<\/strong> Permanente<\/p>\n\n\n\n<p><strong>Linhas de Pesquisa<\/strong>: Processos e Pr\u00e1ticas Composicionais; Hist\u00f3ria, Est\u00e9tica e Fenomenologia da M\u00fasica<\/p>\n\n\n\n<p><strong>Curso<\/strong>: Mestrado\/Doutorado<\/p>\n<\/div><\/div>\n\n\n\n<div class=\"wp-block-media-text is-stacked-on-mobile\" style=\"grid-template-columns:20% auto\"><figure class=\"wp-block-media-text__media\"><img loading=\"lazy\" decoding=\"async\" width=\"200\" height=\"200\" src=\"https:\/\/www.ccta.ufpb.br\/ppgm\/wp-content\/uploads\/sites\/102\/sites\/448\/2026\/04\/vinicius.jpg\" alt=\"\" class=\"wp-image-251 size-full\" srcset=\"https:\/\/www.ccta.ufpb.br\/ppgm\/wp-content\/uploads\/sites\/102\/sites\/448\/2026\/04\/vinicius.jpg 200w, https:\/\/www.ccta.ufpb.br\/ppgm\/wp-content\/uploads\/sites\/102\/sites\/448\/2026\/04\/vinicius-150x150.jpg 150w\" sizes=\"auto, (max-width: 200px) 100vw, 200px\" \/><\/figure><div class=\"wp-block-media-text__content\">\n<p><a href=\"https:\/\/lattes.cnpq.br\/9216193304288662\">Vin\u00edcius Eufr\u00e1sio de Oliveira<\/a><\/p>\n\n\n\n<p><strong>Categoria:<\/strong> Colaborador<\/p>\n\n\n\n<p><strong>Linhas de Pesquisa<\/strong>: Hist\u00f3ria, Est\u00e9tica e Fenomenologia da M\u00fasica; Processos e Pr\u00e1ticas Educativo-Musicais<\/p>\n\n\n\n<p><strong>Curso<\/strong>: Mestrado<\/p>\n<\/div><\/div>\n\n\n\n<div class=\"wp-block-media-text is-stacked-on-mobile\" style=\"grid-template-columns:20% auto\"><figure class=\"wp-block-media-text__media\"><img loading=\"lazy\" decoding=\"async\" width=\"225\" height=\"225\" src=\"https:\/\/www.ccta.ufpb.br\/ppgm\/wp-content\/uploads\/sites\/102\/sites\/448\/2026\/04\/vladimir.jpg\" alt=\"\" class=\"wp-image-252 size-full\" srcset=\"https:\/\/www.ccta.ufpb.br\/ppgm\/wp-content\/uploads\/sites\/102\/sites\/448\/2026\/04\/vladimir.jpg 225w, https:\/\/www.ccta.ufpb.br\/ppgm\/wp-content\/uploads\/sites\/102\/sites\/448\/2026\/04\/vladimir-150x150.jpg 150w\" sizes=\"auto, (max-width: 225px) 100vw, 225px\" \/><\/figure><div class=\"wp-block-media-text__content\">\n<p><a href=\"http:\/\/lattes.cnpq.br\/5912072788725094\">Vladimir A. P. Silva<\/a><\/p>\n\n\n\n<p><strong>Categoria:<\/strong> Permanente<\/p>\n\n\n\n<p><strong>Linhas de Pesquisa<\/strong>: Dimens\u00f5es Te\u00f3ricas e Pr\u00e1ticas da Interpreta\u00e7\u00e3o Musical (Reg\u00eancia)<\/p>\n\n\n\n<p><strong>Curso<\/strong>: Mestrado\/Doutorado<\/p>\n<\/div><\/div>\n","protected":false},"excerpt":{"rendered":"<p>Para acessar o curr\u00edculo de cada professor(a), clique sobre o nome. Cristiane Maria Galdino de [&hellip;]<\/p>\n","protected":false},"author":47,"featured_media":0,"parent":0,"menu_order":0,"comment_status":"closed","ping_status":"closed","template":"","meta":{"footnotes":""},"class_list":["post-32","page","type-page","status-publish","hentry"],"_links":{"self":[{"href":"https:\/\/www.ccta.ufpb.br\/ppgm\/wp-json\/wp\/v2\/pages\/32","targetHints":{"allow":["GET"]}}],"collection":[{"href":"https:\/\/www.ccta.ufpb.br\/ppgm\/wp-json\/wp\/v2\/pages"}],"about":[{"href":"https:\/\/www.ccta.ufpb.br\/ppgm\/wp-json\/wp\/v2\/types\/page"}],"author":[{"embeddable":true,"href":"https:\/\/www.ccta.ufpb.br\/ppgm\/wp-json\/wp\/v2\/users\/47"}],"replies":[{"embeddable":true,"href":"https:\/\/www.ccta.ufpb.br\/ppgm\/wp-json\/wp\/v2\/comments?post=32"}],"version-history":[{"count":4,"href":"https:\/\/www.ccta.ufpb.br\/ppgm\/wp-json\/wp\/v2\/pages\/32\/revisions"}],"predecessor-version":[{"id":253,"href":"https:\/\/www.ccta.ufpb.br\/ppgm\/wp-json\/wp\/v2\/pages\/32\/revisions\/253"}],"wp:attachment":[{"href":"https:\/\/www.ccta.ufpb.br\/ppgm\/wp-json\/wp\/v2\/media?parent=32"}],"curies":[{"name":"wp","href":"https:\/\/api.w.org\/{rel}","templated":true}]}}